000
CDUS43 KLMK 182036
CLISDF


CLIMATE REPORT
NATIONAL WEATHER SERVICE LOUISVILLE KY
436 PM EDT FRI MAY 18 2018


...................................

...THE LOUISVILLE KY CLIMATE SUMMARY FOR MAY 18 2018...
VALID TODAY AS OF 0400 PM LOCAL TIME.

CLIMATE NORMAL PERIOD 1981 TO 2010
CLIMATE RECORD PERIOD 1871 TO 2018


WEATHER ITEM   OBSERVED TIME   RECORD YEAR NORMAL DEPARTURE LAST
                VALUE   (LST)  VALUE       VALUE  FROM      YEAR
                                                  NORMAL
..................................................................
TEMPERATURE (F)
 TODAY
  MAXIMUM         78    229 PM  93    1911  78      0       88
  MINIMUM         69    637 AM  40    2002  58     11       74
                                      1895
  AVERAGE         74                        68      6       81

PRECIPITATION (IN)
  TODAY            T             1.63 1995   0.16  -0.16     0.06
  MONTH TO DATE    3.56                      3.16   0.40     2.76
  SINCE MAR 1     12.01                     11.34   0.67    10.91
  SINCE JAN 1     24.31                     17.76   6.55    17.18

SNOWFALL (IN)
  TODAY            0.0          MM      MM   0.0    0.0      0.0
  MONTH TO DATE    0.0                       0.0    0.0      0.0
  SINCE MAR 1     13.1                       1.5   11.6       T
  SINCE JUL 1     19.1                      12.5    6.6      2.7
  SNOW DEPTH       0

DEGREE DAYS
 HEATING
  TODAY            0                         2     -2        0
  MONTH TO DATE    0                        52    -52       70
  SINCE MAR 1    971                       836    135      618
  SINCE JUL 1   4059                      4077    -18     3083

 COOLING
  TODAY            9                         4      5       16
  MONTH TO DATE  173                        54    119       79
  SINCE MAR 1    192                        97     95      197
  SINCE JAN 1    204                        97    107      202
..................................................................


WIND (MPH)
  HIGHEST WIND SPEED    10   HIGHEST WIND DIRECTION     E (90)
  HIGHEST GUST SPEED    15   HIGHEST GUST DIRECTION    SE (140)
  AVERAGE WIND SPEED     6.3


SKY COVER
  POSSIBLE SUNSHINE  MM
  AVERAGE SKY COVER 1.0


WEATHER CONDITIONS
 THE FOLLOWING WEATHER WAS RECORDED TODAY.
  LIGHT RAIN


RELATIVE HUMIDITY (PERCENT)
 HIGHEST    84           500 AM
 LOWEST     69           100 PM
 AVERAGE    77

..........................................................


THE LOUISVILLE KY CLIMATE NORMALS FOR TOMORROW
                         NORMAL    RECORD    YEAR
 MAXIMUM TEMPERATURE (F)   78        93      1951
 MINIMUM TEMPERATURE (F)   58        35      2002


SUNRISE AND SUNSET
MAY 18 2018...........SUNRISE   630 AM EDT   SUNSET   850 PM EDT
MAY 19 2018...........SUNRISE   629 AM EDT   SUNSET   850 PM EDT


-  INDICATES NEGATIVE NUMBERS.
R  INDICATES RECORD WAS SET OR TIED.
MM INDICATES DATA IS MISSING.
T  INDICATES TRACE AMOUNT.




$$
