000
CDUS43 KLMK 112034
CLISDF


CLIMATE REPORT
NATIONAL WEATHER SERVICE LOUISVILLE KY
433 PM EDT FRI MAY 11 2018


...................................

...THE LOUISVILLE KY CLIMATE SUMMARY FOR MAY 11 2018...
VALID TODAY AS OF 0400 PM LOCAL TIME.

CLIMATE NORMAL PERIOD 1981 TO 2010
CLIMATE RECORD PERIOD 1871 TO 2018


WEATHER ITEM   OBSERVED TIME   RECORD YEAR NORMAL DEPARTURE LAST
                VALUE   (LST)  VALUE       VALUE  FROM      YEAR
                                                  NORMAL
..................................................................
TEMPERATURE (F)
 TODAY
  MAXIMUM         88    259 PM  92    1896  76     12       78
  MINIMUM         66    601 AM  37    1947  56     10       63
  AVERAGE         77                        66     11       71

PRECIPITATION (IN)
  TODAY            0.00          2.31 1918   0.18  -0.18     0.37
  MONTH TO DATE    3.29                      1.93   1.36     2.64
  SINCE MAR 1     11.74                     10.11   1.63    10.79
  SINCE JAN 1     24.04                     16.53   7.51    17.06

SNOWFALL (IN)
  TODAY            0.0          MM      MM   0.0    0.0      0.0
  MONTH TO DATE    0.0                       0.0    0.0      0.0
  SINCE MAR 1     13.1                       1.5   11.6       T
  SINCE JUL 1     19.1                      12.5    6.6      2.7
  SNOW DEPTH       0

DEGREE DAYS
 HEATING
  TODAY            0                         3     -3        0
  MONTH TO DATE    0                        37    -37       64
  SINCE MAR 1    971                       821    150      612
  SINCE JUL 1   4059                      4062     -3     3077

 COOLING
  TODAY           12                         3      9        6
  MONTH TO DATE   80                        27     53       25
  SINCE MAR 1     99                        70     29      143
  SINCE JAN 1    111                        70     41      148
..................................................................


WIND (MPH)
  HIGHEST WIND SPEED    21   HIGHEST WIND DIRECTION     W (270)
  HIGHEST GUST SPEED    32   HIGHEST GUST DIRECTION    NW (300)
  AVERAGE WIND SPEED     8.3


SKY COVER
  POSSIBLE SUNSHINE  MM
  AVERAGE SKY COVER 0.8


WEATHER CONDITIONS
 THE FOLLOWING WEATHER WAS RECORDED TODAY.
  NO SIGNIFICANT WEATHER WAS OBSERVED.


RELATIVE HUMIDITY (PERCENT)
 HIGHEST    87           500 AM
 LOWEST     39           300 PM
 AVERAGE    63

..........................................................


THE LOUISVILLE KY CLIMATE NORMALS FOR TOMORROW
                         NORMAL    RECORD    YEAR
 MAXIMUM TEMPERATURE (F)   76        90      1902
                                             1881
 MINIMUM TEMPERATURE (F)   56        40      1917


SUNRISE AND SUNSET
MAY 11 2018...........SUNRISE   636 AM EDT   SUNSET   843 PM EDT
MAY 12 2018...........SUNRISE   635 AM EDT   SUNSET   844 PM EDT


-  INDICATES NEGATIVE NUMBERS.
R  INDICATES RECORD WAS SET OR TIED.
MM INDICATES DATA IS MISSING.
T  INDICATES TRACE AMOUNT.




$$
