000
CDUS43 KLMK 092033
CLISDF


CLIMATE REPORT
NATIONAL WEATHER SERVICE LOUISVILLE KY
433 PM EDT WED MAY 9 2018


...................................

...THE LOUISVILLE KY CLIMATE SUMMARY FOR MAY 9 2018...
VALID TODAY AS OF 0400 PM LOCAL TIME.

CLIMATE NORMAL PERIOD 1981 TO 2010
CLIMATE RECORD PERIOD 1871 TO 2018


WEATHER ITEM   OBSERVED TIME   RECORD YEAR NORMAL DEPARTURE LAST
                VALUE   (LST)  VALUE       VALUE  FROM      YEAR
                                                  NORMAL
..................................................................
TEMPERATURE (F)
 TODAY
  MAXIMUM         86    308 PM  93    1896  75     11       86
  MINIMUM         56    616 AM  33    1947  55      1       57
                                      1923
  AVERAGE         71                        65      6       72

PRECIPITATION (IN)
  TODAY            0.00          2.23 1950   0.18  -0.18     0.00
  MONTH TO DATE    3.20                      1.58   1.62     2.27
  SINCE MAR 1     11.65                      9.76   1.89    10.42
  SINCE JAN 1     23.95                     16.18   7.77    16.69

SNOWFALL (IN)
  TODAY            0.0           T    1923   0.0    0.0      0.0
  MONTH TO DATE    0.0                       0.0    0.0      0.0
  SINCE MAR 1     13.1                       1.5   11.6       T
  SINCE JUL 1     19.1                      12.5    6.6      2.7
  SNOW DEPTH       0

DEGREE DAYS
 HEATING
  TODAY            0                         3     -3        0
  MONTH TO DATE    0                        31    -31       64
  SINCE MAR 1    971                       815    156      612
  SINCE JUL 1   4059                      4056      3     3077

 COOLING
  TODAY            6                         3      3        7
  MONTH TO DATE   55                        21     34        7
  SINCE MAR 1     74                        64     10      125
  SINCE JAN 1     86                        64     22      130
..................................................................


WIND (MPH)
  HIGHEST WIND SPEED    20   HIGHEST WIND DIRECTION     S (180)
  HIGHEST GUST SPEED    31   HIGHEST GUST DIRECTION     S (180)
  AVERAGE WIND SPEED     8.7


SKY COVER
  POSSIBLE SUNSHINE  MM
  AVERAGE SKY COVER 0.6


WEATHER CONDITIONS
 THE FOLLOWING WEATHER WAS RECORDED TODAY.
  NO SIGNIFICANT WEATHER WAS OBSERVED.


RELATIVE HUMIDITY (PERCENT)
 HIGHEST    93           600 AM
 LOWEST     37          1200 PM
 AVERAGE    65

..........................................................


THE LOUISVILLE KY CLIMATE NORMALS FOR TOMORROW
                         NORMAL    RECORD    YEAR
 MAXIMUM TEMPERATURE (F)   76        94      1896
 MINIMUM TEMPERATURE (F)   55        31      1966


SUNRISE AND SUNSET
MAY  9 2018...........SUNRISE   638 AM EDT   SUNSET   842 PM EDT
MAY 10 2018...........SUNRISE   637 AM EDT   SUNSET   842 PM EDT


-  INDICATES NEGATIVE NUMBERS.
R  INDICATES RECORD WAS SET OR TIED.
MM INDICATES DATA IS MISSING.
T  INDICATES TRACE AMOUNT.




$$
