000
CDUS43 KLMK 070629
CLISDF


CLIMATE REPORT
NATIONAL WEATHER SERVICE LOUISVILLE KY
229 AM EDT MON MAY 7 2018


...................................

...THE LOUISVILLE KY CLIMATE SUMMARY FOR MAY 6 2018...

CLIMATE NORMAL PERIOD 1981 TO 2010
CLIMATE RECORD PERIOD 1871 TO 2018


WEATHER ITEM   OBSERVED TIME   RECORD YEAR NORMAL DEPARTURE LAST
                VALUE   (LST)  VALUE       VALUE  FROM      YEAR
                                                  NORMAL
..................................................................
TEMPERATURE (F)
 YESTERDAY
  MAXIMUM         82    256 PM  94    1949  75      7       62
  MINIMUM         59    704 AM  33    1898  54      5       42
  AVERAGE         71                        64      7       52

PRECIPITATION (IN)
  YESTERDAY        0.05          1.84 1971   0.18  -0.13     0.12
  MONTH TO DATE    3.20                      1.05   2.15     2.27
  SINCE MAR 1     11.65                      9.23   2.42    10.42
  SINCE JAN 1     23.95                     15.65   8.30    16.69

SNOWFALL (IN)
  YESTERDAY        0.0           1.0  1898   0.0    0.0      0.0
  MONTH TO DATE    0.0                       0.0    0.0      0.0
  SINCE MAR 1     13.1                       1.5   11.6       T
  SINCE JUL 1     19.1                      12.5    6.6      2.7
  SNOW DEPTH       0

DEGREE DAYS
 HEATING
  YESTERDAY        0                         3     -3       13
  MONTH TO DATE    0                        22    -22       46
  SINCE MAR 1    971                       806    165      594
  SINCE JUL 1   4059                      4047     12     3059

 COOLING
  YESTERDAY        6                         2      4        0
  MONTH TO DATE   45                        12     33        0
  SINCE MAR 1     64                        55      9      118
  SINCE JAN 1     76                        55     21      123
..................................................................


WIND (MPH)
  HIGHEST WIND SPEED    26   HIGHEST WIND DIRECTION     W (290)
  HIGHEST GUST SPEED    43   HIGHEST GUST DIRECTION    NW (300)
  AVERAGE WIND SPEED     5.6


SKY COVER
  POSSIBLE SUNSHINE  MM
  AVERAGE SKY COVER 0.5


WEATHER CONDITIONS
 THE FOLLOWING WEATHER WAS RECORDED YESTERDAY.
  THUNDERSTORM
  LIGHT RAIN
  FOG


RELATIVE HUMIDITY (PERCENT)
 HIGHEST    97          1200 AM
 LOWEST     37           300 PM
 AVERAGE    67

..........................................................


THE LOUISVILLE KY CLIMATE NORMALS FOR TODAY
                         NORMAL    RECORD    YEAR
 MAXIMUM TEMPERATURE (F)   75        89      1940
 MINIMUM TEMPERATURE (F)   54        36      1989


SUNRISE AND SUNSET
MAY  7 2018...........SUNRISE   640 AM EDT   SUNSET   840 PM EDT
MAY  8 2018...........SUNRISE   639 AM EDT   SUNSET   841 PM EDT


-  INDICATES NEGATIVE NUMBERS.
R  INDICATES RECORD WAS SET OR TIED.
MM INDICATES DATA IS MISSING.
T  INDICATES TRACE AMOUNT.




$$
