000
CDUS43 KLMK 060627
CLISDF


CLIMATE REPORT
NATIONAL WEATHER SERVICE LOUISVILLE KY
227 AM EDT FRI APR 6 2018


...................................

...THE LOUISVILLE KY CLIMATE SUMMARY FOR APRIL 5 2018...

CLIMATE NORMAL PERIOD 1981 TO 2010
CLIMATE RECORD PERIOD 1871 TO 2018


WEATHER ITEM   OBSERVED TIME   RECORD YEAR NORMAL DEPARTURE LAST
                VALUE   (LST)  VALUE       VALUE  FROM      YEAR
                                                  NORMAL
..................................................................
TEMPERATURE (F)
 YESTERDAY
  MAXIMUM         56    530 PM  87    1988  65     -9       83
  MINIMUM         30    643 AM  25    1944  44    -14       53
                                      1898
  AVERAGE         43                        55    -12       68

PRECIPITATION (IN)
  YESTERDAY        0.00          2.32 1883   0.12  -0.12     0.12
  MONTH TO DATE    1.21                      0.61   0.60     0.37
  SINCE MAR 1      6.26                      4.78   1.48     4.05
  SINCE JAN 1     18.56                     11.20   7.36    10.32

SNOWFALL (IN)
  YESTERDAY        0.0           1.7  1898   0.0    0.0      0.0
  MONTH TO DATE    0.0                       0.0    0.0      0.0
  SINCE MAR 1     11.9                       1.4   10.5       T
  SINCE JUL 1     17.9                      12.4    5.5      2.7
  SNOW DEPTH       0

DEGREE DAYS
 HEATING
  YESTERDAY       22                        11     11        0
  MONTH TO DATE   86                        58     28       22
  SINCE MAR 1    687                       596     91      480
  SINCE JUL 1   3775                      3837    -62     2945

 COOLING
  YESTERDAY        0                         1     -1        3
  MONTH TO DATE    0                         5     -5        6
  SINCE MAR 1      0                        11    -11       17
  SINCE JAN 1     12                        11      1       22
..................................................................


WIND (MPH)
  HIGHEST WIND SPEED    13   HIGHEST WIND DIRECTION     S (160)
  HIGHEST GUST SPEED    19   HIGHEST GUST DIRECTION     S (170)
  AVERAGE WIND SPEED     2.9


SKY COVER
  POSSIBLE SUNSHINE  MM
  AVERAGE SKY COVER 0.4


WEATHER CONDITIONS
 THE FOLLOWING WEATHER WAS RECORDED YESTERDAY.
  NO SIGNIFICANT WEATHER WAS OBSERVED.


RELATIVE HUMIDITY (PERCENT)
 HIGHEST    82           800 AM
 LOWEST     29           400 PM
 AVERAGE    56

..........................................................


THE LOUISVILLE KY CLIMATE NORMALS FOR TODAY
                         NORMAL    RECORD    YEAR
 MAXIMUM TEMPERATURE (F)   66        87      2010
                                             1873
 MINIMUM TEMPERATURE (F)   44        26      1982


SUNRISE AND SUNSET
APRIL  6 2018.........SUNRISE   720 AM EDT   SUNSET   811 PM EDT
APRIL  7 2018.........SUNRISE   719 AM EDT   SUNSET   812 PM EDT


-  INDICATES NEGATIVE NUMBERS.
R  INDICATES RECORD WAS SET OR TIED.
MM INDICATES DATA IS MISSING.
T  INDICATES TRACE AMOUNT.




$$
