000
CDUS43 KLMK 130632
CLISDF


CLIMATE REPORT
NATIONAL WEATHER SERVICE LOUISVILLE KY
232 AM EDT FRI APR 13 2018


...................................

...THE LOUISVILLE KY CLIMATE SUMMARY FOR APRIL 12 2018...

CLIMATE NORMAL PERIOD 1981 TO 2010
CLIMATE RECORD PERIOD 1871 TO 2018


WEATHER ITEM   OBSERVED TIME   RECORD YEAR NORMAL DEPARTURE LAST
                VALUE   (LST)  VALUE       VALUE  FROM      YEAR
                                                  NORMAL
..................................................................
TEMPERATURE (F)
 YESTERDAY
  MAXIMUM         83    402 PM  87    1930  68     15       74
                                      1896
  MINIMUM         59    631 AM  25    1939  46     13       50
  AVERAGE         71                        57     14       62

PRECIPITATION (IN)
  YESTERDAY        0.00          3.16 1948   0.12  -0.12     0.00
  MONTH TO DATE    1.31                      1.49  -0.18     0.92
  SINCE MAR 1      6.36                      5.66   0.70     4.60
  SINCE JAN 1     18.66                     12.08   6.58    10.87

SNOWFALL (IN)
  YESTERDAY        0.0           T    1951   0.0    0.0      0.0
                                      1940
                                      1934
  MONTH TO DATE    1.0                       0.1    0.9      0.0
  SINCE MAR 1     12.9                       1.5   11.4       T
  SINCE JUL 1     18.9                      12.5    6.4      2.7
  SNOW DEPTH       0

DEGREE DAYS
 HEATING
  YESTERDAY        0                         9     -9        3
  MONTH TO DATE  211                       127     84       66
  SINCE MAR 1    812                       665    147      524
  SINCE JUL 1   3900                      3906     -6     2989

 COOLING
  YESTERDAY        6                         1      5        0
  MONTH TO DATE    6                        12     -6       16
  SINCE MAR 1      6                        18    -12       27
  SINCE JAN 1     18                        18      0       32
..................................................................


WIND (MPH)
  HIGHEST WIND SPEED    32   HIGHEST WIND DIRECTION    SW (220)
  HIGHEST GUST SPEED    46   HIGHEST GUST DIRECTION    SW (230)
  AVERAGE WIND SPEED    16.5


SKY COVER
  POSSIBLE SUNSHINE  MM
  AVERAGE SKY COVER 0.4


WEATHER CONDITIONS
 THE FOLLOWING WEATHER WAS RECORDED YESTERDAY.
  NO SIGNIFICANT WEATHER WAS OBSERVED.


RELATIVE HUMIDITY (PERCENT)
 HIGHEST    40           500 AM
 LOWEST     21           200 PM
 AVERAGE    31

..........................................................


THE LOUISVILLE KY CLIMATE NORMALS FOR TODAY
                         NORMAL    RECORD    YEAR
 MAXIMUM TEMPERATURE (F)   68        87      1887
 MINIMUM TEMPERATURE (F)   47        26      1920


SUNRISE AND SUNSET
APRIL 13 2018.........SUNRISE   710 AM EDT   SUNSET   817 PM EDT
APRIL 14 2018.........SUNRISE   709 AM EDT   SUNSET   818 PM EDT


-  INDICATES NEGATIVE NUMBERS.
R  INDICATES RECORD WAS SET OR TIED.
MM INDICATES DATA IS MISSING.
T  INDICATES TRACE AMOUNT.




$$
