406
CDUS43 KLMK 122030
CLISDF


CLIMATE REPORT
NATIONAL WEATHER SERVICE LOUISVILLE KY
430 PM EDT SAT MAY 12 2018


...................................

...THE LOUISVILLE KY CLIMATE SUMMARY FOR MAY 12 2018...
VALID TODAY AS OF 0400 PM LOCAL TIME.

CLIMATE NORMAL PERIOD 1981 TO 2010
CLIMATE RECORD PERIOD 1871 TO 2018


WEATHER ITEM   OBSERVED TIME   RECORD YEAR NORMAL DEPARTURE LAST
                VALUE   (LST)  VALUE       VALUE  FROM      YEAR
                                                  NORMAL
..................................................................
TEMPERATURE (F)
 TODAY
  MAXIMUM         89    254 PM  90    1902  76     13       63
                                      1881
  MINIMUM         71    552 AM  40    1917  56     15       56
  AVERAGE         80                        66     14       60

PRECIPITATION (IN)
  TODAY            0.00          1.70 2002   0.18  -0.18     0.06
  MONTH TO DATE    3.29                      2.11   1.18     2.70
  SINCE MAR 1     11.74                     10.29   1.45    10.85
  SINCE JAN 1     24.04                     16.71   7.33    17.12

SNOWFALL (IN)
  TODAY            0.0          MM      MM   0.0    0.0      0.0
  MONTH TO DATE    0.0                       0.0    0.0      0.0
  SINCE MAR 1     13.1                       1.5   11.6       T
  SINCE JUL 1     19.1                      12.5    6.6      2.7
  SNOW DEPTH       0

DEGREE DAYS
 HEATING
  TODAY            0                         3     -3        5
  MONTH TO DATE    0                        40    -40       69
  SINCE MAR 1    971                       824    147      617
  SINCE JUL 1   4059                      4065     -6     3082

 COOLING
  TODAY           15                         3     12        0
  MONTH TO DATE   95                        30     65       25
  SINCE MAR 1    114                        73     41      143
  SINCE JAN 1    126                        73     53      148
..................................................................


WIND (MPH)
  HIGHEST WIND SPEED    21   HIGHEST WIND DIRECTION    SW (240)
  HIGHEST GUST SPEED    28   HIGHEST GUST DIRECTION     W (270)
  AVERAGE WIND SPEED    10.6


SKY COVER
  POSSIBLE SUNSHINE  MM
  AVERAGE SKY COVER 0.5


WEATHER CONDITIONS
 THE FOLLOWING WEATHER WAS RECORDED TODAY.
  NO SIGNIFICANT WEATHER WAS OBSERVED.


RELATIVE HUMIDITY (PERCENT)
 HIGHEST    66           600 AM
 LOWEST     43           200 PM
 AVERAGE    55

..........................................................


THE LOUISVILLE KY CLIMATE NORMALS FOR TOMORROW
                         NORMAL    RECORD    YEAR
 MAXIMUM TEMPERATURE (F)   76        91      1902
                                             1881
 MINIMUM TEMPERATURE (F)   56        40      1997
                                             1996


SUNRISE AND SUNSET
MAY 12 2018...........SUNRISE   635 AM EDT   SUNSET   844 PM EDT
MAY 13 2018...........SUNRISE   634 AM EDT   SUNSET   845 PM EDT


-  INDICATES NEGATIVE NUMBERS.
R  INDICATES RECORD WAS SET OR TIED.
MM INDICATES DATA IS MISSING.
T  INDICATES TRACE AMOUNT.




$$
