034
CDUS43 KLMK 092037
CLISDF


CLIMATE REPORT
NATIONAL WEATHER SERVICE LOUISVILLE KY
436 PM EDT MON APR 9 2018


...................................

...THE LOUISVILLE KY CLIMATE SUMMARY FOR APRIL 9 2018...
VALID TODAY AS OF 0400 PM LOCAL TIME.

CLIMATE NORMAL PERIOD 1981 TO 2010
CLIMATE RECORD PERIOD 1871 TO 2018


WEATHER ITEM   OBSERVED TIME   RECORD YEAR NORMAL DEPARTURE LAST
                VALUE   (LST)  VALUE       VALUE  FROM      YEAR
                                                  NORMAL
..................................................................
TEMPERATURE (F)
 TODAY
  MAXIMUM         58    956 AM  86    1978  67     -9       80
  MINIMUM         35    349 AM  23    1997  45    -10       48
  AVERAGE         47                        56     -9       64

PRECIPITATION (IN)
  TODAY            0.05          1.38 1894   0.13  -0.08     0.00
  MONTH TO DATE    1.31                      1.12   0.19     0.42
  SINCE MAR 1      6.36                      5.29   1.07     4.10
  SINCE JAN 1     18.66                     11.71   6.95    10.37

SNOWFALL (IN)
  TODAY            T             0.3  1973   0.0    0.0      0.0
  MONTH TO DATE    1.0                       0.1    0.9      0.0
  SINCE MAR 1     12.9                       1.5   11.4       T
  SINCE JUL 1     18.9                      12.5    6.4      2.7
  SNOW DEPTH       0

DEGREE DAYS
 HEATING
  TODAY           18                        10      8        1
  MONTH TO DATE  172                        99     73       63
  SINCE MAR 1    773                       637    136      521
  SINCE JUL 1   3861                      3878    -17     2986

 COOLING
  TODAY            0                         1     -1        0
  MONTH TO DATE    0                         9     -9        6
  SINCE MAR 1      0                        15    -15       17
  SINCE JAN 1     12                        15     -3       22
..................................................................


WIND (MPH)
  HIGHEST WIND SPEED    15   HIGHEST WIND DIRECTION     N (10)
  HIGHEST GUST SPEED    18   HIGHEST GUST DIRECTION     N (10)
  AVERAGE WIND SPEED     4.2


SKY COVER
  POSSIBLE SUNSHINE  MM
  AVERAGE SKY COVER 0.8


WEATHER CONDITIONS
 THE FOLLOWING WEATHER WAS RECORDED TODAY.
  RAIN
  LIGHT RAIN
  SNOW
  LIGHT SNOW
  FOG
  FOG W/VISIBILITY <= 1/4 MILE


RELATIVE HUMIDITY (PERCENT)
 HIGHEST    92           300 AM
 LOWEST     50           200 PM
 AVERAGE    71

..........................................................


THE LOUISVILLE KY CLIMATE NORMALS FOR TOMORROW
                         NORMAL    RECORD    YEAR
 MAXIMUM TEMPERATURE (F)   67        90      2011
 MINIMUM TEMPERATURE (F)   46        27      1985
                                             1918


SUNRISE AND SUNSET
APRIL  9 2018.........SUNRISE   716 AM EDT   SUNSET   814 PM EDT
APRIL 10 2018.........SUNRISE   715 AM EDT   SUNSET   815 PM EDT


-  INDICATES NEGATIVE NUMBERS.
R  INDICATES RECORD WAS SET OR TIED.
MM INDICATES DATA IS MISSING.
T  INDICATES TRACE AMOUNT.




$$
