262
CDUS43 KLMK 162031
CLISDF


CLIMATE REPORT
NATIONAL WEATHER SERVICE LOUISVILLE KY
431 PM EDT MON APR 16 2018


...................................

...THE LOUISVILLE KY CLIMATE SUMMARY FOR APRIL 16 2018...
VALID TODAY AS OF 0400 PM LOCAL TIME.

CLIMATE NORMAL PERIOD 1981 TO 2010
CLIMATE RECORD PERIOD 1871 TO 2018


WEATHER ITEM   OBSERVED TIME   RECORD YEAR NORMAL DEPARTURE LAST
                VALUE   (LST)  VALUE       VALUE  FROM      YEAR
                                                  NORMAL
..................................................................
TEMPERATURE (F)
 TODAY
  MAXIMUM         42   1204 AM  88    1896  69    -27       81
  MINIMUM         33    110 PM  27    1875  48    -15       62
  AVERAGE         38                        58    -20       72

PRECIPITATION (IN)
  TODAY            0.04          1.91 1910   0.13  -0.09     1.39
  MONTH TO DATE    2.54                      2.00   0.54     2.31
  SINCE MAR 1      7.59                      6.17   1.42     5.99
  SINCE JAN 1     19.89                     12.59   7.30    12.26

SNOWFALL (IN)
  TODAY            0.2           0.4  1905   0.0    0.2      0.0
  MONTH TO DATE    1.2                       0.1    1.1      0.0
  SINCE MAR 1     13.1                       1.5   11.6       T
  SINCE JUL 1     19.1                      12.5    6.6      2.7
  SNOW DEPTH       0

DEGREE DAYS
 HEATING
  TODAY           27                         8     19        0
  MONTH TO DATE  251                       161     90       66
  SINCE MAR 1    852                       699    153      524
  SINCE JUL 1   3940                      3940      0     2989

 COOLING
  TODAY            0                         1     -1        7
  MONTH TO DATE   19                        16      3       44
  SINCE MAR 1     19                        22     -3       55
  SINCE JAN 1     31                        22      9       60
..................................................................


WIND (MPH)
  HIGHEST WIND SPEED    29   HIGHEST WIND DIRECTION     W (290)
  HIGHEST GUST SPEED    37   HIGHEST GUST DIRECTION    NW (300)
  AVERAGE WIND SPEED    18.9


SKY COVER
  POSSIBLE SUNSHINE  MM
  AVERAGE SKY COVER 0.8


WEATHER CONDITIONS
 THE FOLLOWING WEATHER WAS RECORDED TODAY.
  RAIN
  LIGHT RAIN
  HAIL
  SNOW
  LIGHT SNOW
  SLEET
  FOG
  HAZE


RELATIVE HUMIDITY (PERCENT)
 HIGHEST    76           300 AM
 LOWEST     64           300 PM
 AVERAGE    70

..........................................................


THE LOUISVILLE KY CLIMATE NORMALS FOR TOMORROW
                         NORMAL    RECORD    YEAR
 MAXIMUM TEMPERATURE (F)   69        90      1896
 MINIMUM TEMPERATURE (F)   48        21      1875


SUNRISE AND SUNSET
APRIL 16 2018.........SUNRISE   706 AM EDT   SUNSET   820 PM EDT
APRIL 17 2018.........SUNRISE   705 AM EDT   SUNSET   821 PM EDT


-  INDICATES NEGATIVE NUMBERS.
R  INDICATES RECORD WAS SET OR TIED.
MM INDICATES DATA IS MISSING.
T  INDICATES TRACE AMOUNT.




$$
