000
CDUS43 KLMK 300627
CLISDF


CLIMATE REPORT
NATIONAL WEATHER SERVICE LOUISVILLE KY
227 AM EDT FRI MAR 30 2018


...................................

...THE LOUISVILLE KY CLIMATE SUMMARY FOR MARCH 29 2018...

CLIMATE NORMAL PERIOD 1981 TO 2010
CLIMATE RECORD PERIOD 1871 TO 2018


WEATHER ITEM   OBSERVED TIME   RECORD YEAR NORMAL DEPARTURE LAST
                VALUE   (LST)  VALUE       VALUE  FROM      YEAR
                                                  NORMAL
..................................................................
TEMPERATURE (F)
 YESTERDAY
  MAXIMUM         63    420 PM  86    1895  63      0       68
  MINIMUM         48   1159 PM  18    1887  42      6       53
  AVERAGE         56                        52      4       61

PRECIPITATION (IN)
  YESTERDAY        0.76          1.37 1965   0.14   0.62     0.00
  MONTH TO DATE    4.76                      3.89   0.87     3.42
  SINCE MAR 1      4.76                      3.89   0.87     3.42
  SINCE JAN 1     17.06                     10.31   6.75     9.69

SNOWFALL (IN)
  YESTERDAY        0.0           6.4  1970   0.1   -0.1      0.0
  MONTH TO DATE   11.9                       1.4   10.5       T
  SINCE MAR 1     11.9                       1.4   10.5       T
  SINCE JUL 1     17.9                      12.4    5.5      2.7
  SNOW DEPTH       0

DEGREE DAYS
 HEATING
  YESTERDAY        9                        13     -4        4
  MONTH TO DATE  574                       512     62      447
  SINCE MAR 1    574                       512     62      447
  SINCE JUL 1   3662                      3753    -91     2912

 COOLING
  YESTERDAY        0                         0      0        0
  MONTH TO DATE    0                         0      0        8
  SINCE MAR 1      0                         0      0        8
  SINCE JAN 1     12                         0     12       13
..................................................................


WIND (MPH)
  HIGHEST WIND SPEED    22   HIGHEST WIND DIRECTION     N (350)
  HIGHEST GUST SPEED    29   HIGHEST GUST DIRECTION     N (350)
  AVERAGE WIND SPEED    10.4


SKY COVER
  POSSIBLE SUNSHINE  MM
  AVERAGE SKY COVER 1.0


WEATHER CONDITIONS
 THE FOLLOWING WEATHER WAS RECORDED YESTERDAY.
  HEAVY RAIN
  RAIN
  LIGHT RAIN
  FOG


RELATIVE HUMIDITY (PERCENT)
 HIGHEST    97           800 AM
 LOWEST     84          1000 AM
 AVERAGE    91

..........................................................


THE LOUISVILLE KY CLIMATE NORMALS FOR TODAY
                         NORMAL    RECORD    YEAR
 MAXIMUM TEMPERATURE (F)   63        83      2012
                                             1977
                                             1895
 MINIMUM TEMPERATURE (F)   42        20      1964
                                             1923


SUNRISE AND SUNSET
MARCH 30 2018.........SUNRISE   731 AM EDT   SUNSET   804 PM EDT
MARCH 31 2018.........SUNRISE   730 AM EDT   SUNSET   805 PM EDT


-  INDICATES NEGATIVE NUMBERS.
R  INDICATES RECORD WAS SET OR TIED.
MM INDICATES DATA IS MISSING.
T  INDICATES TRACE AMOUNT.




$$
