000
CDUS43 KLMK 042029
CLISDF


CLIMATE REPORT
NATIONAL WEATHER SERVICE LOUISVILLE KY
429 PM EDT FRI MAY 4 2018


...................................

...THE LOUISVILLE KY CLIMATE SUMMARY FOR MAY 4 2018...
VALID TODAY AS OF 0400 PM LOCAL TIME.

CLIMATE NORMAL PERIOD 1981 TO 2010
CLIMATE RECORD PERIOD 1871 TO 2018


WEATHER ITEM   OBSERVED TIME   RECORD YEAR NORMAL DEPARTURE LAST
                VALUE   (LST)  VALUE       VALUE  FROM      YEAR
                                                  NORMAL
..................................................................
TEMPERATURE (F)
 TODAY
  MAXIMUM         82    157 PM  95    1959  74      8       65
  MINIMUM         73    736 AM  32    1976  53     20       53
  AVERAGE         78                        64     14       59

PRECIPITATION (IN)
  TODAY            T             2.10 1884   0.18  -0.18     0.97
  MONTH TO DATE    T                         0.70  -0.70     1.22
  SINCE MAR 1      8.45                      8.88  -0.43     9.37
  SINCE JAN 1     20.75                     15.30   5.45    15.64

SNOWFALL (IN)
  TODAY            0.0          MM      MM   0.0    0.0      0.0
  MONTH TO DATE    0.0                       0.0    0.0      0.0
  SINCE MAR 1     13.1                       1.5   11.6       T
  SINCE JUL 1     19.1                      12.5    6.6      2.7
  SNOW DEPTH       0

DEGREE DAYS
 HEATING
  TODAY            0                         4     -4        6
  MONTH TO DATE    0                        16    -16       19
  SINCE MAR 1    971                       800    171      567
  SINCE JUL 1   4059                      4041     18     3032

 COOLING
  TODAY           13                         2     11        0
  MONTH TO DATE   40                         8     32        0
  SINCE MAR 1     59                        51      8      118
  SINCE JAN 1     71                        51     20      123
..................................................................


WIND (MPH)
  HIGHEST WIND SPEED    22   HIGHEST WIND DIRECTION     W (260)
  HIGHEST GUST SPEED    29   HIGHEST GUST DIRECTION    SW (230)
  AVERAGE WIND SPEED    13.9


SKY COVER
  POSSIBLE SUNSHINE  MM
  AVERAGE SKY COVER 0.9


WEATHER CONDITIONS
 THE FOLLOWING WEATHER WAS RECORDED TODAY.
  NO SIGNIFICANT WEATHER WAS OBSERVED.


RELATIVE HUMIDITY (PERCENT)
 HIGHEST    68          1200 AM
 LOWEST     47           200 PM
 AVERAGE    58

..........................................................


THE LOUISVILLE KY CLIMATE NORMALS FOR TOMORROW
                         NORMAL    RECORD    YEAR
 MAXIMUM TEMPERATURE (F)   74        94      1959
                                             1949
 MINIMUM TEMPERATURE (F)   54        36      1954


SUNRISE AND SUNSET
MAY  4 2018...........SUNRISE   643 AM EDT   SUNSET   837 PM EDT
MAY  5 2018...........SUNRISE   642 AM EDT   SUNSET   838 PM EDT


-  INDICATES NEGATIVE NUMBERS.
R  INDICATES RECORD WAS SET OR TIED.
MM INDICATES DATA IS MISSING.
T  INDICATES TRACE AMOUNT.




$$
