000
CDUS43 KLMK 272031
CLISDF


CLIMATE REPORT
NATIONAL WEATHER SERVICE LOUISVILLE KY
430 PM EDT TUE MAR 27 2018


...................................

...THE LOUISVILLE KY CLIMATE SUMMARY FOR MARCH 27 2018...
VALID TODAY AS OF 0400 PM LOCAL TIME.

CLIMATE NORMAL PERIOD 1981 TO 2010
CLIMATE RECORD PERIOD 1871 TO 2018


WEATHER ITEM   OBSERVED TIME   RECORD YEAR NORMAL DEPARTURE LAST
                VALUE   (LST)  VALUE       VALUE  FROM      YEAR
                                                  NORMAL
..................................................................
TEMPERATURE (F)
 TODAY
  MAXIMUM         61    259 PM  87    1910  62     -1       73
  MINIMUM         50   1235 AM  14    1947  41      9       51
  AVERAGE         56                        52      4       62

PRECIPITATION (IN)
  TODAY            T             1.65 1939   0.14  -0.14     0.44
  MONTH TO DATE    3.57                      3.61  -0.04     3.42
  SINCE MAR 1      3.57                      3.61  -0.04     3.42
  SINCE JAN 1     15.87                     10.03   5.84     9.69

SNOWFALL (IN)
  TODAY            0.0           6.7  1947   0.0    0.0      0.0
  MONTH TO DATE   11.9                       1.3   10.6       T
  SINCE MAR 1     11.9                       1.3   10.6       T
  SINCE JUL 1     17.9                      12.3    5.6      2.7
  SNOW DEPTH       0

DEGREE DAYS
 HEATING
  TODAY            9                        14     -5        3
  MONTH TO DATE  564                       486     78      441
  SINCE MAR 1    564                       486     78      441
  SINCE JUL 1   3652                      3727    -75     2906

 COOLING
  TODAY            0                         0      0        0
  MONTH TO DATE    0                         0      0        8
  SINCE MAR 1      0                         0      0        8
  SINCE JAN 1     12                         0     12       13
..................................................................


WIND (MPH)
  HIGHEST WIND SPEED    20   HIGHEST WIND DIRECTION     S (200)
  HIGHEST GUST SPEED    30   HIGHEST GUST DIRECTION     S (200)
  AVERAGE WIND SPEED    12.2


SKY COVER
  POSSIBLE SUNSHINE  MM
  AVERAGE SKY COVER 1.0


WEATHER CONDITIONS
 THE FOLLOWING WEATHER WAS RECORDED TODAY.
  NO SIGNIFICANT WEATHER WAS OBSERVED.


RELATIVE HUMIDITY (PERCENT)
 HIGHEST    83          1200 AM
 LOWEST     71           200 AM
 AVERAGE    77

..........................................................


THE LOUISVILLE KY CLIMATE NORMALS FOR TOMORROW
                         NORMAL    RECORD    YEAR
 MAXIMUM TEMPERATURE (F)   62        87      1910
 MINIMUM TEMPERATURE (F)   41         8      1947


SUNRISE AND SUNSET
MARCH 27 2018.........SUNRISE   736 AM EDT   SUNSET   801 PM EDT
MARCH 28 2018.........SUNRISE   734 AM EDT   SUNSET   802 PM EDT


-  INDICATES NEGATIVE NUMBERS.
R  INDICATES RECORD WAS SET OR TIED.
MM INDICATES DATA IS MISSING.
T  INDICATES TRACE AMOUNT.




$$
