000
CDUS43 KLMK 230631
CLISDF


CLIMATE REPORT
NATIONAL WEATHER SERVICE LOUISVILLE KY
231 AM EDT MON APR 23 2018


...................................

...THE LOUISVILLE KY CLIMATE SUMMARY FOR APRIL 22 2018...

CLIMATE NORMAL PERIOD 1981 TO 2010
CLIMATE RECORD PERIOD 1871 TO 2018


WEATHER ITEM   OBSERVED TIME   RECORD YEAR NORMAL DEPARTURE LAST
                VALUE   (LST)  VALUE       VALUE  FROM      YEAR
                                                  NORMAL
..................................................................
TEMPERATURE (F)
 YESTERDAY
  MAXIMUM         74    251 PM  88    1960  71      3       57
  MINIMUM         53    642 AM  32    1936  49      4       49
  AVERAGE         64                        60      4       53

PRECIPITATION (IN)
  YESTERDAY        T             3.08 1887   0.14  -0.14     0.24
  MONTH TO DATE    2.59                      2.81  -0.22     2.90
  SINCE MAR 1      7.64                      6.98   0.66     6.58
  SINCE JAN 1     19.94                     13.40   6.54    12.85

SNOWFALL (IN)
  YESTERDAY        0.0           0.0    MM   0.0    0.0      0.0
  MONTH TO DATE    1.2                       0.1    1.1      0.0
  SINCE MAR 1     13.1                       1.5   11.6       T
  SINCE JUL 1     19.1                      12.5    6.6      2.7
  SNOW DEPTH       0

DEGREE DAYS
 HEATING
  YESTERDAY        1                         6     -5       12
  MONTH TO DATE  314                       203    111       80
  SINCE MAR 1    915                       741    174      538
  SINCE JUL 1   4003                      3982     21     3003

 COOLING
  YESTERDAY        0                         2     -2        0
  MONTH TO DATE   19                        25     -6       73
  SINCE MAR 1     19                        31    -12       84
  SINCE JAN 1     31                        31      0       89
..................................................................


WIND (MPH)
  HIGHEST WIND SPEED    18   HIGHEST WIND DIRECTION    NE (60)
  HIGHEST GUST SPEED    26   HIGHEST GUST DIRECTION     E (70)
  AVERAGE WIND SPEED     8.9


SKY COVER
  POSSIBLE SUNSHINE  MM
  AVERAGE SKY COVER 0.8


WEATHER CONDITIONS
 THE FOLLOWING WEATHER WAS RECORDED YESTERDAY.
  LIGHT RAIN


RELATIVE HUMIDITY (PERCENT)
 HIGHEST    38           600 AM
 LOWEST     26           900 PM
 AVERAGE    32

..........................................................


THE LOUISVILLE KY CLIMATE NORMALS FOR TODAY
                         NORMAL    RECORD    YEAR
 MAXIMUM TEMPERATURE (F)   71        91      1960
 MINIMUM TEMPERATURE (F)   50        28      1986


SUNRISE AND SUNSET
APRIL 23 2018.........SUNRISE   656 AM EDT   SUNSET   827 PM EDT
APRIL 24 2018.........SUNRISE   655 AM EDT   SUNSET   828 PM EDT


-  INDICATES NEGATIVE NUMBERS.
R  INDICATES RECORD WAS SET OR TIED.
MM INDICATES DATA IS MISSING.
T  INDICATES TRACE AMOUNT.




$$
