000
CDUS43 KLMK 250627
CLISDF


CLIMATE REPORT
NATIONAL WEATHER SERVICE LOUISVILLE KY
226 AM EDT FRI MAY 25 2018


...................................

...THE LOUISVILLE KY CLIMATE SUMMARY FOR MAY 24 2018...

CLIMATE NORMAL PERIOD 1981 TO 2010
CLIMATE RECORD PERIOD 1871 TO 2018


WEATHER ITEM   OBSERVED TIME   RECORD YEAR NORMAL DEPARTURE LAST
                VALUE   (LST)  VALUE       VALUE  FROM      YEAR
                                                  NORMAL
..................................................................
TEMPERATURE (F)
 YESTERDAY
  MAXIMUM         87    425 PM  92    1921  79      8       69
  MINIMUM         65    602 AM  40    1925  60      5       57
  AVERAGE         76                        69      7       63

PRECIPITATION (IN)
  YESTERDAY        0.00          1.66 1997   0.16  -0.16     0.69
  MONTH TO DATE    3.92                      4.14  -0.22     4.64
  SINCE MAR 1     12.37                     12.32   0.05    12.79
  SINCE JAN 1     24.67                     18.74   5.93    19.06

SNOWFALL (IN)
  YESTERDAY        0.0          MM      MM   0.0    0.0      0.0
  MONTH TO DATE    0.0                       0.0    0.0      0.0
  SINCE MAR 1     13.1                       1.5   11.6       T
  SINCE JUL 1     19.1                      12.5    6.6      2.7
  SNOW DEPTH       0

DEGREE DAYS
 HEATING
  YESTERDAY        0                         1     -1        2
  MONTH TO DATE    0                        61    -61       73
  SINCE MAR 1    971                       845    126      621
  SINCE JUL 1   4059                      4086    -27     3086

 COOLING
  YESTERDAY       11                         6      5        0
  MONTH TO DATE  247                        85    162      117
  SINCE MAR 1    266                       128    138      235
  SINCE JAN 1    278                       128    150      240
..................................................................


WIND (MPH)
  HIGHEST WIND SPEED    12   HIGHEST WIND DIRECTION    NE (60)
  HIGHEST GUST SPEED    18   HIGHEST GUST DIRECTION    NE (30)
  AVERAGE WIND SPEED     6.1


SKY COVER
  POSSIBLE SUNSHINE  MM
  AVERAGE SKY COVER 0.2


WEATHER CONDITIONS
 THE FOLLOWING WEATHER WAS RECORDED YESTERDAY.
  NO SIGNIFICANT WEATHER WAS OBSERVED.


RELATIVE HUMIDITY (PERCENT)
 HIGHEST    78           600 AM
 LOWEST     29           300 PM
 AVERAGE    54

..........................................................


THE LOUISVILLE KY CLIMATE NORMALS FOR TODAY
                         NORMAL    RECORD    YEAR
 MAXIMUM TEMPERATURE (F)   79        94      1911
 MINIMUM TEMPERATURE (F)   60        35      1925


SUNRISE AND SUNSET
MAY 25 2018...........SUNRISE   625 AM EDT   SUNSET   855 PM EDT
MAY 26 2018...........SUNRISE   624 AM EDT   SUNSET   856 PM EDT


-  INDICATES NEGATIVE NUMBERS.
R  INDICATES RECORD WAS SET OR TIED.
MM INDICATES DATA IS MISSING.
T  INDICATES TRACE AMOUNT.




$$
