324
CXUS53 KLMK 011520
CLMSDF


CLIMATE REPORT
NATIONAL WEATHER SERVICE LOUISVILLE KY
1016 AM EST THU MAR 1 2018

...................................

...THE LOUISVILLE KY CLIMATE SUMMARY FOR THE MONTH OF FEBRUARY 2018...

CLIMATE NORMAL PERIOD 1981 TO 2010
CLIMATE RECORD PERIOD 1871 TO 2018

WEATHER         OBSERVED          NORMAL  DEPART  LAST YEAR`S
                 VALUE   DATE(S)  VALUE   FROM    VALUE  DATE(S)
                                          NORMAL
................................................................
TEMPERATURE (F)
RECORD
 HIGH              82   02/20/2018
 LOW              -19   02/02/1951
HIGHEST            82R  02/20        MM      MM       81  02/24
LOWEST             14   02/02        MM      MM       16  02/04
AVG. MAXIMUM     54.2              47.8     6.4     58.8
AVG. MINIMUM     35.8              29.9     5.9     39.2
MEAN             45.0              38.8     6.2     49.0
DAYS MAX >= 90      0               0.0     0.0        0
DAYS MAX <= 32      2               2.6    -0.6        0
DAYS MIN <= 32     13              16.2    -3.2        9
DAYS MIN <= 0       0               0.1    -0.1        0

PRECIPITATION (INCHES)
RECORD
 MAXIMUM         9.84   1884
 MINIMUM         0.12   1947
TOTALS          10.54R             3.18    7.36     2.06
DAILY AVG.       0.38              0.11    0.27     0.07
DAYS >= .01        16              10.1     5.9        6
DAYS >= .10        13               5.6     7.4        4
DAYS >= .50         7               2.2     4.8        2
DAYS >= 1.00        3               0.7     2.3        0
GREATEST
 24 HR. TOTAL    3.06   02/24 TO 02/25           02/24 TO 02/24
                                                          02/23 TO 02/24EATHER         OBSERVED          NORMAL  DEPART  LAST YEAR`S
                                                          02/24 TO 02/24EATHER         OBSERVED          NORMAL  DEPART  LAST YEAR`S
 STORM TOTAL       MM                                 MM
 (MM/DD(HH))            MM                    02/24(00) TO 02/24(00)
                                                 02/24(00) TO 02/24(00)4EATHER         OBSERVED          NORMAL  DEPART  LAST YEAR`S
                                                 02/24(00) TO 02/24(00)4EATHER         OBSERVED          NORMAL  DEPART  LAST YEAR`S

SNOWFALL (INCHES)
RECORDS
 TOTAL           19.3   5
                        0
 24 HR TOTAL     12.5   02/04/1998 TO 02/05/1998
 SNOW DEPTH        18   02/06/1998
TOTALS            0.8               4.5    -3.7        T
 LIQUID EQUIV    0.08              0.40   -0.32        T
SINCE 7/1         6.0              11.0    -5.0      2.7
 LIQUID 7/1      0.60              1.10   -0.50     0.27
SNOWDEPTH AVG.      0                MM      MM        0
DAYS >= TRACE       7               3.6     3.4        3
DAYS >= 1.0         0               1.1    -1.1        0
GREATEST
 SNOW DEPTH         T   02/02                          0  MM
 24 HR TOTAL      0.4   02/17 TO 02/17           02/25 TO 02/25
                                                          02/24 TO 02/24EATHER         OBSERVED          NORMAL  DEPART  LAST YEAR`S
                                                          02/24 TO 02/24EATHER         OBSERVED          NORMAL  DEPART  LAST YEAR`S
 STORM TOTAL       MM                                 MM
 (MM/DD(HH))            MM                    02/25(00) TO 02/25(00)
                                                 02/24(00) TO 02/24(00)4EATHER         OBSERVED          NORMAL  DEPART  LAST YEAR`S
                                                 02/24(00) TO 02/24(00)4EATHER         OBSERVED          NORMAL  DEPART  LAST YEAR`S

DEGREE_DAYS
HEATING TOTAL     566               732    -166      446
 SINCE 7/1       3088              3241    -153     2465
COOLING TOTAL      12                 0      12        5
 SINCE 1/1         12                 0      12        5

FREEZE DATES
RECORD
 EARLIEST     10/03/1974
 LATEST       05/10/1966
EARLIEST                        10/25
LATEST                          04/15
.................................................................

WIND (MPH)
AVERAGE WIND SPEED              8.5
RESULTANT WIND SPEED/DIRECTION   2/219
HIGHEST WIND SPEED/DIRECTION    33/290    DATE  02/25
HIGHEST GUST SPEED/DIRECTION    45/200    DATE  02/19

SKY COVER
POSSIBLE SUNSHINE (PERCENT)   MM
AVERAGE SKY COVER           0.80
NUMBER OF DAYS FAIR            2
NUMBER OF DAYS PC              5
NUMBER OF DAYS CLOUDY         21

AVERAGE RH (PERCENT)     70

-  INDICATES NEGATIVE NUMBERS.
R  INDICATES RECORD WAS SET OR TIED.
MM INDICATES DATA IS MISSING.
T  INDICATES TRACE AMOUNT.

$$
