000
CXUS55 KPSR 011005
CF6SDL
PRELIMINARY LOCAL CLIMATOLOGICAL DATA (WS FORM: F-6)
STATION: SCOTTSDALE AZ
MONTH: SEPTEMBER
YEAR: 2021
LATITUDE: 33 37 N
LONGITUDE: 111 54 W
TEMPERATURE IN F: :PCPN: SNOW: WIND :SUNSHINE: SKY :PK WND
================================================================================
1 2 3 4 5 6A 6B 7 8 9 10 11 12 13 14 15 16 17 18
12Z AVG MX 2MIN
DY MAX MIN AVG DEP HDD CDD WTR SNW DPTH SPD SPD DIR MIN PSBL S-S WX SPD DR
================================================================================
1 92 73 83 -8 0 18 T M M 5.1 18 10 M M 5 26 360
2 94 75 85 -6 0 20 0.00 M M 2.7 8 250 M M 3 10 250
3 99 77 88 -3 0 23 0.00 M M 2.3 12 310 M M 0 20 300
4 103 79 91 1 0 26 0.00 M M 1.9 9 170 M M 1 11 160
5 106 80 93 3 0 28 0.00 M M 3.2 15 130 M M 0 22 140
6 102 81 92 2 0 27 0.00 M M 2.6 9 250 M M 0 16 230
7 104 84 94 4 0 29 0.00 M M 2.7 10 250 M M 0 15 250
8 104 83 94 4 0 29 0.00 0.0 M 2.6 9 60 M M 0 13 50
9 108 83 96 7 0 31 0.00 0.0 M 3.6 14 130 M M 0 20 160
10 106 82 94 5 0 29 0.00 0.0 M 3.4 12 170 M M 0 17 140
11 105 84 95 6 0 30 0.00 M M 2.4 9 240 M M 0 12 230
12 107 79 93 5 0 28 0.00 M M 1.7 8 100 M M 0 11 110
13 108 79 94 6 0 29 0.00 M M 2.4 12 230 M M 0 15 270
14 105 79 92 4 0 27 0.00 M M 2.2 13 240 M M 0 18 230
15 105 76 91 4 0 26 0.00 M M 3.6 18 250 M M 0 28 230
16 103 74 89 2 0 24 0.00 M M 2.8 13 210 M M 0 18 280
17 99 81 90 3 0 25 0.00 M M 2.4 8 190 M M 0 13 170
18 96 79 88 2 0 23 0.03 M M 2.8 22 210 M M 1 32 220
19 97 76 87 1 0 22 0.00 M M 3.0 13 250 M M 1 19 240
20 97 72 85 0 0 20 0.00 M M 2.6 10 260 M M 0 15 210
21 101 70 86 1 0 21 0.00 M M 3.2 10 250 M M 0 20 230
22 101 73 87 2 0 22 0.00 M M 2.8 12 170 M M 0 19 100
23 97 75 86 2 0 21 0.00 M M 4.1 14 180 M M 0 21 160
24 91 76 84 0 0 19 T M M 3.7 12 210 M M 1 3 15 200
25 94 74 84 1 0 19 T M M 3.9 16 150 M M 2 25 130
26 80 67 74 -9 0 9 0.51 0.0 M 4.9 17 140 M M 7 1 28 120
27 84 67 76 -6 0 11 T 0.0 M 1.1 7 160 M M 5 8 11 100
28 88 70 79 -3 0 14 T M M 3.3 13 20 M M 4 19 120
29 85 70 78 -4 0 13 0.00 M M 3.4 12 200 M M 0 16 200
30 88 68 78 -3 0 13 T M M 5.9 37 30 M M 2 3 52 30
================================================================================
SM 2949 2286 0 676 0.54 0.0 92.3 M 32
================================================================================
AV 98.3 76.2 3.1 FASTST M M 1 MAX(MPH)
MISC ----> 37 30 52 30
================================================================================
NOTES:
# LAST OF SEVERAL OCCURRENCES
COLUMN 17 PEAK WIND IN M.P.H.
PRELIMINARY LOCAL CLIMATOLOGICAL DATA (WS FORM: F-6) , PAGE 2
STATION: SCOTTSDALE AZ
MONTH: SEPTEMBER
YEAR: 2021
LATITUDE: 33 37 N
LONGITUDE: 111 54 W
[TEMPERATURE DATA] [PRECIPITATION DATA] SYMBOLS USED IN COLUMN 16
AVERAGE MONTHLY: 87.3 TOTAL FOR MONTH: 0.54 1 = FOG OR MIST
DPTR FM NORMAL: 0.6 DPTR FM NORMAL: -0.06 2 = FOG REDUCING VISIBILITY
HIGHEST: 108 ON 13, 9 GRTST 24HR 0.51 ON 26-26 TO 1/4 MILE OR LESS
LOWEST: 67 ON 27,26 3 = THUNDER
SNOW, ICE PELLETS, HAIL 4 = ICE PELLETS
TOTAL MONTH: 0.0 INCH 5 = HAIL
GRTST 24HR 0.0 6 = FREEZING RAIN OR DRIZZLE
GRTST DEPTH: M ON M 7 = DUSTSTORM OR SANDSTORM:
VSBY 1/2 MILE OR LESS
8 = SMOKE OR HAZE
[NO. OF DAYS WITH] [WEATHER - DAYS WITH] 9 = BLOWING SNOW
X = TORNADO
MAX 32 OR BELOW: 0 0.01 INCH OR MORE: 2
MAX 90 OR ABOVE: 25 0.10 INCH OR MORE: 1
MIN 32 OR BELOW: 0 0.50 INCH OR MORE: 1
MIN 0 OR BELOW: 0 1.00 INCH OR MORE: 0
[HDD (BASE 65) ]
TOTAL THIS MO. 0 CLEAR (SCALE 0-3) 26
DPTR FM NORMAL 0 PTCLDY (SCALE 4-7) 4
TOTAL FM JUL 1 0 CLOUDY (SCALE 8-10) 0
DPTR FM NORMAL 0
[CDD (BASE 65) ]
TOTAL THIS MO. 676
DPTR FM NORMAL 24 [PRESSURE DATA]
TOTAL FM JAN 1 3986 HIGHEST SLP 30.07 ON 21
DPTR FM NORMAL 189 LOWEST SLP 29.67 ON 16
[REMARKS]
#FINAL-09-21#