000
CXUS55 KPSR 011005
CF6SDL
PRELIMINARY LOCAL CLIMATOLOGICAL DATA (WS FORM: F-6)
STATION: SCOTTSDALE AZ
MONTH: AUGUST
YEAR: 2023
LATITUDE: 33 37 N
LONGITUDE: 111 54 W
TEMPERATURE IN F: :PCPN: SNOW: WIND :SUNSHINE: SKY :PK WND
================================================================================
1 2 3 4 5 6A 6B 7 8 9 10 11 12 13 14 15 16 17 18
12Z AVG MX 2MIN
DY MAX MIN AVG DEP HDD CDD WTR SNW DPTH SPD SPD DIR MIN PSBL S-S WX SPD DR
================================================================================
1 105 84 95 2 0 30 0.00 M M 3.3 12 260 M M 0 18 270
2 107 89 98 5 0 33 0.00 M M 4.2 15 260 M M 0 22 260
3 108 87 98 5 0 33 0.00 M M 3.3 16 240 M M 0 22 240
4 110 82 96 3 0 31 0.00 M M 3.1 13 270 M M 1 19 280
5 111 85 98 5 0 33 0.00 M M 4.0 16 270 M M 1 8 22 270
6 109 83 96 3 0 31 0.00 0.0 M 5.0 15 250 M M 0 23 250
7 107 89 98 5 0 33 0.00 0.0 M 8.3 15 240 M M 0 25 220
8 105 81 93 0 0 28 0.01 0.0 0 7.1 17 260 M M 1 3 28 240
9 105 87 96 3 0 31 0.00 0.0 0 5.6 16 260 M M 0 24 250
10 104 87 96 3 0 31 T 0.0 0 5.8 14 250 M M 0 22 240
11 103 87 95 2 0 30 0.00 0.0 0 4.9 12 190 M M 1 18 160
12 103 86 95 2 0 30 0.00 0.0 0 4.7 14 120 M M 1 3 21 260
13 106 83 95 2 0 30 0.00 M M 4.6 16 230 M M 0 25 220
14 102 84 93 0 0 28 0.00 M M 3.4 13 90 M M 0 20 100
15 107 91 99 7 0 34 T M M 8.2 16 270 M M 0 3 27 70
16 110 87 99 7 0 34 T M M 6.9 25 60 M M 1 3 35 50
17 111 88 100 8 0 35 T M M 4.9 15 150 M M 1 3 25 160
18 104 86 95 3 0 30 0.00 M M 4.8 17 40 M M 0 25 150
19 93 82 88 -4 0 23 0.00 M M 7.0 21 230 M M 0 30 230
20 99 81 90 -2 0 25 T M M 6.6 21 190 M M 1 34 200
21 91 76 84 -8 0 19 0.06 M M 4.9 14 270 M M 4 3 21 280
22 102 76 89 -3 0 24 T M M 3.6 14 270 M M 0 18 260
23 105 84 95 3 0 30 0.00 M M 6.4 20 150 M M 0 30 140
24 103 86 95 3 0 30 0.00 M M 4.0 13 90 M M 0 20 90
25 109 85 97 5 0 32 0.00 M M 2.8 13 220 M M 0 18 260
26 110 92 101 9 0 36 0.00 M M 5.9 21 50 M M 0 26 50
27 111 87 99 7 0 34 T M M 4.1 17 360 M M 1 3 27 10
28 113 87 100 8 0 35 0.00 M M 3.6 16 340 M M 0 27 350
29 111 90 101 9 0 36 0.00 M M 3.3 15 150 M M 0 26 130
30 109 90 100 9 0 35 0.00 M M 3.7 10 250 M M 0 15 160
31 106 74 90 -1 0 25 0.20 M M 6.8 30 180 M M 1 38 51 180
================================================================================
SM 3279 2636 0 949 0.27 0.0 154.8 M 14
================================================================================
AV105.8 85.0 5.0 FASTST M M 0 MAX(MPH)
MISC ----> 30 180 51 180
================================================================================
NOTES:
# LAST OF SEVERAL OCCURRENCES
COLUMN 17 PEAK WIND IN M.P.H.
PRELIMINARY LOCAL CLIMATOLOGICAL DATA (WS FORM: F-6) , PAGE 2
STATION: SCOTTSDALE AZ
MONTH: AUGUST
YEAR: 2023
LATITUDE: 33 37 N
LONGITUDE: 111 54 W
[TEMPERATURE DATA] [PRECIPITATION DATA] SYMBOLS USED IN COLUMN 16
AVERAGE MONTHLY: 95.4 TOTAL FOR MONTH: 0.27 1 = FOG OR MIST
DPTR FM NORMAL: 3.1 DPTR FM NORMAL: -0.56 2 = FOG REDUCING VISIBILITY
HIGHEST: 113 ON 28 GRTST 24HR 0.20 ON 31-31 TO 1/4 MILE OR LESS
LOWEST: 74 ON 31 3 = THUNDER
SNOW, ICE PELLETS, HAIL 4 = ICE PELLETS
TOTAL MONTH: 0.0 INCH 5 = HAIL
GRTST 24HR 0.0 6 = FREEZING RAIN OR DRIZZLE
GRTST DEPTH: 0 7 = DUSTSTORM OR SANDSTORM:
VSBY 1/2 MILE OR LESS
8 = SMOKE OR HAZE
[NO. OF DAYS WITH] [WEATHER - DAYS WITH] 9 = BLOWING SNOW
X = TORNADO
MAX 32 OR BELOW: 0 0.01 INCH OR MORE: 3
MAX 90 OR ABOVE: 31 0.10 INCH OR MORE: 1
MIN 32 OR BELOW: 0 0.50 INCH OR MORE: 0
MIN 0 OR BELOW: 0 1.00 INCH OR MORE: 0
[HDD (BASE 65) ]
TOTAL THIS MO. 0 CLEAR (SCALE 0-3) 30
DPTR FM NORMAL 0 PTCLDY (SCALE 4-7) 1
TOTAL FM JUL 1 0 CLOUDY (SCALE 8-10) 0
DPTR FM NORMAL 0
[CDD (BASE 65) ]
TOTAL THIS MO. 949
DPTR FM NORMAL 101 [PRESSURE DATA]
TOTAL FM JAN 1 3349 HIGHEST SLP 29.97 ON 21
DPTR FM NORMAL 204 LOWEST SLP 29.61 ON 31
[REMARKS]
#FINAL-08-23#