000
CXUS53 KLSX 011400
CF6SET
PRELIMINARY LOCAL CLIMATOLOGICAL DATA (WS FORM: F-6)
STATION: ST_CHARLES MO
MONTH: APRIL
YEAR: 2023
LATITUDE: 38 55 N
LONGITUDE: 90 26 W
TEMPERATURE IN F: :PCPN: SNOW: WIND :SUNSHINE: SKY :PK WND
================================================================================
1 2 3 4 5 6A 6B 7 8 9 10 11 12 13 14 15 16 17 18
12Z AVG MX 2MIN
DY MAX MIN AVG DEP HDD CDD WTR SNW DPTH SPD SPD DIR MIN PSBL S-S WX SPD DR
================================================================================
1 60 37 49 -2 16 0 0.00 0.0 0 18.2 40 290 M M 4 60 300
2 72 34 53 1 12 0 0.00 0.0 0 10.7 24 170 M M 0 32 160
3 79 46 63 11 2 0 0.00 0.0 0 12.0 26 150 M M 2 32 160
4 87 58 73 21 0 8 0.01 0.0 0 17.7 35 170 M M 1 1 M M
5 78 44 61 8 4 0 0.62 0.0 0 15.4 M M M M 4 13 M M
6 53 38 46 -7 19 0 0.00 0.0 0 3.5 12 20 M M 0 15 10
7 62 33 48 -6 17 0 0.00 0.0 0 5.7 16 110 M M 0 22 80
8 68 36 52 -2 13 0 0.00 0.0 0 9.4 18 110 M M 0 27 100
9 70 38 54 0 11 0 0.00 0.0 0 9.7 24 130 M M 0 37 110
10 75 41 58 3 7 0 0.00 0.0 0 6.5 14 160 M M 0 22 170
11 80 46 63 8 2 0 0.00 0.0 0 6.3 16 190 M M 0 23 240
12 81 47 64 8 1 0 0.00 0.0 0 5.8 18 190 M M 0 28 210
13 81 46 64 8 1 0 0.00 0.0 0 6.5 15 130 M M 0 24 140
14 81 50 66 10 0 1 0.00 0.0 0 7.7 17 150 M M 1 27 120
15 79 51 65 8 0 0 1.49 0.0 0 9.4 29 290 M M 4 13 50 310
16 51 41 46 -11 19 0 0.13 0.0 0 19.8 32 260 M M 10 1 47 250
17 66 42 54 -3 11 0 0.00 0.0 0 99.9 M M M M 1 M M
18 71 41 56 -2 9 0 0.00 0.0 0 7.9 15 90 M M 1 24 80
19 85 51 68 10 0 3 0.00 0.0 0 14.1 29 190 M M 1 40 190
20 81 52 67 9 0 2 0.48 0.0 0 14.7 30 200 M M 5 13 41 230
21 68 47 58 -1 7 0 0.00 0.0 0 7.8 20 330 M M 1 29 330
22 47 39 43 -16 22 0 0.00 0.0 0 14.1 26 290 M M 6 34 310
23 56 37 47 -12 18 0 0.00 0.0 0 9.3 20 300 M M 3 32 300
24 62 31 47 -13 18 0 0.00 0.0 0 6.0 13 160 M M 0 19 170
25 70 43 57 -3 8 0 0.00 0.0 0 7.5 20 50 M M 5 26 40
26 65 40 53 -7 12 0 0.00 0.0 0 8.3 16 60 M M 1 20 70
27 66 46 56 -5 9 0 T 0.0 0 6.0 14 130 M M 6 1 22 90
28 74 52 63 2 2 0 0.01 0.0 0 4.5 14 280 M M 3 1 20 280
29 69 46 58 -3 7 0 0.07 0.0 0 10.5 31 350 M M 2 1 43 340
30 56 41 49 -13 16 0 0.00 0.0 0 15.4 32 300 M M 7 48 310
================================================================================
SM 2093 1294 263 14 2.81 0.0 390.3 M 68
================================================================================
AV 69.8 43.1 13.0 FASTST M M 2 MAX(MPH)
MISC ----> 40 290 60 300
================================================================================
NOTES:
# LAST OF SEVERAL OCCURRENCES
COLUMN 17 PEAK WIND IN M.P.H.
PRELIMINARY LOCAL CLIMATOLOGICAL DATA (WS FORM: F-6) , PAGE 2
STATION: ST_CHARLES MO
MONTH: APRIL
YEAR: 2023
LATITUDE: 38 55 N
LONGITUDE: 90 26 W
[TEMPERATURE DATA] [PRECIPITATION DATA] SYMBOLS USED IN COLUMN 16
AVERAGE MONTHLY: 56.5 TOTAL FOR MONTH: 2.81 1 = FOG OR MIST
DPTR FM NORMAL: -0.2 DPTR FM NORMAL: -1.43 2 = FOG REDUCING VISIBILITY
HIGHEST: 87 ON 4 GRTST 24HR 1.62 ON 15-16 TO 1/4 MILE OR LESS
LOWEST: 31 ON 24 3 = THUNDER
SNOW, ICE PELLETS, HAIL 4 = ICE PELLETS
TOTAL MONTH: 0.0 INCH 5 = HAIL
GRTST 24HR 0.0 6 = FREEZING RAIN OR DRIZZLE
GRTST DEPTH: 0 7 = DUSTSTORM OR SANDSTORM:
VSBY 1/2 MILE OR LESS
8 = SMOKE OR HAZE
[NO. OF DAYS WITH] [WEATHER - DAYS WITH] 9 = BLOWING SNOW
X = TORNADO
MAX 32 OR BELOW: 0 0.01 INCH OR MORE: 7
MAX 90 OR ABOVE: 0 0.10 INCH OR MORE: 4
MIN 32 OR BELOW: 1 0.50 INCH OR MORE: 2
MIN 0 OR BELOW: 0 1.00 INCH OR MORE: 1
[HDD (BASE 65) ]
TOTAL THIS MO. 263 CLEAR (SCALE 0-3) 19
DPTR FM NORMAL -13 PTCLDY (SCALE 4-7) 10
TOTAL FM JUL 1 3873 CLOUDY (SCALE 8-10) 1
DPTR FM NORMAL -726
[CDD (BASE 65) ]
TOTAL THIS MO. 14
DPTR FM NORMAL -11 [PRESSURE DATA]
TOTAL FM JAN 1 14 HIGHEST SLP 30.52 ON 7
DPTR FM NORMAL -15 LOWEST SLP 29.46 ON 1
[REMARKS]
#FINAL-04-23#