688
CXUS55 KSEW 020049
CF6SEW
PRELIMINARY LOCAL CLIMATOLOGICAL DATA (WS FORM: F-6)
STATION: SEATTLE WA WFO
MONTH: JUNE
YEAR: 2020
LATITUDE: 47 41 N
LONGITUDE: 122 15 W
TEMPERATURE IN F: :PCPN: SNOW: WIND :SUNSHINE: SKY :PK WND
================================================================================
1 2 3 4 5 6A 6B 7 8 9 10 11 12 13 14 15 16 17 18
12Z AVG MX 2MIN
DY MAX MIN AVG DEP HDD CDD WTR SNW DPTH SPD SPD DIR MIN PSBL S-S WX SPD DR
================================================================================
1 68 50 59 0 6 0 0.00 0.0 0 M M M M M M M M
2 65 49 57 -2 8 0 0.03 0.0 0 M M M M M M M M
3 67 51 59 0 6 0 0.00 0.0 0 M M M M M M M M
4 69 54 62 3 3 0 0.00 0.0 0 M M M M M M M M
5 65 50 58 -2 7 0 0.00 0.0 0 M M M M M M M M
6 66 51 59 -1 6 0 0.04 0.0 0 M M M M M M M M
7 67 49 58 -2 7 0 0.33 0.0 0 M M M M M M M M
8 66 53 60 0 5 0 0.02 0.0 0 M M M M M M M M
9 63 52 58 -2 7 0 0.16 0.0 0 M M M M M M M M
10 74 57 66 6 0 1 0.03 0.0 0 M M M M M M M M
11 71 58 65 5 0 0 0.13 0.0 0 M M M M M M M M
12 61 53 57 -3 8 0 0.23 0.0 0 M M M M M M M M
13 64 49 57 -4 8 0 1.03 0.0 0 M M M M M M M M
14 66 49 58 -3 7 0 0.01 0.0 0 M M M M M M M M
15 65 53 59 -2 6 0 0.08 0.0 0 M M M M M M M M
16 67 51 59 -2 6 0 0.07 0.0 0 M M M M M M M M
17 73 48 61 0 4 0 0.00 0.0 0 M M M M M M M M
18 74 52 63 2 2 0 0.00 0.0 0 M M M M M M M M
19 80 55 68 7 0 3 T 0.0 0 M M M M M M M M
20 74 61 68 6 0 3 0.09 0.0 0 M M M M M M M M
21 70 55 63 1 2 0 T 0.0 0 M M M M M M M M
22 76 51 64 2 1 0 0.00 0.0 0 M M M M M M M M
23 81 55 68 6 0 3 0.00 0.0 0 M M M M M M M M
24 76 60 68 6 0 3 0.00 0.0 0 M M M M M M M M
25 77 59 68 6 0 3 0.00 0.0 0 M M M M M M M M
26 79 57 68 5 0 3 T 0.0 0 M M M M M M M M
27 60 53 57 -6 8 0 0.63 0.0 0 M M M M M M M M
28 71 53 62 -1 3 0 0.11 0.0 0 M M M M M M M M
29 73 55 64 1 1 0 0.00 0.0 0 M M M M M M M M
30 66 55 61 -2 4 0 0.07 0.0 0 M M M M M M 1 M M
================================================================================
SM 2094 1598 115 19 3.06 0.0 M M M
================================================================================
AV 69.8 53.3 M FASTST M M 0 MAX(MPH)
MISC ----> M M M M
================================================================================
NOTES:
# LAST OF SEVERAL OCCURRENCES
COLUMN 17 PEAK WIND IN M.P.H.
PRELIMINARY LOCAL CLIMATOLOGICAL DATA (WS FORM: F-6) , PAGE 2
STATION: SEATTLE WA WFO
MONTH: JUNE
YEAR: 2020
LATITUDE: 47 41 N
LONGITUDE: 122 15 W
[TEMPERATURE DATA] [PRECIPITATION DATA] SYMBOLS USED IN COLUMN 16
AVERAGE MONTHLY: 61.5 TOTAL FOR MONTH: 3.06 1 = FOG OR MIST
DPTR FM NORMAL: 0.5 DPTR FM NORMAL: 1.43 2 = FOG REDUCING VISIBILITY
HIGHEST: 81 ON 23 GRTST 24HR 1.03 ON 13-13 TO 1/4 MILE OR LESS
LOWEST: 48 ON 17 3 = THUNDER
SNOW, ICE PELLETS, HAIL 4 = ICE PELLETS
TOTAL MONTH: 0.0 INCH 5 = HAIL
GRTST 24HR 0.0 6 = FREEZING RAIN OR DRIZZLE
GRTST DEPTH: 0 7 = DUSTSTORM OR SANDSTORM:
VSBY 1/2 MILE OR LESS
8 = SMOKE OR HAZE
[NO. OF DAYS WITH] [WEATHER - DAYS WITH] 9 = BLOWING SNOW
X = TORNADO
MAX 32 OR BELOW: 0 0.01 INCH OR MORE: 16
MAX 90 OR ABOVE: 0 0.10 INCH OR MORE: 7
MIN 32 OR BELOW: 0 0.50 INCH OR MORE: 2
MIN 0 OR BELOW: 0 1.00 INCH OR MORE: 1
[HDD (BASE 65) ]
TOTAL THIS MO. 115 CLEAR (SCALE 0-3) 0
DPTR FM NORMAL -19 PTCLDY (SCALE 4-7) 0
TOTAL FM JUL 1 4320 CLOUDY (SCALE 8-10) 0
DPTR FM NORMAL -268
[CDD (BASE 65) ]
TOTAL THIS MO. 19
DPTR FM NORMAL 5 [PRESSURE DATA]
TOTAL FM JAN 1 31 HIGHEST SLP M ON M
DPTR FM NORMAL 14 LOWEST SLP M ON M
[REMARKS]
CORRECTED V0 V
#FINAL-06-20#