000
CXUS52 KMLB 010635
CF6SFB
PRELIMINARY LOCAL CLIMATOLOGICAL DATA (WS FORM: F-6)
STATION: SANFORD
MONTH: AUGUST
YEAR: 2021
LATITUDE: 28 46 N
LONGITUDE: 81 15 W
TEMPERATURE IN F: :PCPN: SNOW: WIND :SUNSHINE: SKY :PK WND
================================================================================
1 2 3 4 5 6A 6B 7 8 9 10 11 12 13 14 15 16 17 18
12Z AVG MX 2MIN
DY MAX MIN AVG DEP HDD CDD WTR SNW DPTH SPD SPD DIR MIN PSBL S-S WX SPD DR
================================================================================
1 94 76 85 1 0 20 0.27 0.0 0 7.7 26 260 M M 3 13 32 250
2 93 76 85 1 0 20 1.04 0.0 0 7.2 22 290 M M 3 138 26 300
3 90 72 81 -3 0 16 0.96 0.0 0 9.2 29 290 M M 4 1 35 290
4 87 75 81 -3 0 16 T 0.0 0 9.0 22 180 M M 6 3 27 220
5 89 76 83 -1 0 18 0.00 0.0 0 8.1 21 240 M M 2 25 240
6 96 75 86 2 0 21 0.85 0.0 0 6.4 25 80 M M 2 138 30 80
7 93 75 84 0 0 19 0.15 0.0 0 5.5 22 260 M M 3 13 28 270
8 94 76 85 1 0 20 0.85 0.0 0 4.0 25 150 M M 3 13 31 130
9 91 77 84 0 0 19 0.00 0.0 0 5.1 17 70 M M 1 13 20 70
10 91 78 85 1 0 20 0.00 0.0 0 4.4 18 130 M M 1 38 20 130
11 91 75 83 -1 0 18 0.31 0.0 0 3.5 21 40 M M 1 3 25 30
12 92 76 84 0 0 19 0.00 0.0 0 5.0 16 80 M M 1 3 21 70
13 91 77 84 0 0 19 T 0.0 0 M M M M M 2 3 M M
14 90 75 83 -1 0 18 0.34 0.0 0 4.7 20 80 M M 2 138 24 90
15 90 76 83 -1 0 18 0.03 0.0 0 8.3 20 160 M M 1 25 150
16 89 77 83 -1 0 18 0.55 0.0 0 7.2 17 140 M M 3 13 23 140
17 95 78 87 3 0 22 0.00 0.0 0 8.5 24 120 M M 1 3 30 120
18 94 78 86 2 0 21 0.13 0.0 0 6.2 17 120 M M 1 8 21 110
19 94 77 86 2 0 21 0.00 0.0 0 4.5 14 110 M M 2 17 80
20 96 78 87 3 0 22 0.06 0.0 0 6.7 21 120 M M 1 3 26 130
21 96 78 87 4 0 22 0.01 0.0 0 6.2 17 200 M M 1 3 22 210
22 94 77 86 3 0 21 0.03 0.0 0 5.0 24 240 M M 2 3 30 240
23 92 79 86 3 0 21 T 0.0 0 5.9 15 160 M M 2 21 170
24 91 70 81 -2 0 16 2.52 0.0 0 6.4 29 270 M M 2 138 43 250
25 92 72 82 -1 0 17 0.00 0.0 0 7.7 18 80 M M 1 22 110
26 90 72 81 -2 0 16 0.42 0.0 0 8.6 24 150 M M 3 13 29 150
27 90 77 84 1 0 19 0.08 0.0 0 8.0 21 100 M M 4 13 27 120
28 91 77 84 1 0 19 T 0.0 0 8.8 20 120 M M 2 3 24 110
29 92 78 85 2 0 20 0.00 0.0 0 8.5 17 90 M M 1 22 90
30 93 75 84 1 0 19 0.00 0.0 0 4.7 14 100 M M 0 17 100
31 94 78 86 3 0 21 0.00 0.0 0 7.9 16 250 M M 1 19 270
================================================================================
SM 2855 2356 0 596 8.60 0.0 198.9 M 62
================================================================================
AV 92.1 76.0 6.6 FASTST M M 2 MAX(MPH)
MISC ----> # 29 290 43 250
================================================================================
NOTES:
# LAST OF SEVERAL OCCURRENCES
COLUMN 17 PEAK WIND IN M.P.H.
PRELIMINARY LOCAL CLIMATOLOGICAL DATA (WS FORM: F-6) , PAGE 2
STATION: SANFORD
MONTH: AUGUST
YEAR: 2021
LATITUDE: 28 46 N
LONGITUDE: 81 15 W
[TEMPERATURE DATA] [PRECIPITATION DATA] SYMBOLS USED IN COLUMN 16
AVERAGE MONTHLY: 84.0 TOTAL FOR MONTH: 8.60 1 = FOG OR MIST
DPTR FM NORMAL: 0.4 DPTR FM NORMAL: 1.83 2 = FOG REDUCING VISIBILITY
HIGHEST: 96 ON 21,20 GRTST 24HR 2.52 ON 24-24 TO 1/4 MILE OR LESS
LOWEST: 70 ON 24 3 = THUNDER
SNOW, ICE PELLETS, HAIL 4 = ICE PELLETS
TOTAL MONTH: 0.0 INCH 5 = HAIL
GRTST 24HR 0.0 6 = FREEZING RAIN OR DRIZZLE
GRTST DEPTH: 0 7 = DUSTSTORM OR SANDSTORM:
VSBY 1/2 MILE OR LESS
8 = SMOKE OR HAZE
[NO. OF DAYS WITH] [WEATHER - DAYS WITH] 9 = BLOWING SNOW
X = TORNADO
MAX 32 OR BELOW: 0 0.01 INCH OR MORE: 17
MAX 90 OR ABOVE: 28 0.10 INCH OR MORE: 12
MIN 32 OR BELOW: 0 0.50 INCH OR MORE: 6
MIN 0 OR BELOW: 0 1.00 INCH OR MORE: 2
[HDD (BASE 65) ]
TOTAL THIS MO. 0 CLEAR (SCALE 0-3) 26
DPTR FM NORMAL 0 PTCLDY (SCALE 4-7) 5
TOTAL FM JUL 1 0 CLOUDY (SCALE 8-10) 0
DPTR FM NORMAL 0
[CDD (BASE 65) ]
TOTAL THIS MO. 596
DPTR FM NORMAL 21 [PRESSURE DATA]
TOTAL FM JAN 1 2654 HIGHEST SLP M ON M
DPTR FM NORMAL 140 LOWEST SLP 29.84 ON 31
[REMARKS]
#FINAL-08-21#
USED SFNF1 FOR MAX TEMP ON 8/13 DUE TO LOSS OF POWER AT KSFB.