000
CXUS54 KLZK 011130
CF6SGT
PRELIMINARY LOCAL CLIMATOLOGICAL DATA (WS FORM: F-6)
STATION: Stuttgart Airport
MONTH: MARCH
YEAR: 2020
LATITUDE: 34 35 N
LONGITUDE: 91 34 W
TEMPERATURE IN F: :PCPN: SNOW: WIND :SUNSHINE: SKY :PK WND
================================================================================
1 2 3 4 5 6A 6B 7 8 9 10 11 12 13 14 15 16 17 18
12Z AVG MX 2MIN
DY MAX MIN AVG DEP HDD CDD WTR SNW DPTH SPD SPD DIR MIN PSBL S-S WX SPD DR
================================================================================
1 71 51 61 13 4 0 0.00 M M 17.7 27 190 M M 4 8 35 190
2 71 60 66 18 0 1 0.00 M M 13.8 21 190 M M 7 23 200
3 66 54 60 11 5 0 0.02 M M 6.1 16 210 M M 4 3 M M
4 59 51 55 6 10 0 0.04 M M 7.2 12 30 M M 6 M M
5 70 47 59 10 6 0 0.00 M M 10.4 21 340 M M 1 18 310
6 62 42 52 2 13 0 0.00 M M 11.8 21 340 M M 0 8 23 360
7 61 35 48 -2 17 0 T M M 5.4 8 150 M M 0 8 M M
8 68 40 54 4 11 0 T M M 11.1 18 180 M M 0 8 22 170
9 63 55 59 8 6 0 0.41 M M 17.5 23 170 M M 7 1 35 170
10 64 49 57 6 8 0 0.14 M M 10.1 16 320 M M 6 M M
11 67 49 58 7 7 0 0.64 M M 7.2 10 80 M M 6 13 M M
12 76 55 66 15 0 1 0.03 M M 13.3 25 220 M M 6 1 32 210
13 66 49 58 6 7 0 T M M 15.3 21 20 M M 10 31 20
14 58 46 52 0 13 0 0.40 M M 9.5 16 50 M M 10 1 M M
15 49 43 46 -6 19 0 0.24 M M 15.5 21 20 M M 10 1 25 20
16 50 42 46 -7 19 0 0.34 M M 6.2 14 90 M M 10 1 M M
17 58 49 54 1 11 0 0.00 M M 7.7 12 40 M M 9 1 M M
18 73 51 62 9 3 0 0.25 M M 5.6 8 140 M M 8 1 M M
19 M M M M M M 0.04 M M 14.5 22 170 M M 5 3 31 200
20 73 48 61 7 4 0 0.34 M M 12.0 21 360 M M 6 13 M M
21 51 44 48 -6 17 0 0.00 M M 11.6 17 10 M M 7 M M
22 50 45 48 -6 17 0 0.66 M M 8.0 17 70 M M 8 13 M M
23 63 49 56 1 9 0 0.15 M M 7.6 13 360 M M 8 1 M M
24 77 55 66 11 0 1 1.15 M M 10.7 16 20 M M 8 13 23 20
25 62 52 57 2 8 0 0.00 M M 7.8 16 30 M M 7 M M
26 86 53 70 14 0 5 0.00 M M 12.0 22 200 M M 0 1 M M
27 79 68 74 18 0 9 T M M 12.7 18 210 M M 1 3 24 210
28 80 58 69 13 0 4 1.13 M M 15.4 20 200 M M 6 13 28 200
29 71 53 62 6 3 0 0.00 M M 7.7 14 250 M M 0 M M
30 59 52 56 -1 9 0 1.60 M M 5.6 13 60 M M 7 M M
31 64 49 57 0 8 0 0.40 M M 12.9 27 10 M M 5 1 33 10
================================================================================
SM 1967 1494 234 21 7.98 M 329.9 M 172
================================================================================
AV 65.6 49.8 10.6 FASTST M M 6 MAX(MPH)
MISC ----> # 27 190 # 35 190
================================================================================
NOTES:
# LAST OF SEVERAL OCCURRENCES
COLUMN 17 PEAK WIND IN M.P.H.
PRELIMINARY LOCAL CLIMATOLOGICAL DATA (WS FORM: F-6) , PAGE 2
STATION: Stuttgart Airport
MONTH: MARCH
YEAR: 2020
LATITUDE: 34 35 N
LONGITUDE: 91 34 W
[TEMPERATURE DATA] [PRECIPITATION DATA] SYMBOLS USED IN COLUMN 16
AVERAGE MONTHLY: 57.7 TOTAL FOR MONTH: 7.98 1 = FOG OR MIST
DPTR FM NORMAL: 5.1 DPTR FM NORMAL: 2.98 2 = FOG REDUCING VISIBILITY
HIGHEST: 86 ON 26 GRTST 24HR 1.60 ON 30-30 TO 1/4 MILE OR LESS
LOWEST: 35 ON 7 3 = THUNDER
SNOW, ICE PELLETS, HAIL 4 = ICE PELLETS
TOTAL MONTH: M 5 = HAIL
GRTST 24HR M ON M 6 = FREEZING RAIN OR DRIZZLE
GRTST DEPTH: M ON M 7 = DUSTSTORM OR SANDSTORM:
VSBY 1/2 MILE OR LESS
8 = SMOKE OR HAZE
[NO. OF DAYS WITH] [WEATHER - DAYS WITH] 9 = BLOWING SNOW
X = TORNADO
MAX 32 OR BELOW: 0 0.01 INCH OR MORE: 18
MAX 90 OR ABOVE: 0 0.10 INCH OR MORE: 14
MIN 32 OR BELOW: 0 0.50 INCH OR MORE: 5
MIN 0 OR BELOW: 0 1.00 INCH OR MORE: 3
[HDD (BASE 65) ]
TOTAL THIS MO. 234 CLEAR (SCALE 0-3) 7
DPTR FM NORMAL -163 PTCLDY (SCALE 4-7) 18
TOTAL FM JUL 1 2525 CLOUDY (SCALE 8-10) 6
DPTR FM NORMAL -481
[CDD (BASE 65) ]
TOTAL THIS MO. 21
DPTR FM NORMAL 14 [PRESSURE DATA]
TOTAL FM JAN 1 21 HIGHEST SLP 30.58 ON 7
DPTR FM NORMAL 14 LOWEST SLP 29.70 ON 27
[REMARKS]
#FINAL-03-20#