000
CXUS56 KMTR 010900
CF6SJC
PRELIMINARY LOCAL CLIMATOLOGICAL DATA (WS FORM: F-6)
STATION: SAN JOSE AIRPORT
MONTH: MARCH
YEAR: 2022
LATITUDE: 37 21 N
LONGITUDE: 121 55 W
TEMPERATURE IN F: :PCPN: SNOW: WIND :SUNSHINE: SKY :PK WND
================================================================================
1 2 3 4 5 6A 6B 7 8 9 10 11 12 13 14 15 16 17 18
12Z AVG MX 2MIN
DY MAX MIN AVG DEP HDD CDD WTR SNW DPTH SPD SPD DIR MIN PSBL S-S WX SPD DR
================================================================================
1 73 44 59 4 6 0 0.00 M M 4.5 13 330 M M 5 18 330
2 72 46 59 4 6 0 0.00 M M 5.1 17 330 M M 8 128 20 320
3 59 47 53 -2 12 0 T M M 3.5 10 340 M M 7 16 10
4 59 45 52 -3 13 0 0.04 M M 7.8 26 300 M M 8 18 38 310
5 58 42 50 -5 15 0 0.00 M M 7.6 17 330 M M 4 23 280
6 64 38 51 -4 14 0 0.00 M M 6.5 17 350 M M 1 22 330
7 69 38 54 -1 11 0 0.00 M M 6.0 20 340 M M 2 29 20
8 74 40 57 1 8 0 T M M 5.3 15 360 M M 1 20 300
9 68 41 55 -1 10 0 0.00 M M 7.6 24 330 M M 1 32 330
10 68 43 56 0 9 0 0.00 M M 7.9 22 340 M M 0 30 10
11 74 39 57 1 8 0 0.00 M M 4.9 13 330 M M 1 20 20
12 70 42 56 0 9 0 0.00 M M 5.5 23 340 M M 3 28 360
13 67 49 58 2 7 0 0.00 M M 7.8 17 340 M M 7 22 320
14 75 41 58 2 7 0 0.00 M M 5.6 21 330 M M 5 24 340
15 70 51 61 5 4 0 T M M 7.9 18 340 M M 7 25 350
16 70 47 59 3 6 0 0.00 M M 5.6 17 330 M M 3 8 23 350
17 67 48 58 2 7 0 0.00 M M 4.6 17 340 M M 4 23 350
18 72 43 58 2 7 0 0.00 M M 4.5 18 320 M M 5 23 320
19 58 50 54 -2 11 0 0.06 M M 6.6 17 120 M M 7 1 22 320
20 68 44 56 0 9 0 0.00 M M 9.5 18 350 M M 3 25 340
21 73 45 59 3 6 0 0.00 M M 5.8 20 330 M M 3 24 330
22 84 49 67 10 0 2 0.00 M M 7.1 18 330 M M 0 24 350
23 71 51 61 4 4 0 T M M 6.2 14 310 M M 4 19 310
24 71 47 59 2 6 0 0.00 M M 6.0 17 330 M M 4 21 320
25 71 50 61 4 4 0 0.00 M M 6.4 15 340 M M 6 19 350
26 72 46 59 2 6 0 0.00 M M 6.7 17 320 M M 4 21 340
27 66 50 58 1 7 0 0.07 M M 10.9 23 210 M M 6 35 200
28 64 50 57 0 8 0 0.18 M M 8.7 23 160 M M 8 1 30 150
29 65 50 58 1 7 0 0.00 M M 7.0 20 340 M M 7 27 360
30 64 50 57 0 8 0 0.00 M M 5.6 17 330 M M 8 25 10
31 70 45 58 1 7 0 0.00 M M 6.0 17 340 M M 4 23 310
================================================================================
SM 2126 1411 242 2 0.35 M 200.7 M 136
================================================================================
AV 68.6 45.5 6.5 FASTST M M 4 MAX(MPH)
MISC ----> 26 300 38 310
================================================================================
NOTES:
# LAST OF SEVERAL OCCURRENCES
COLUMN 17 PEAK WIND IN M.P.H.
PRELIMINARY LOCAL CLIMATOLOGICAL DATA (WS FORM: F-6) , PAGE 2
STATION: SAN JOSE AIRPORT
MONTH: MARCH
YEAR: 2022
LATITUDE: 37 21 N
LONGITUDE: 121 55 W
[TEMPERATURE DATA] [PRECIPITATION DATA] SYMBOLS USED IN COLUMN 16
AVERAGE MONTHLY: 57.0 TOTAL FOR MONTH: 0.35 1 = FOG OR MIST
DPTR FM NORMAL: 0.9 DPTR FM NORMAL: -1.73 2 = FOG REDUCING VISIBILITY
HIGHEST: 84 ON 22 GRTST 24HR 0.25 ON 27-28 TO 1/4 MILE OR LESS
LOWEST: 38 ON 7, 6 3 = THUNDER
SNOW, ICE PELLETS, HAIL 4 = ICE PELLETS
TOTAL MONTH: M 5 = HAIL
GRTST 24HR M ON M 6 = FREEZING RAIN OR DRIZZLE
GRTST DEPTH: M ON M 7 = DUSTSTORM OR SANDSTORM:
VSBY 1/2 MILE OR LESS
8 = SMOKE OR HAZE
[NO. OF DAYS WITH] [WEATHER - DAYS WITH] 9 = BLOWING SNOW
X = TORNADO
MAX 32 OR BELOW: 0 0.01 INCH OR MORE: 4
MAX 90 OR ABOVE: 0 0.10 INCH OR MORE: 1
MIN 32 OR BELOW: 0 0.50 INCH OR MORE: 0
MIN 0 OR BELOW: 0 1.00 INCH OR MORE: 0
[HDD (BASE 65) ]
TOTAL THIS MO. 242 CLEAR (SCALE 0-3) 11
DPTR FM NORMAL -36 PTCLDY (SCALE 4-7) 19
TOTAL FM JUL 1 1648 CLOUDY (SCALE 8-10) 1
DPTR FM NORMAL -213
[CDD (BASE 65) ]
TOTAL THIS MO. 2
DPTR FM NORMAL 0 [PRESSURE DATA]
TOTAL FM JAN 1 2 HIGHEST SLP M ON M
DPTR FM NORMAL 0 LOWEST SLP 29.65 ON 27
[REMARKS]
#FINAL-03-22#