000
CXUS56 KMTR 010900
CF6SJC
PRELIMINARY LOCAL CLIMATOLOGICAL DATA (WS FORM: F-6)
STATION: SAN JOSE AIRPORT
MONTH: JULY
YEAR: 2021
LATITUDE: 37 21 N
LONGITUDE: 121 55 W
TEMPERATURE IN F: :PCPN: SNOW: WIND :SUNSHINE: SKY :PK WND
================================================================================
1 2 3 4 5 6A 6B 7 8 9 10 11 12 13 14 15 16 17 18
12Z AVG MX 2MIN
DY MAX MIN AVG DEP HDD CDD WTR SNW DPTH SPD SPD DIR MIN PSBL S-S WX SPD DR
================================================================================
1 79 59 69 0 0 4 0.00 M M 8.8 17 320 M M 5 20 320
2 79 60 70 1 0 5 0.00 M M 7.5 18 310 M M 5 23 310
3 77 59 68 -1 0 3 0.00 M M 7.5 17 330 M M 7 22 330
4 77 58 68 -1 0 3 0.00 M M 9.3 17 320 M M 4 8 20 320
5 76 58 67 -2 0 2 0.00 M M 8.1 20 330 M M 5 8 24 340
6 74 58 66 -3 0 1 0.00 M M 8.8 17 330 M M 5 20 330
7 71 56 64 -5 1 0 0.00 M M 8.2 16 330 M M 5 20 320
8 86 56 71 2 0 6 0.00 M M 4.3 14 320 M M 5 8 17 340
9 86 62 74 5 0 9 0.00 M M 6.9 15 320 M M 3 19 310
10 84 59 72 3 0 7 0.00 M M 6.9 13 330 M M 1 M M
11 75 57 66 -3 0 1 0.00 M M 8.2 15 330 M M 2 19 330
12 72 57 65 -4 0 0 0.00 M M 7.2 16 330 M M 5 20 330
13 75 57 66 -4 0 1 0.00 M M 7.6 15 320 M M 4 20 330
14 80 56 68 -2 0 3 0.00 M M 8.7 16 330 M M 1 19 330
15 73 56 65 -5 0 0 0.00 M M 7.6 18 340 M M 3 22 340
16 78 53 66 -4 0 1 0.00 M M 7.1 15 310 M M 3 8 19 310
17 82 54 68 -2 0 3 0.00 M M 7.4 15 320 M M 0 8 18 330
18 84 58 71 1 0 6 0.00 M M 6.3 15 310 M M 4 18 320
19 83 58 71 1 0 6 0.00 M M 7.1 17 330 M M 3 22 340
20 76 57 67 -3 0 2 0.00 M M 5.5 13 310 M M 1 17 310
21 78 57 68 -2 0 3 0.00 M M 6.5 15 320 M M 0 18 310
22 76 56 66 -4 0 1 0.00 M M 6.2 16 330 M M 2 20 310
23 83 55 69 -1 0 4 0.00 M M 8.1 16 320 M M 1 19 340
24 81 55 68 -2 0 3 0.00 M M 6.3 15 310 M M 3 17 310
25 83 56 70 0 0 5 0.00 M M 5.9 16 320 M M 4 19 310
26 82 59 71 1 0 6 0.00 M M 5.6 14 330 M M 6 16 330
27 84 62 73 3 0 8 0.00 M M 6.7 17 340 M M 3 21 350
28 84 61 73 3 0 8 0.00 M M 7.2 16 320 M M 5 20 300
29 82 61 72 2 0 7 0.00 M M 6.3 13 330 M M 4 15 300
30 83 61 72 2 0 7 0.00 M M 6.4 17 320 M M 2 20 320
31 81 61 71 1 0 6 0.00 M M 8.6 16 310 M M 2 22 310
================================================================================
SM 2464 1792 1 121 0.00 M 222.8 M 103
================================================================================
AV 79.5 57.8 7.2 FASTST M M 3 MAX(MPH)
MISC ----> 20 330 24 340
================================================================================
NOTES:
# LAST OF SEVERAL OCCURRENCES
COLUMN 17 PEAK WIND IN M.P.H.
PRELIMINARY LOCAL CLIMATOLOGICAL DATA (WS FORM: F-6) , PAGE 2
STATION: SAN JOSE AIRPORT
MONTH: JULY
YEAR: 2021
LATITUDE: 37 21 N
LONGITUDE: 121 55 W
[TEMPERATURE DATA] [PRECIPITATION DATA] SYMBOLS USED IN COLUMN 16
AVERAGE MONTHLY: 68.6 TOTAL FOR MONTH: 0.00 1 = FOG OR MIST
DPTR FM NORMAL: -0.9 DPTR FM NORMAL: 0.00 2 = FOG REDUCING VISIBILITY
HIGHEST: 86 ON 9, 8 GRTST 24HR 0.00 ON 1- 1 TO 1/4 MILE OR LESS
LOWEST: 53 ON 16 3 = THUNDER
SNOW, ICE PELLETS, HAIL 4 = ICE PELLETS
TOTAL MONTH: M 5 = HAIL
GRTST 24HR M ON M 6 = FREEZING RAIN OR DRIZZLE
GRTST DEPTH: M ON M 7 = DUSTSTORM OR SANDSTORM:
VSBY 1/2 MILE OR LESS
8 = SMOKE OR HAZE
[NO. OF DAYS WITH] [WEATHER - DAYS WITH] 9 = BLOWING SNOW
X = TORNADO
MAX 32 OR BELOW: 0 0.01 INCH OR MORE: 0
MAX 90 OR ABOVE: 0 0.10 INCH OR MORE: 0
MIN 32 OR BELOW: 0 0.50 INCH OR MORE: 0
MIN 0 OR BELOW: 0 1.00 INCH OR MORE: 0
[HDD (BASE 65) ]
TOTAL THIS MO. 1 CLEAR (SCALE 0-3) 16
DPTR FM NORMAL -3 PTCLDY (SCALE 4-7) 15
TOTAL FM JUL 1 1 CLOUDY (SCALE 8-10) 0
DPTR FM NORMAL 1
[CDD (BASE 65) ]
TOTAL THIS MO. 121
DPTR FM NORMAL -21 [PRESSURE DATA]
TOTAL FM JAN 1 253 HIGHEST SLP M ON M
DPTR FM NORMAL -33 LOWEST SLP 29.78 ON 8
[REMARKS]
#FINAL-07-21#