000
CXUS56 KMTR 010846
CLMSJC
CLIMATE REPORT
NATIONAL WEATHER SERVICE SAN FRANCISCO BAY AREA
146 AM PDT MON APR 01 2024
...................................
...THE SAN JOSE AIRPORT CLIMATE SUMMARY FOR THE MONTH OF MARCH 2024...
CLIMATE NORMAL PERIOD: 1991 TO 2020
CLIMATE RECORD PERIOD: 1893 TO 2024
WEATHER OBSERVED NORMAL DEPART LAST YEAR`S
VALUE DATE(S) VALUE FROM VALUE DATE(S)
NORMAL
................................................................
TEMPERATURE (F)
RECORD
HIGH 89 03/14/2015
LOW 25 03/06/1903
03/15/1895
HIGHEST 75 03/15 71 03/18
LOWEST 42 03/08 36 03/27
AVG. MAXIMUM 65.8 65.9 -0.1 60.2
AVG. MINIMUM 48.4 46.3 2.1 43.5
MEAN 57.1 51.9
DAYS MAX >= 90 0 0
DAYS MAX <= 32 0 0
DAYS MIN <= 32 0 0
DAYS MIN <= 0 0 0
PRECIPITATION (INCHES)
TOTALS 3.13 2.08 1.05 4.02
DAILY AVG. 0.10 0.07 0.03 0.13
DAYS >= .01 14 15
DAYS >= .10 9 10
DAYS >= .50 2 3
DAYS >= 1.00 0 0
GREATEST
24 HR. TOTAL 0.86 03/22 TO 03/23 1.01 03/09 TO 03/10
DEGREE DAYS
HEATING TOTAL 236 278 -42 399
SINCE 7/1 1300 1861 -561 MM
COOLING TOTAL 0 2 -2 0
SINCE 1/1 0 2 -2 MM
................................................................
WIND (MPH)
AVERAGE WIND SPEED 7.2
RESULTANT WIND SPEED/DIRECTION 1/300
HIGHEST WIND SPEED/DIRECTION 32/150 DATE 03/29
HIGHEST GUST SPEED/DIRECTION 48/120 DATE 03/29
SKY COVER
POSSIBLE SUNSHINE (PERCENT) MM
AVERAGE SKY COVER 0.55
NUMBER OF DAYS FAIR 7
NUMBER OF DAYS PC 16
NUMBER OF DAYS CLOUDY 8
AVERAGE RH (PERCENT) 64
WEATHER CONDITIONS. NUMBER OF DAYS WITH
THUNDERSTORM 2 MIXED PRECIP 0
HEAVY RAIN 3 RAIN 9
LIGHT RAIN 14 FREEZING RAIN 0
LT FREEZING RAIN 0 HAIL 0
HEAVY SNOW 0 SNOW 0
LIGHT SNOW 0 SLEET 0
FOG 10 FOG W/VIS <= 1/4 MILE 0
HAZE 3
- INDICATES NEGATIVE NUMBERS.
R INDICATES RECORD WAS SET OR TIED.
MM INDICATES DATA IS MISSING.
T INDICATES TRACE AMOUNT.
$$