000
CXUS56 KSLC 011229
CF6SLC
PRELIMINARY LOCAL CLIMATOLOGICAL DATA (WS FORM: F-6)
STATION: SALT LAKE CITY UT
MONTH: MARCH
YEAR: 2020
LATITUDE: 40 46 N
LONGITUDE: 111 58 W
TEMPERATURE IN F: :PCPN: SNOW: WIND :SUNSHINE: SKY :PK WND
================================================================================
1 2 3 4 5 6A 6B 7 8 9 10 11 12 13 14 15 16 17 18
12Z AVG MX 2MIN
DY MAX MIN AVG DEP HDD CDD WTR SNW DPTH SPD SPD DIR MIN PSBL S-S WX SPD DR
================================================================================
1 39 31 35 -4 30 0 0.23 1.5 0 9.7 24 330 M M 8 1 29 330
2 43 27 35 -5 30 0 0.00 0.0 1 4.2 10 350 M M 2 14 340
3 49 30 40 0 25 0 0.00 0.0 0 5.7 12 160 M M 6 14 150
4 61 30 46 6 19 0 0.00 0.0 0 7.3 16 170 M M 0 20 150
5 66 37 52 11 13 0 0.00 0.0 0 10.2 15 160 M M 0 23 170
6 70 48 59 18 6 0 0.00 0.0 0 13.0 23 150 M M 0 27 170
7 64 47 56 15 9 0 0.00 0.0 0 15.2 28 170 M M 2 37 160
8 54 41 48 6 17 0 0.05 0.0 0 8.7 25 280 M M 7 31 280
9 57 40 49 7 16 0 T 0.0 0 9.5 23 180 M M 7 28 180
10 58 37 48 6 17 0 0.00 0.0 0 4.3 14 340 M M 2 17 340
11 61 38 50 7 15 0 T 0.0 0 5.9 13 360 M M 4 17 340
12 58 38 48 5 17 0 0.00 0.0 0 6.4 16 330 M M 0 22 330
13 50 32 41 -2 24 0 0.00 0.0 0 10.5 28 150 M M 1 35 140
14 60 46 53 9 12 0 0.00 0.0 0 22.2 33 170 M M 5 45 210
15 65 47 56 12 9 0 0.00 0.0 0 17.3 30 160 M M 2 40 170
16 62 44 53 9 12 0 0.00 0.0 0 11.1 20 190 M M 1 27 190
17 66 40 53 9 12 0 T 0.0 0 11.1 24 160 M M 4 30 140
18 52 40 46 2 19 0 0.07 0.0 0 10.3 21 180 M M 8 1 25 160
19 48 37 43 -2 22 0 0.09 0.0 0 5.6 14 330 M M 9 1 17 170
20 47 37 42 -3 23 0 0.02 0.0 0 8.0 16 180 M M 7 24 190
21 53 33 43 -2 22 0 T 0.0 0 5.7 22 240 M M 5 1 28 250
22 57 37 47 2 18 0 0.00 0.0 0 5.4 13 320 M M 5 17 340
23 56 41 49 3 16 0 0.08 0.0 0 10.6 21 220 M M 6 28 270
24 59 40 50 4 15 0 0.04 0.0 0 14.7 29 170 M M 6 1 37 180
25 45 33 39 -7 26 0 0.48 1.1 0 8.9 20 340 M M 10 1 22 340
26 43 31 37 -9 28 0 0.27 3.4 3 7.2 16 280 M M 8 1 20 280
27 44 27 36 -10 29 0 0.01 0.0 0 6.3 20 290 M M 3 1 27 300
28 48 32 40 -6 25 0 0.11 1.5 2 7.0 16 130 M M 7 1 20 110
29 54 37 46 -1 19 0 T 0.0 0 8.8 18 160 M M 7 3 23 180
30 57 40 49 2 16 0 0.08 0.0 0 6.2 17 170 M M 7 1 22 170
31 68 49 59 12 6 0 0.00 0.0 0 11.3 21 230 M M 9 32 210
================================================================================
SM 1714 1167 567 0 1.53 7.5 288.3 M 148
================================================================================
AV 55.3 37.7 9.3 FASTST M M 5 MAX(MPH)
MISC ----> # 33 170 # 45 210
================================================================================
NOTES:
# LAST OF SEVERAL OCCURRENCES
COLUMN 17 PEAK WIND IN M.P.H.
PRELIMINARY LOCAL CLIMATOLOGICAL DATA (WS FORM: F-6) , PAGE 2
STATION: SALT LAKE CITY UT
MONTH: MARCH
YEAR: 2020
LATITUDE: 40 46 N
LONGITUDE: 111 58 W
[TEMPERATURE DATA] [PRECIPITATION DATA] SYMBOLS USED IN COLUMN 16
AVERAGE MONTHLY: 46.5 TOTAL FOR MONTH: 1.53 1 = FOG OR MIST
DPTR FM NORMAL: 2.9 DPTR FM NORMAL: -0.26 2 = FOG REDUCING VISIBILITY
HIGHEST: 70 ON 6 GRTST 24HR 0.48 ON 25-25 TO 1/4 MILE OR LESS
LOWEST: 27 ON 27, 2 3 = THUNDER
SNOW, ICE PELLETS, HAIL 4 = ICE PELLETS
TOTAL MONTH: 7.5 INCHES 5 = HAIL
GRTST 24HR 3.4 ON 26-26 6 = FREEZING RAIN OR DRIZZLE
GRTST DEPTH: 3 ON 26 7 = DUSTSTORM OR SANDSTORM:
VSBY 1/2 MILE OR LESS
8 = SMOKE OR HAZE
[NO. OF DAYS WITH] [WEATHER - DAYS WITH] 9 = BLOWING SNOW
X = TORNADO
MAX 32 OR BELOW: 0 0.01 INCH OR MORE: 12
MAX 90 OR ABOVE: 0 0.10 INCH OR MORE: 4
MIN 32 OR BELOW: 8 0.50 INCH OR MORE: 0
MIN 0 OR BELOW: 0 1.00 INCH OR MORE: 0
[HDD (BASE 65) ]
TOTAL THIS MO. 567 CLEAR (SCALE 0-3) 11
DPTR FM NORMAL -95 PTCLDY (SCALE 4-7) 16
TOTAL FM JUL 1 4627 CLOUDY (SCALE 8-10) 4
DPTR FM NORMAL -291
[CDD (BASE 65) ]
TOTAL THIS MO. 0
DPTR FM NORMAL 0 [PRESSURE DATA]
TOTAL FM JAN 1 0 HIGHEST SLP 30.30 ON 5
DPTR FM NORMAL 0 LOWEST SLP 29.59 ON 17
[REMARKS]
#FINAL-03-20#