000
CXUS53 KICT 031117
CF6SLN
PRELIMINARY LOCAL CLIMATOLOGICAL DATA (WS FORM: F-6)
STATION: SALINA KS
MONTH: JANUARY
YEAR: 2024
LATITUDE: 38 47 N
LONGITUDE: 97 39 W
TEMPERATURE IN F: :PCPN: SNOW: WIND :SUNSHINE: SKY :PK WND
================================================================================
1 2 3 4 5 6A 6B 7 8 9 10 11 12 13 14 15 16 17 18
12Z AVG MX 2MIN
DY MAX MIN AVG DEP HDD CDD WTR SNW DPTH SPD SPD DIR MIN PSBL S-S WX SPD DR
================================================================================
1 32 25 29 -1 36 0 0.00 M M 7.0 16 190 M M 8 20 190
2 43 22 33 3 32 0 0.00 M M 3.9 9 170 M M 0 14 170
3 48 21 35 5 30 0 0.00 M M 3.7 10 110 M M 0 1 14 130
4 36 25 31 1 34 0 0.00 M M 8.3 15 120 M M 7 1 19 130
5 33 29 31 1 34 0 0.07 M M 5.4 10 60 M M 8 1 14 70
6 42 26 34 4 31 0 0.00 M M 8.8 21 310 M M 8 1 26 310
7 43 18 31 1 34 0 0.00 M M 11.2 23 140 M M 0 32 130
8 41 24 33 3 32 0 0.75 M M 16.1 38 340 M M 9 123 47 340
9 29 11 20 -10 45 0 T M M 19.4 36 340 M M 4 189 46 340
10 41 11 26 -4 39 0 0.00 M M 10.8 18 290 M M 1 25 290
11 31 9 20 -10 45 0 T M M 15.0 33 340 M M 4 1 43 330
12 14 2 8 -22 57 0 T M M 21.7 33 340 M M 6 18 44 330
13 4 -7 -1 -31 66 0 T M M 17.7 30 330 M M 4 8 38 340
14 4 -6 -1 -31 66 0 0.00 M M 9.0 17 360 M M 4 20 360
15 4 -8 -2 -32 67 0 T M M 10.6 22 320 M M 5 8 27 330
16 15 -11 2 -29 63 0 0.00 M M 8.2 15 210 M M 0 19 210
17 34 10 22 -9 43 0 0.00 M M 7.0 15 170 M M 0 20 190
18 29 8 19 -12 46 0 T M M 13.7 36 350 M M 3 89 47 350
19 12 0 6 -25 59 0 0.00 M M 10.9 29 340 M M 0 35 340
20 13 -2 6 -25 59 0 0.00 M M 6.6 13 140 M M 0 17 120
21 34 12 23 -8 42 0 T M M 16.9 25 170 M M 1 36 170
22 34 29 32 1 33 0 0.00 M M 9.4 20 170 M M 10 1 27 170
23 35 33 34 3 31 0 T M M 4.6 9 80 M M 10 1 11 90
24 37 32 35 4 30 0 0.00 M M 2.4 8 330 M M 10 12 9 330
25 41 33 37 6 28 0 T M M 3.7 9 350 M M 10 12 11 340
26 34 31 33 2 32 0 0.00 M M 7.9 13 340 M M 10 1 17 350
27 46 29 38 7 27 0 0.00 M M 8.7 15 330 M M 6 1 19 320
28 55 24 40 9 25 0 0.00 M M 3.8 10 160 M M 0 13 170
29 64 28 46 14 19 0 0.00 M M 5.4 15 320 M M 0 1 17 300
30 63 33 48 16 17 0 0.00 M M 5.8 14 320 M M 0 17 320
31 69 31 50 18 15 0 0.00 M M 6.7 16 170 M M 0 1 20 170
================================================================================
SM 1060 522 1217 0 0.82 M 290.3 M 128
================================================================================
AV 34.2 16.8 9.4 FASTST M M 4 MAX(MPH)
MISC ----> 38 340 # 47 340
================================================================================
NOTES:
# LAST OF SEVERAL OCCURRENCES
COLUMN 17 PEAK WIND IN M.P.H.
PRELIMINARY LOCAL CLIMATOLOGICAL DATA (WS FORM: F-6) , PAGE 2
STATION: SALINA KS
MONTH: JANUARY
YEAR: 2024
LATITUDE: 38 47 N
LONGITUDE: 97 39 W
[TEMPERATURE DATA] [PRECIPITATION DATA] SYMBOLS USED IN COLUMN 16
AVERAGE MONTHLY: 25.5 TOTAL FOR MONTH: 0.82 1 = FOG OR MIST
DPTR FM NORMAL: -5.3 DPTR FM NORMAL: 0.11 2 = FOG REDUCING VISIBILITY
HIGHEST: 69 ON 31 GRTST 24HR 0.75 ON 8- 8 TO 1/4 MILE OR LESS
LOWEST: -11 ON 16 3 = THUNDER
SNOW, ICE PELLETS, HAIL 4 = ICE PELLETS
TOTAL MONTH: M 5 = HAIL
GRTST 24HR M ON M 6 = FREEZING RAIN OR DRIZZLE
GRTST DEPTH: M ON M 7 = DUSTSTORM OR SANDSTORM:
VSBY 1/2 MILE OR LESS
8 = SMOKE OR HAZE
[NO. OF DAYS WITH] [WEATHER - DAYS WITH] 9 = BLOWING SNOW
X = TORNADO
MAX 32 OR BELOW: 11 0.01 INCH OR MORE: 2
MAX 90 OR ABOVE: 0 0.10 INCH OR MORE: 1
MIN 32 OR BELOW: 28 0.50 INCH OR MORE: 1
MIN 0 OR BELOW: 6 1.00 INCH OR MORE: 0
[HDD (BASE 65) ]
TOTAL THIS MO. 1217 CLEAR (SCALE 0-3) 14
DPTR FM NORMAL 155 PTCLDY (SCALE 4-7) 10
TOTAL FM JUL 1 2836 CLOUDY (SCALE 8-10) 7
DPTR FM NORMAL -197
[CDD (BASE 65) ]
TOTAL THIS MO. 0
DPTR FM NORMAL 0 [PRESSURE DATA]
TOTAL FM JAN 1 0 HIGHEST SLP 30.76 ON 20
DPTR FM NORMAL 0 LOWEST SLP 29.47 ON 10
[REMARKS]
#FINAL-01-24#