000
CXUS53 KICT 020054
CF6SLN
PRELIMINARY LOCAL CLIMATOLOGICAL DATA (WS FORM: F-6)
STATION: SALINA KS
MONTH: DECEMBER
YEAR: 2020
LATITUDE: 38 47 N
LONGITUDE: 97 39 W
TEMPERATURE IN F: :PCPN: SNOW: WIND :SUNSHINE: SKY :PK WND
================================================================================
1 2 3 4 5 6A 6B 7 8 9 10 11 12 13 14 15 16 17 18
12Z AVG MX 2MIN
DY MAX MIN AVG DEP HDD CDD WTR SNW DPTH SPD SPD DIR MIN PSBL S-S WX SPD DR
================================================================================
1 50 21 36 0 29 0 0.00 M M 4.7 14 140 M M 0 17 140
2 47 25 36 0 29 0 0.00 M M 11.0 18 360 M M 3 23 20
3 46 24 35 0 30 0 0.00 M M 9.1 17 350 M M 4 22 350
4 57 23 40 5 25 0 0.00 M M 5.0 14 310 M M 0 16 310
5 54 29 42 8 23 0 0.00 M M 10.4 25 350 M M 0 32 360
6 51 27 39 5 26 0 0.00 M M 6.8 15 350 M M 0 19 360
7 60 23 42 8 23 0 0.00 M M 6.3 16 330 M M 0 20 340
8 64 24 44 10 21 0 0.00 M M 4.8 10 210 M M 0 16 210
9 68 30 49 16 16 0 0.00 M M 2.7 9 320 M M 0 8 12 290
10 61 25 43 10 22 0 0.00 M M 8.0 18 40 M M 0 8 25 30
11 42 33 38 5 27 0 0.10 M M 12.9 21 310 M M 8 1 25 310
12 34 31 33 1 32 0 0.00 M M 13.4 23 340 M M 10 30 340
13 37 17 27 -5 38 0 0.00 M M 8.6 15 320 M M 5 21 350
14 41 15 28 -4 37 0 0.00 M M 8.4 21 140 M M 0 26 150
15 29 18 24 -8 41 0 0.09 M M 6.6 15 110 M M 8 12 20 110
16 37 17 27 -5 38 0 T M M 4.2 13 210 M M 4 12 18 190
17 53 22 38 6 27 0 0.00 M M 6.3 15 170 M M 0 20 170
18 54 32 43 11 22 0 0.00 M M 16.8 32 200 M M 0 41 190
19 47 21 34 3 31 0 0.00 M M 7.1 14 200 M M 0 17 190
20 57 31 44 13 21 0 0.00 M M 10.1 18 310 M M 1 23 310
21 62 31 47 16 18 0 0.00 M M 5.1 12 320 M M 0 8 16 320
22 65 29 47 16 18 0 0.00 M M 16.4 37 190 M M 0 53 200
23 56 23 40 9 25 0 T M M 26.5 44 330 M M 5 57 330
24 37 19 28 -3 37 0 0.00 M M 9.2 22 340 M M 3 29 340
25 58 14 36 5 29 0 0.00 M M 6.2 15 210 M M 0 19 260
26 62 20 41 10 24 0 0.00 M M 6.9 21 190 M M 0 25 190
27 51 24 38 7 27 0 0.00 M M 9.8 30 340 M M 0 37 330
28 36 21 29 -2 36 0 T M M 5.7 13 100 M M 5 1 18 100
29 35 32 34 3 31 0 0.67 M M 9.2 21 320 M M 10 16 28 100
30 40 22 31 0 34 0 0.00 M M 9.8 21 320 M M 0 27 310
31 41 18 30 -1 35 0 0.00 M M 4.9 12 170 M M 0 15 170
================================================================================
SM 1532 741 872 0 0.86 M 272.9 M 66
================================================================================
AV 49.4 23.9 8.8 FASTST M M 2 MAX(MPH)
MISC ----> 44 330 57 330
================================================================================
NOTES:
# LAST OF SEVERAL OCCURRENCES
COLUMN 17 PEAK WIND IN M.P.H.
PRELIMINARY LOCAL CLIMATOLOGICAL DATA (WS FORM: F-6) , PAGE 2
STATION: SALINA KS
MONTH: DECEMBER
YEAR: 2020
LATITUDE: 38 47 N
LONGITUDE: 97 39 W
[TEMPERATURE DATA] [PRECIPITATION DATA] SYMBOLS USED IN COLUMN 16
AVERAGE MONTHLY: 36.7 TOTAL FOR MONTH: 0.86 1 = FOG OR MIST
DPTR FM NORMAL: 4.4 DPTR FM NORMAL: -0.08 2 = FOG REDUCING VISIBILITY
HIGHEST: 68 ON 9 GRTST 24HR 0.67 ON 29-29 TO 1/4 MILE OR LESS
LOWEST: 14 ON 25 3 = THUNDER
SNOW, ICE PELLETS, HAIL 4 = ICE PELLETS
TOTAL MONTH: M 5 = HAIL
GRTST 24HR M ON M 6 = FREEZING RAIN OR DRIZZLE
GRTST DEPTH: M ON M 7 = DUSTSTORM OR SANDSTORM:
VSBY 1/2 MILE OR LESS
8 = SMOKE OR HAZE
[NO. OF DAYS WITH] [WEATHER - DAYS WITH] 9 = BLOWING SNOW
X = TORNADO
MAX 32 OR BELOW: 1 0.01 INCH OR MORE: 3
MAX 90 OR ABOVE: 0 0.10 INCH OR MORE: 2
MIN 32 OR BELOW: 30 0.50 INCH OR MORE: 1
MIN 0 OR BELOW: 0 1.00 INCH OR MORE: 0
[HDD (BASE 65) ]
TOTAL THIS MO. 872 CLEAR (SCALE 0-3) 22
DPTR FM NORMAL -140 PTCLDY (SCALE 4-7) 6
TOTAL FM JUL 1 1815 CLOUDY (SCALE 8-10) 3
DPTR FM NORMAL -147
[CDD (BASE 65) ]
TOTAL THIS MO. 0
DPTR FM NORMAL 0 [PRESSURE DATA]
TOTAL FM JAN 1 1598 HIGHEST SLP 30.49 ON 28
DPTR FM NORMAL -49 LOWEST SLP 29.36 ON 23
[REMARKS]
#FINAL-12-20#