000
CXUS56 KLOX 011255
CF6SMO
PRELIMINARY LOCAL CLIMATOLOGICAL DATA (WS FORM: F-6)
STATION: SANTA MONICA AIRPORT CA
MONTH: JANUARY
YEAR: 2021
LATITUDE: 34 0 N
LONGITUDE: 118 27 W
TEMPERATURE IN F: :PCPN: SNOW: WIND :SUNSHINE: SKY :PK WND
================================================================================
1 2 3 4 5 6A 6B 7 8 9 10 11 12 13 14 15 16 17 18
12Z AVG MX 2MIN
DY MAX MIN AVG DEP HDD CDD WTR SNW DPTH SPD SPD DIR MIN PSBL S-S WX SPD DR
================================================================================
1 70 49 60 4 5 0 0.00 M M 4.3 14 210 M M 0 17 210
2 61 46 54 -2 11 0 0.00 M M 2.5 8 250 M M 1 12 210
3 61 50 56 0 9 0 0.00 M M 3.0 9 230 M M 6 18 12 220
4 59 47 53 -3 12 0 0.00 M M 3.1 12 230 M M 3 18 16 220
5 57 48 53 -4 12 0 0.00 M M 2.2 10 230 M M 6 128 14 260
6 67 46 57 0 8 0 0.00 M M 2.0 8 230 M M 0 128 10 210
7 67 43 55 -2 10 0 0.00 M M 2.3 13 270 M M 2 128 18 190
8 69 45 57 0 8 0 0.00 M M 5.8 21 350 M M 1 18 36 360
9 75 48 62 5 3 0 0.00 M M 5.7 14 190 M M 0 8 16 190
10 71 50 61 4 4 0 0.00 M M 3.0 10 220 M M 0 13 210
11 72 46 59 2 6 0 0.00 M M 3.9 10 260 M M 0 15 260
12 70 49 60 3 5 0 0.00 M M 3.8 8 220 M M 0 12 50
13 72 48 60 3 5 0 0.00 M M 3.2 9 230 M M 0 11 230
14 76 49 63 6 2 0 0.00 M M 3.3 10 30 M M 0 13 40
15 86 56 71 14 0 6 0.00 M M 3.8 9 220 M M 0 15 360
16 84 54 69 12 0 4 0.00 M M 4.2 13 210 M M 0 17 230
17 84 55 70 13 0 5 0.00 M M 3.8 9 200 M M 0 11 210
18 75 51 63 6 2 0 0.00 M M 3.9 10 210 M M 2 128 13 200
19 72 54 63 6 2 0 T M M 6.0 21 90 M M 5 8 30 90
20 77 56 67 10 0 2 0.00 M M 3.3 12 190 M M 0 13 190
21 69 52 61 4 4 0 0.00 M M 3.6 12 210 M M 0 16 210
22 64 49 57 0 8 0 0.00 M M 5.7 16 220 M M 6 20 240
23 55 46 51 -6 14 0 0.15 M M 2.6 9 40 M M 7 1 13 220
24 58 41 50 -7 15 0 0.05 M M 5.8 15 250 M M 3 1 21 240
25 55 42 49 -8 16 0 0.20 M M 6.1 21 250 M M 3 1 32 250
26 55 38 47 -10 18 0 0.00 M M 4.0 13 220 M M 1 16 220
27 58 47 53 -4 12 0 0.00 M M 5.4 14 160 M M 6 20 100
28 64 44 54 -3 11 0 0.89 M M 6.5 23 200 M M 5 1 31 220
29 54 46 50 -7 15 0 0.47 M M 4.4 14 210 M M 8 1 18 200
30 60 42 51 -6 14 0 0.00 M M 3.4 9 250 M M 0 13 230
31 72 46 59 2 6 0 0.00 M M 3.9 9 20 M M 0 13 20
================================================================================
SM 2089 1483 237 17 1.76 M 124.5 M 65
================================================================================
AV 67.4 47.8 4.0 FASTST M M 2 MAX(MPH)
MISC ----> 23 200 36 360
================================================================================
NOTES:
# LAST OF SEVERAL OCCURRENCES
COLUMN 17 PEAK WIND IN M.P.H.
PRELIMINARY LOCAL CLIMATOLOGICAL DATA (WS FORM: F-6) , PAGE 2
STATION: SANTA MONICA AIRPORT CA
MONTH: JANUARY
YEAR: 2021
LATITUDE: 34 0 N
LONGITUDE: 118 27 W
[TEMPERATURE DATA] [PRECIPITATION DATA] SYMBOLS USED IN COLUMN 16
AVERAGE MONTHLY: 57.6 TOTAL FOR MONTH: 1.76 1 = FOG OR MIST
DPTR FM NORMAL: 0.9 DPTR FM NORMAL: -1.60 2 = FOG REDUCING VISIBILITY
HIGHEST: 86 ON 15 GRTST 24HR 1.57 ON 28-29 TO 1/4 MILE OR LESS
LOWEST: 38 ON 26 3 = THUNDER
SNOW, ICE PELLETS, HAIL 4 = ICE PELLETS
TOTAL MONTH: M 5 = HAIL
GRTST 24HR M ON M 6 = FREEZING RAIN OR DRIZZLE
GRTST DEPTH: M ON M 7 = DUSTSTORM OR SANDSTORM:
VSBY 1/2 MILE OR LESS
8 = SMOKE OR HAZE
[NO. OF DAYS WITH] [WEATHER - DAYS WITH] 9 = BLOWING SNOW
X = TORNADO
MAX 32 OR BELOW: 0 0.01 INCH OR MORE: 5
MAX 90 OR ABOVE: 0 0.10 INCH OR MORE: 4
MIN 32 OR BELOW: 0 0.50 INCH OR MORE: 1
MIN 0 OR BELOW: 0 1.00 INCH OR MORE: 0
[HDD (BASE 65) ]
TOTAL THIS MO. 237 CLEAR (SCALE 0-3) 23
DPTR FM NORMAL -27 PTCLDY (SCALE 4-7) 8
TOTAL FM JUL 1 644 CLOUDY (SCALE 8-10) 0
DPTR FM NORMAL -128
[CDD (BASE 65) ]
TOTAL THIS MO. 17
DPTR FM NORMAL 8 [PRESSURE DATA]
TOTAL FM JAN 1 17 HIGHEST SLP 30.29 ON 12
DPTR FM NORMAL 8 LOWEST SLP 29.69 ON 25
[REMARKS]
#FINAL-01-21#