000
CXUS56 KLOX 011655
CF6SMO
PRELIMINARY LOCAL CLIMATOLOGICAL DATA (WS FORM: F-6)
STATION: SANTA MONICA AIRPORT CA
MONTH: OCTOBER
YEAR: 2019
LATITUDE: 34 0 N
LONGITUDE: 118 27 W
TEMPERATURE IN F: :PCPN: SNOW: WIND :SUNSHINE: SKY :PK WND
================================================================================
1 2 3 4 5 6A 6B 7 8 9 10 11 12 13 14 15 16 17 18
12Z AVG MX 2MIN
DY MAX MIN AVG DEP HDD CDD WTR SNW DPTH SPD SPD DIR MIN PSBL S-S WX SPD DR
================================================================================
1 73 56 65 -2 0 0 0.00 0.0 0 5.2 14 230 M M 0 20 210
2 73 55 64 -3 1 0 0.00 0.0 0 4.9 14 240 M M 0 19 240
3 72 56 64 -2 1 0 0.00 0.0 0 4.0 13 230 M M 0 15 270
4 72 56 64 -2 1 0 0.00 0.0 0 4.2 13 220 M M 0 17 220
5 76 56 66 0 0 1 0.00 0.0 0 3.3 12 240 M M 0 14 240
6 77 55 66 0 0 1 0.00 0.0 0 3.2 12 240 M M 0 15 270
7 79 57 68 2 0 3 0.00 0.0 0 3.8 13 210 M M 0 16 210
8 73 57 65 -1 0 0 0.00 0.0 0 4.1 12 240 M M 2 14 240
9 70 61 66 0 0 1 0.00 0.0 0 4.1 13 240 M M 6 8 16 230
10 75 60 68 2 0 3 0.00 0.0 0 2.8 12 210 M M 3 8 14 210
11 89 54 72 6 0 7 0.00 0.0 0 5.2 12 250 M M 0 8 16 80
12 73 56 65 -1 0 0 0.00 0.0 0 4.7 13 230 M M 0 8 17 240
13 70 53 62 -3 3 0 0.00 0.0 0 4.2 12 220 M M 1 17 230
14 71 59 65 0 0 0 0.00 0.0 0 4.6 13 230 M M 4 19 240
15 74 55 65 0 0 0 0.00 0.0 0 3.4 12 240 M M 0 8 14 250
16 92 59 76 11 0 11 0.00 0.0 0 3.2 18 200 M M 0 23 200
17 73 59 66 1 0 1 0.00 0.0 0 3.8 14 240 M M 2 8 19 260
18 71 59 65 0 0 0 0.00 0.0 0 5.3 15 240 M M 0 21 250
19 71 55 63 -2 2 0 0.00 0.0 0 4.1 12 230 M M 0 15 260
20 91 57 74 9 0 9 0.00 0.0 0 5.8 14 210 M M 0 1 21 20
21 87 66 77 13 0 12 0.00 0.0 0 4.8 10 250 M M 0 16 270
22 92 62 77 13 0 12 0.00 0.0 0 4.5 12 240 M M 0 16 230
23 89 61 75 11 0 10 0.00 0.0 0 4.3 10 210 M M 0 12 210
24 93 60 77 13 0 12 0.00 0.0 0 3.7 12 10 M M 0 19 360
25 90 61 76 12 0 11 0.00 0.0 0 4.5 12 240 M M 0 17 230
26 84 60 72 8 0 7 0.00 0.0 0 4.0 10 220 M M 1 14 220
27 72 58 65 1 0 0 0.00 0.0 0 5.6 15 200 M M 8 19 160
28 73 53 63 -1 2 0 0.00 0.0 0 4.5 12 190 M M 0 8 16 200
29 68 50 59 -5 6 0 0.00 0.0 0 3.3 12 220 M M 0 15 220
30 76 52 64 1 1 0 0.00 0.0 0 5.3 13 360 M M 0 21 360
31 79 47 63 0 2 0 0.00 0.0 0 5.2 12 30 M M 0 16 20
================================================================================
SM 2418 1765 19 101 0.00 0.0 133.6 M 27
================================================================================
AV 78.0 56.9 4.3 FASTST M M 1 MAX(MPH)
MISC ----> # 18 200 # 23 200
================================================================================
NOTES:
# LAST OF SEVERAL OCCURRENCES
COLUMN 17 PEAK WIND IN M.P.H.
PRELIMINARY LOCAL CLIMATOLOGICAL DATA (WS FORM: F-6) , PAGE 2
STATION: SANTA MONICA AIRPORT CA
MONTH: OCTOBER
YEAR: 2019
LATITUDE: 34 0 N
LONGITUDE: 118 27 W
[TEMPERATURE DATA] [PRECIPITATION DATA] SYMBOLS USED IN COLUMN 16
AVERAGE MONTHLY: 67.5 TOTAL FOR MONTH: 0.00 1 = FOG OR MIST
DPTR FM NORMAL: 2.4 DPTR FM NORMAL: -0.77 2 = FOG REDUCING VISIBILITY
HIGHEST: 93 ON 24 GRTST 24HR 0.00 ON 31-31 TO 1/4 MILE OR LESS
LOWEST: 47 ON 31 3 = THUNDER
SNOW, ICE PELLETS, HAIL 4 = ICE PELLETS
TOTAL MONTH: 0.0 INCH 5 = HAIL
GRTST 24HR 0.0 6 = FREEZING RAIN OR DRIZZLE
GRTST DEPTH: 0 7 = DUSTSTORM OR SANDSTORM:
VSBY 1/2 MILE OR LESS
8 = SMOKE OR HAZE
[NO. OF DAYS WITH] [WEATHER - DAYS WITH] 9 = BLOWING SNOW
X = TORNADO
MAX 32 OR BELOW: 0 0.01 INCH OR MORE: 0
MAX 90 OR ABOVE: 5 0.10 INCH OR MORE: 0
MIN 32 OR BELOW: 0 0.50 INCH OR MORE: 0
MIN 0 OR BELOW: 0 1.00 INCH OR MORE: 0
[HDD (BASE 65) ]
TOTAL THIS MO. 19 CLEAR (SCALE 0-3) 28
DPTR FM NORMAL -30 PTCLDY (SCALE 4-7) 3
TOTAL FM JUL 1 23 CLOUDY (SCALE 8-10) 0
DPTR FM NORMAL -42
[CDD (BASE 65) ]
TOTAL THIS MO. 101
DPTR FM NORMAL 51 [PRESSURE DATA]
TOTAL FM JAN 1 651 HIGHEST SLP M ON M
DPTR FM NORMAL 170 LOWEST SLP 29.69 ON M
[REMARKS]
#FINAL-10-19#