000
CXUS56 KLOX 011256
CF6SMX
PRELIMINARY LOCAL CLIMATOLOGICAL DATA (WS FORM: F-6)
STATION: SANTA MARIA AIRPORT CA
MONTH: FEBRUARY
YEAR: 2024
LATITUDE: 34 54 N
LONGITUDE: 120 27 W
TEMPERATURE IN F: :PCPN: SNOW: WIND :SUNSHINE: SKY :PK WND
================================================================================
1 2 3 4 5 6A 6B 7 8 9 10 11 12 13 14 15 16 17 18
12Z AVG MX 2MIN
DY MAX MIN AVG DEP HDD CDD WTR SNW DPTH SPD SPD DIR MIN PSBL S-S WX SPD DR
================================================================================
1 62 49 56 3 9 0 0.80 M M 7.8 29 140 M M 8 1 40 140
2 58 43 51 -2 14 0 0.13 M M 4.9 18 290 M M 4 1 24 280
3 56 39 48 -5 17 0 0.11 M M 5.6 25 130 M M 6 1 35 130
4 59 50 55 2 10 0 0.84 M M 19.7 39 130 M M 8 1 60 120
5 63 47 55 2 10 0 0.36 M M 6.9 23 160 M M 7 18 30 160
6 57 45 51 -2 14 0 0.19 M M 5.9 20 280 M M 8 12 25 280
7 57 44 51 -2 14 0 0.89 M M 7.0 25 290 M M 9 18 44 170
8 57 38 48 -5 17 0 0.07 M M 4.8 17 290 M M 5 1 22 280
9 59 36 48 -5 17 0 0.00 M M 6.7 20 290 M M 1 25 290
10 59 36 48 -5 17 0 0.00 M M 5.6 17 290 M M 0 22 300
11 63 34 49 -5 16 0 0.00 M M 3.2 14 300 M M 0 17 290
12 63 36 50 -4 15 0 0.00 M M 3.8 14 300 M M 0 1 18 290
13 61 37 49 -5 16 0 0.00 M M 4.7 15 310 M M 1 20 290
14 61 46 54 0 11 0 0.00 M M 4.0 10 300 M M 8 14 290
15 65 47 56 2 9 0 0.05 M M 5.3 20 290 M M 6 1 24 290
16 66 43 55 1 10 0 0.00 M M 3.9 10 310 M M 1 14 300
17 63 45 54 0 11 0 0.37 M M 7.6 25 130 M M 6 1 33 130
18 66 47 57 3 8 0 0.85 M M 10.7 24 140 M M 7 1 32 150
19 66 48 57 3 8 0 0.99 M M 8.6 21 160 M M 6 1 29 170
20 66 46 56 2 9 0 0.01 M M 5.0 16 180 M M 5 1 24 170
21 62 46 54 0 11 0 0.24 M M 6.4 18 280 M M 6 1 23 280
22 63 42 53 -1 12 0 0.00 M M 5.5 20 290 M M 1 24 290
23 73 44 59 5 6 0 0.00 M M 2.2 12 310 M M 2 14 340
24 72 46 59 5 6 0 0.00 M M 3.3 13 320 M M 2 1 17 310
25 69 46 58 4 7 0 0.00 M M 4.8 18 300 M M 4 1 22 290
26 63 44 54 0 11 0 T M M 3.1 12 250 M M 3 14 260
27 63 45 54 0 11 0 0.00 M M 5.2 16 320 M M 4 1 21 290
28 67 40 54 0 11 0 0.00 M M 4.4 14 240 M M 0 20 260
29 63 47 55 1 10 0 0.00 M M 7.0 16 160 M M 9 21 150
================================================================================
SM 1822 1256 337 0 5.90 M 173.6 M 127
================================================================================
AV 62.8 43.3 6.0 FASTST M M 4 MAX(MPH)
MISC ----> 39 130 60 120
================================================================================
NOTES:
# LAST OF SEVERAL OCCURRENCES
COLUMN 17 PEAK WIND IN M.P.H.
PRELIMINARY LOCAL CLIMATOLOGICAL DATA (WS FORM: F-6) , PAGE 2
STATION: SANTA MARIA AIRPORT CA
MONTH: FEBRUARY
YEAR: 2024
LATITUDE: 34 54 N
LONGITUDE: 120 27 W
[TEMPERATURE DATA] [PRECIPITATION DATA] SYMBOLS USED IN COLUMN 16
AVERAGE MONTHLY: 53.1 TOTAL FOR MONTH: 5.90 1 = FOG OR MIST
DPTR FM NORMAL: -0.5 DPTR FM NORMAL: 3.05 2 = FOG REDUCING VISIBILITY
HIGHEST: 73 ON 23 GRTST 24HR 1.84 ON 18-19 TO 1/4 MILE OR LESS
LOWEST: 34 ON 11 3 = THUNDER
SNOW, ICE PELLETS, HAIL 4 = ICE PELLETS
TOTAL MONTH: M 5 = HAIL
GRTST 24HR M ON M 6 = FREEZING RAIN OR DRIZZLE
GRTST DEPTH: M ON M 7 = DUSTSTORM OR SANDSTORM:
VSBY 1/2 MILE OR LESS
8 = SMOKE OR HAZE
[NO. OF DAYS WITH] [WEATHER - DAYS WITH] 9 = BLOWING SNOW
X = TORNADO
MAX 32 OR BELOW: 0 0.01 INCH OR MORE: 14
MAX 90 OR ABOVE: 0 0.10 INCH OR MORE: 11
MIN 32 OR BELOW: 0 0.50 INCH OR MORE: 5
MIN 0 OR BELOW: 0 1.00 INCH OR MORE: 0
[HDD (BASE 65) ]
TOTAL THIS MO. 337 CLEAR (SCALE 0-3) 11
DPTR FM NORMAL 18 PTCLDY (SCALE 4-7) 14
TOTAL FM JUL 1 1446 CLOUDY (SCALE 8-10) 4
DPTR FM NORMAL -199
[CDD (BASE 65) ]
TOTAL THIS MO. 0
DPTR FM NORMAL -1 [PRESSURE DATA]
TOTAL FM JAN 1 0 HIGHEST SLP M ON M
DPTR FM NORMAL -1 LOWEST SLP 29.62 ON 4
[REMARKS]
#FINAL-02-24#