000
CXUS55 KCYS 031258 CCA
CF6SNY
PRELIMINARY LOCAL CLIMATOLOGICAL DATA (WS FORM: F-6)...CORRECTED
STATION: SIDNEY NEBRASKA AIRPORT
MONTH: FEBRUARY
YEAR: 2022
LATITUDE: 41 5 N
LONGITUDE: 102 59 W
TEMPERATURE IN F: :PCPN: SNOW: WIND :SUNSHINE: SKY :PK WND
================================================================================
1 2 3 4 5 6A 6B 7 8 9 10 11 12 13 14 15 16 17 18
12Z AVG MX 2MIN
DY MAX MIN AVG DEP HDD CDD WTR SNW DPTH SPD SPD DIR MIN PSBL S-S WX SPD DR
================================================================================
1 33 14 24 -4 41 0 0.00 M M 12.6 23 340 M M 7 29 340
2 14 -12 1 -27 64 0 0.01 M M 9.2 17 90 M M 9 1 21 90
3 18 -16 1 -27 64 0 0.00 M M 10.4 17 230 M M 1 23 230
4 38 4 21 -7 44 0 0.00 M M 12.7 21 300 M M 1 27 300
5 46 12 29 1 36 0 0.00 M M 13.6 32 310 M M 1 40 320
6 43 25 34 6 31 0 T M M 14.9 28 350 M M 2 34 340
7 54 24 39 11 26 0 0.00 M M 14.1 20 280 M M 0 26 300
8 51 21 36 8 29 0 0.00 M M 16.8 32 310 M M 0 44 330
9 53 26 40 12 25 0 0.00 M M 13.7 25 310 M M 4 33 320
10 59 25 42 14 23 0 0.00 M M 15.2 30 300 M M 2 40 300
11 42 17 30 2 35 0 T M M 19.2 40 360 M M 3 18 54 330
12 47 14 31 3 34 0 0.00 M M 13.6 29 310 M M 4 40 310
13 58 13 36 7 29 0 0.00 M M 12.4 24 310 M M 0 33 330
14 56 13 35 6 30 0 0.00 M M 13.1 28 180 M M 0 37 190
15 60 20 40 11 25 0 0.00 M M 7.3 24 360 M M 0 31 20
16 30 16 23 -6 42 0 T M M 14.4 22 50 M M 9 1 28 30
17 34 1 18 -11 47 0 0.00 M M 11.1 20 240 M M 4 27 280
18 49 21 35 5 30 0 0.00 M M 15.7 36 290 M M 2 47 300
19 59 16 38 8 27 0 0.00 M M 13.1 26 210 M M 0 33 200
20 60 29 45 15 20 0 0.00 M M 13.0 29 290 M M 0 39 290
21 36 -4 16 -14 49 0 T M M 19.6 32 350 M M 6 8 41 360
22 5 -7 -1 -31 66 0 T M M 19.1 30 350 M M 6 41 330
23 4 -11 -3 -34 68 0 0.09 M M 10.3 17 110 M M 8 1289 22 120
24 13 -10 2 -29 63 0 0.01 M M 9.4 17 150 M M 5 18 21 150
25 27 -13 7 -24 58 0 0.00 M M 6.5 13 220 M M 1 16 210
26 33 -4 15 -17 50 0 0.00 M M 10.8 21 320 M M 0 27 330
27 55 5 30 -2 35 0 0.00 M M 11.0 20 300 M M 0 26 310
28 64 27 46 14 19 0 0.00 M M 12.9 28 290 M M 0 35 280
================================================================================
SM 1141 266 1110 0 0.11 M 365.7 M 75
================================================================================
AV 40.8 9.5 13.1 FASTST M M 3 MAX(MPH)
MISC ----> 40 360 54 330
================================================================================
NOTES:
# LAST OF SEVERAL OCCURRENCES
COLUMN 17 PEAK WIND IN M.P.H.
PRELIMINARY LOCAL CLIMATOLOGICAL DATA (WS FORM: F-6) , PAGE 2
STATION: SIDNEY NEBRASKA AIRPORT
MONTH: FEBRUARY
YEAR: 2022
LATITUDE: 41 5 N
LONGITUDE: 102 59 W
[TEMPERATURE DATA] [PRECIPITATION DATA] SYMBOLS USED IN COLUMN 16
AVERAGE MONTHLY: 25.1 TOTAL FOR MONTH: 0.11 1 = FOG OR MIST
DPTR FM NORMAL: -4.2 DPTR FM NORMAL: -0.11 2 = FOG REDUCING VISIBILITY
HIGHEST: 64 ON 28 GRTST 24HR 0.09 ON 23-23 TO 1/4 MILE OR LESS
LOWEST: -16 ON 3 3 = THUNDER
SNOW, ICE PELLETS, HAIL 4 = ICE PELLETS
TOTAL MONTH: M 5 = HAIL
GRTST 24HR M ON M 6 = FREEZING RAIN OR DRIZZLE
GRTST DEPTH: M ON M 7 = DUSTSTORM OR SANDSTORM:
VSBY 1/2 MILE OR LESS
8 = SMOKE OR HAZE
[NO. OF DAYS WITH] [WEATHER - DAYS WITH] 9 = BLOWING SNOW
X = TORNADO
MAX 32 OR BELOW: 7 0.01 INCH OR MORE: 3
MAX 90 OR ABOVE: 0 0.10 INCH OR MORE: 0
MIN 32 OR BELOW: 28 0.50 INCH OR MORE: 0
MIN 0 OR BELOW: 8 1.00 INCH OR MORE: 0
[HDD (BASE 65) ]
TOTAL THIS MO. 1110 CLEAR (SCALE 0-3) 18
DPTR FM NORMAL 112 PTCLDY (SCALE 4-7) 7
TOTAL FM JUL 1 4439 CLOUDY (SCALE 8-10) 3
DPTR FM NORMAL -435
[CDD (BASE 65) ]
TOTAL THIS MO. 0
DPTR FM NORMAL 0 [PRESSURE DATA]
TOTAL FM JAN 1 0 HIGHEST SLP 30.67 ON 22
DPTR FM NORMAL 0 LOWEST SLP 29.51 ON 21
[REMARKS]
FEBRUARY 22...RECORD LOW HIGH 5 DEGREES (PREVIOUS 14 DEGREES IN 1960)
FEBRUARY 23...RECORD LOW -11 DEGREES (PREVIOUS -8 DEGREES IN 1965)
FEBRAURY 23...RECORD LOW HIGH 4 DEGREES (PREVIOUS 8 DEGREES IN 2003)
FEBRUARY 25...RECORD LOW -13 DEGREES (PREVIOUS -9 DEGREES IN 2014)
#FINAL-02-22#