000
CXUS55 KCYS 082121
CF6SNY
PRELIMINARY LOCAL CLIMATOLOGICAL DATA (WS FORM: F-6)...CORRECTED
STATION: SIDNEY NEBRASKA AIRPORT
MONTH: DECEMBER
YEAR: 2021
LATITUDE: 41 5 N
LONGITUDE: 102 59 W
TEMPERATURE IN F: :PCPN: SNOW: WIND :SUNSHINE: SKY :PK WND
================================================================================
1 2 3 4 5 6A 6B 7 8 9 10 11 12 13 14 15 16 17 18
12Z AVG MX 2MIN
DY MAX MIN AVG DEP HDD CDD WTR SNW DPTH SPD SPD DIR MIN PSBL S-S WX SPD DR
================================================================================
1 74 30 52 21 13 0 0.00 M M 12.9 29 300 M M 0 37 300
2 78 37 58 28 7 0 0.00 M M 12.7 23 230 M M 0 34 320
3 54 23 39 9 26 0 0.00 M M 7.5 17 10 M M 0 21 10
4 57 25 41 11 24 0 0.00 M M 13.9 23 200 M M 0 30 200
5 57 22 40 11 25 0 0.00 M M 19.5 44 350 M M 2 59 350
6 32 3 18 -11 47 0 0.00 M M 14.4 24 200 M M 2 32 190
7 45 15 30 1 35 0 0.00 M M 10.1 22 220 M M 1 29 220
8 57 17 37 9 28 0 0.00 M M 10.1 25 190 M M 0 33 190
9 50 32 41 13 24 0 0.00 M M 13.3 26 300 M M 4 40 280
10 32 15 24 -4 41 0 0.01 M M 13.9 26 330 M M 9 1 33 330
11 43 13 28 0 37 0 0.00 M M 10.9 18 200 M M 0 23 230
12 63 18 41 13 24 0 0.00 M M 6.7 20 350 M M 0 25 350
13 58 18 38 11 27 0 0.00 M M 7.9 22 170 M M 0 29 170
14 60 23 42 15 23 0 0.00 M M 6.0 15 290 M M 0 19 290
15 53 24 39 12 26 0 0.00 M M 24.2 52 330 M M 1 8 71 320
16 43 7 25 -2 40 0 0.00 M M 11.2 41 300 M M 1 57 300
17 45 10 28 1 37 0 0.00 M M 17.0 38 290 M M 3 52 300
18 37 -2 18 -9 47 0 0.00 M M 10.2 16 310 M M 0 21 310
19 62 14 38 11 27 0 0.00 M M 13.2 31 280 M M 0 40 280
20 37 15 26 0 39 0 0.00 M M 8.8 16 20 M M 3 12 20 20
21 55 17 36 10 29 0 0.00 M M 9.9 24 270 M M 0 32 280
22 65 16 41 15 24 0 0.00 M M 11.7 25 290 M M 0 34 280
23 60 23 42 16 23 0 0.00 M M 11.5 20 210 M M 1 24 210
24 56 26 41 15 24 0 T M M 12.3 26 300 M M 3 37 300
25 51 21 36 10 29 0 0.00 M M 13.5 35 300 M M 0 47 300
26 55 11 33 7 32 0 0.00 M M 15.4 38 290 M M 0 53 290
27 41 12 27 1 38 0 0.00 M M 17.1 35 170 M M 0 47 180
28 33 10 22 -4 43 0 0.00 M M 15.2 35 310 M M 2 8 51 310
29 36 6 21 -5 44 0 0.00 M M 9.0 21 180 M M 2 27 330
30 50 8 29 3 36 0 0.00 M M 9.2 28 290 M M 0 37 290
31 33 1 17 -10 48 0 0.02 M M 12.9 26 300 M M 8 18 34 300
================================================================================
SM 1572 510 967 0 0.03 M 382.1 M 42
================================================================================
AV 50.7 16.5 12.3 FASTST M M 1 MAX(MPH)
MISC ----> 52 330 71 320
================================================================================
NOTES:
# LAST OF SEVERAL OCCURRENCES
COLUMN 17 PEAK WIND IN M.P.H.
PRELIMINARY LOCAL CLIMATOLOGICAL DATA (WS FORM: F-6) , PAGE 2
STATION: SIDNEY NEBRASKA AIRPORT
MONTH: DECEMBER
YEAR: 2021
LATITUDE: 41 5 N
LONGITUDE: 102 59 W
[TEMPERATURE DATA] [PRECIPITATION DATA] SYMBOLS USED IN COLUMN 16
AVERAGE MONTHLY: 33.6 TOTAL FOR MONTH: 0.03 1 = FOG OR MIST
DPTR FM NORMAL: 6.1 DPTR FM NORMAL: -0.17 2 = FOG REDUCING VISIBILITY
HIGHEST: 78 ON 2 GRTST 24HR 0.02 ON 31-31 TO 1/4 MILE OR LESS
LOWEST: -2 ON 18 3 = THUNDER
SNOW, ICE PELLETS, HAIL 4 = ICE PELLETS
TOTAL MONTH: M 5 = HAIL
GRTST 24HR M ON M 6 = FREEZING RAIN OR DRIZZLE
GRTST DEPTH: M ON M 7 = DUSTSTORM OR SANDSTORM:
VSBY 1/2 MILE OR LESS
8 = SMOKE OR HAZE
[NO. OF DAYS WITH] [WEATHER - DAYS WITH] 9 = BLOWING SNOW
X = TORNADO
MAX 32 OR BELOW: 2 0.01 INCH OR MORE: 2
MAX 90 OR ABOVE: 0 0.10 INCH OR MORE: 0
MIN 32 OR BELOW: 30 0.50 INCH OR MORE: 0
MIN 0 OR BELOW: 1 1.00 INCH OR MORE: 0
[HDD (BASE 65) ]
TOTAL THIS MO. 967 CLEAR (SCALE 0-3) 28
DPTR FM NORMAL -194 PTCLDY (SCALE 4-7) 1
TOTAL FM JUL 1 2158 CLOUDY (SCALE 8-10) 2
DPTR FM NORMAL -556
[CDD (BASE 65) ]
TOTAL THIS MO. 0
DPTR FM NORMAL 0 [PRESSURE DATA]
TOTAL FM JAN 1 699 HIGHEST SLP 30.46 ON 18
DPTR FM NORMAL 7 LOWEST SLP 29.21 ON 15
[REMARKS]
DECEMBER 1...RECORD HIGH 74 DEGREES (PREVIOUS 68 DEGREES IN 2012)
DECEMBER 2...RECORD HIGH 78 DEGREES (PREVIOUS 67 DEGREES IN 1959)
78 DEGREES WAS THE WARMEST FOR DECEMBER, SURPASSING THE PREVIOUS
RECORD 74 DEGREES ON DECEMBER 1 2021.
DECEMBER 19...RECORD HIGH 62 DEGREES (PREVIOUS 61 DEGREES IN 1976)
MEAN TEMPERATURE 33.6 DEGREES WAS 3RD WARMEST FOR DECEMBER
MONTHLY PRECIPITATION 0.03" TIED 2020 FOR 4TH DRIEST DECEMBER
#FINAL-12-21#