000
CXUS55 KCYS 161157
CF6SNY
PRELIMINARY LOCAL CLIMATOLOGICAL DATA (WS FORM: F-6)...CORRECTED
STATION: SIDNEY NEBRASKA AIRPORT
MONTH: AUGUST
YEAR: 2021
LATITUDE: 41 5 N
LONGITUDE: 102 59 W
TEMPERATURE IN F: :PCPN: SNOW: WIND :SUNSHINE: SKY :PK WND
================================================================================
1 2 3 4 5 6A 6B 7 8 9 10 11 12 13 14 15 16 17 18
12Z AVG MX 2MIN
DY MAX MIN AVG DEP HDD CDD WTR SNW DPTH SPD SPD DIR MIN PSBL S-S WX SPD DR
================================================================================
1 85 55 70 -4 0 5 0.00 M M 6.2 12 70 M M 1 18 15 60
2 89 53 71 -3 0 6 0.00 M M 7.3 14 120 M M 0 18 20 70
3 92 55 74 0 0 9 0.00 M M 8.3 21 290 M M 1 18 27 280
4 82 60 71 -3 0 6 0.04 M M 9.4 28 340 M M 3 18 38 330
5 93 56 75 1 0 10 T M M 9.1 29 180 M M 0 18 38 180
6 96 66 81 7 0 16 0.01 M M 10.4 35 330 M M 1 38 72 330
7 83 55 69 -5 0 4 T M M 10.6 23 320 M M 1 8 32 320
8 96 50 73 0 0 8 0.00 M M 7.8 16 150 M M 0 8 21 140
9 95 58 77 4 0 12 0.00 M M 10.7 18 330 M M 0 38 26 280
10 94 54 74 1 0 9 0.00 M M 8.9 15 140 M M 0 8 22 120
11 93 50 72 -1 0 7 0.00 M M 8.7 16 340 M M 0 8 22 340
12 87 53 70 -3 0 5 0.00 M M 11.6 28 50 M M 0 36 60
13 83 50 67 -5 0 2 0.00 M M 9.6 17 150 M M 3 24 150
14 95 59 77 5 0 12 0.20 M M 14.0 26 160 M M 1 13 41 160
15 92 59 76 4 0 11 0.00 M M 8.2 25 180 M M 0 35 190
16 93 51 72 0 0 7 0.00 M M 7.1 14 170 M M 0 20 160
17 97 57 77 5 0 12 0.00 M M 14.6 25 160 M M 0 35 150
18 95 56 76 5 0 11 0.00 M M 16.0 29 150 M M 0 39 150
19 84 63 74 3 0 9 0.39 M M 10.8 36 300 M M 7 13 51 300
20 80 53 67 -4 0 2 T M M 16.2 32 290 M M 2 1 46 300
21 80 46 63 -8 2 0 T M M 15.1 33 140 M M 0 45 140
22 91 60 76 6 0 11 0.00 M M 9.3 22 160 M M 1 30 160
23 96 52 74 4 0 9 T M M 8.4 31 220 M M 1 138 45 220
24 99 55 77 7 0 12 0.00 M M 9.2 20 90 M M 0 3 28 40
25 83 60 72 2 0 7 0.00 M M 12.8 22 160 M M 3 30 140
26 89 58 74 5 0 9 T M M 11.1 36 150 M M 1 50 170
27 93 54 74 5 0 9 T M M 11.1 23 150 M M 1 3 30 150
28 85 53 69 0 0 4 0.00 M M 12.3 21 30 M M 0 30 30
29 79 49 64 -5 1 0 0.00 M M 10.6 20 140 M M 2 27 130
30 95 54 75 7 0 10 0.00 M M 7.8 20 170 M M 3 1 26 170
31 89 51 70 2 0 5 0.00 M M 10.1 20 140 M M 0 28 150
================================================================================
SM 2783 1705 3 239 0.64 M 323.3 M 32
================================================================================
AV 89.8 55.0 10.4 FASTST M M 1 MAX(MPH)
MISC ----> # 36 300 72 330
================================================================================
NOTES:
# LAST OF SEVERAL OCCURRENCES
COLUMN 17 PEAK WIND IN M.P.H.
PRELIMINARY LOCAL CLIMATOLOGICAL DATA (WS FORM: F-6) , PAGE 2
STATION: SIDNEY NEBRASKA AIRPORT
MONTH: AUGUST
YEAR: 2021
LATITUDE: 41 5 N
LONGITUDE: 102 59 W
[TEMPERATURE DATA] [PRECIPITATION DATA] SYMBOLS USED IN COLUMN 16
AVERAGE MONTHLY: 72.4 TOTAL FOR MONTH: 0.64 1 = FOG OR MIST
DPTR FM NORMAL: 0.8 DPTR FM NORMAL: -1.39 2 = FOG REDUCING VISIBILITY
HIGHEST: 99 ON 24 GRTST 24HR 0.39 ON 19-19 TO 1/4 MILE OR LESS
LOWEST: 46 ON 21 3 = THUNDER
SNOW, ICE PELLETS, HAIL 4 = ICE PELLETS
TOTAL MONTH: M 5 = HAIL
GRTST 24HR M ON M 6 = FREEZING RAIN OR DRIZZLE
GRTST DEPTH: M ON M 7 = DUSTSTORM OR SANDSTORM:
VSBY 1/2 MILE OR LESS
8 = SMOKE OR HAZE
[NO. OF DAYS WITH] [WEATHER - DAYS WITH] 9 = BLOWING SNOW
X = TORNADO
MAX 32 OR BELOW: 0 0.01 INCH OR MORE: 4
MAX 90 OR ABOVE: 17 0.10 INCH OR MORE: 2
MIN 32 OR BELOW: 0 0.50 INCH OR MORE: 0
MIN 0 OR BELOW: 0 1.00 INCH OR MORE: 0
[HDD (BASE 65) ]
TOTAL THIS MO. 3 CLEAR (SCALE 0-3) 27
DPTR FM NORMAL -13 PTCLDY (SCALE 4-7) 4
TOTAL FM JUL 1 3 CLOUDY (SCALE 8-10) 0
DPTR FM NORMAL -14
[CDD (BASE 65) ]
TOTAL THIS MO. 239
DPTR FM NORMAL 19 [PRESSURE DATA]
TOTAL FM JAN 1 579 HIGHEST SLP 30.28 ON 1
DPTR FM NORMAL -45 LOWEST SLP 29.63 ON 17
[REMARKS]
AUGUST 24...RECORD HIGH 99 DEGREES (PREVIOUS 98 DEGREES IN 2020)
#FINAL-08-21#