000
CXUS56 KPQR 011155
CF6SPB
PRELIMINARY LOCAL CLIMATOLOGICAL DATA (WS FORM: F-6)
STATION: SCAPPOOSE OR
MONTH: FEBRUARY
YEAR: 2022
LATITUDE: 45 46 N
LONGITUDE: 122 50 W
TEMPERATURE IN F: :PCPN: SNOW: WIND :SUNSHINE: SKY :PK WND
================================================================================
1 2 3 4 5 6A 6B 7 8 9 10 11 12 13 14 15 16 17 18
12Z AVG MX 2MIN
DY MAX MIN AVG DEP HDD CDD WTR SNW DPTH SPD SPD DIR MIN PSBL S-S WX SPD DR
================================================================================
1 48 30 39 -2 26 0 0.01 M M 2.9 14 250 M M 8 12 19 250
2 44 40 42 1 23 0 0.06 M M 1.8 9 140 M M 10 1 10 140
3 50 34 42 1 23 0 T M M 1.5 8 210 M M 8 1 11 210
4 45 34 40 -2 25 0 T M M 2.8 12 130 M M 10 12 14 130
5 53 34 44 2 21 0 T M M 3.1 10 330 M M 6 1 14 320
6 54 29 42 0 23 0 0.00 M M 0.7 6 290 M M 4 12 8 150
7 50 31 41 -1 24 0 T M M 1.2 7 10 M M 6 12 7 20
8 50 32 41 -1 24 0 0.00 M M 1.2 8 360 M M 7 12 10 10
9 56 36 46 4 19 0 0.00 M M 1.5 8 170 M M 6 12 10 160
10 56 39 48 6 17 0 0.00 M M 5.7 17 330 M M 7 12 24 340
11 68 39 54 12 11 0 0.00 M M 6.4 14 350 M M 3 8 18 30
12 67 32 50 8 15 0 0.00 M M 2.3 7 250 M M 0 8 130
13 61 30 46 4 19 0 0.00 M M 3.0 8 140 M M 0 11 110
14 52 39 46 4 19 0 0.24 M M 3.9 15 290 M M 7 1 22 300
15 50 33 42 -1 23 0 0.00 M M 1.3 6 280 M M 9 1 8 280
16 54 42 48 5 17 0 0.00 M M 1.5 8 140 M M 9 9 150
17 51 43 47 4 18 0 0.00 M M 2.0 9 140 M M 10 8 11 170
18 57 38 48 5 17 0 0.00 M M 2.6 8 280 M M 5 10 20
19 48 33 41 -2 24 0 0.02 M M 2.1 12 150 M M 8 12 14 140
20 51 35 43 0 22 0 0.03 M M 4.3 15 280 M M 7 1 21 290
21 46 34 40 -4 25 0 0.19 M M 3.7 10 30 M M 9 1 14 320
22 40 27 34 -10 31 0 0.00 M M 5.8 17 90 M M 7 1 21 90
23 41 20 31 -13 34 0 0.00 M M 3.1 10 70 M M 0 14 70
24 38 25 32 -12 33 0 0.02 M M 1.9 7 280 M M 6 18 9 290
25 50 21 36 -8 29 0 0.00 M M 2.0 8 220 M M 1 128 9 230
26 46 28 37 -7 28 0 0.37 M M 4.3 12 180 M M 5 1 16 180
27 52 40 46 2 19 0 0.45 M M 3.9 13 140 M M 10 1 16 140
28 62 47 55 10 10 0 2.34 M M 7.1 15 150 M M 10 1 24 150
================================================================================
SM 1440 945 619 0 3.73 M 83.6 M 178
================================================================================
AV 51.4 33.8 3.0 FASTST M M 6 MAX(MPH)
MISC ----> # 17 330 # 24 340
================================================================================
NOTES:
# LAST OF SEVERAL OCCURRENCES
COLUMN 17 PEAK WIND IN M.P.H.
PRELIMINARY LOCAL CLIMATOLOGICAL DATA (WS FORM: F-6) , PAGE 2
STATION: SCAPPOOSE OR
MONTH: FEBRUARY
YEAR: 2022
LATITUDE: 45 46 N
LONGITUDE: 122 50 W
[TEMPERATURE DATA] [PRECIPITATION DATA] SYMBOLS USED IN COLUMN 16
AVERAGE MONTHLY: 42.6 TOTAL FOR MONTH: 3.73 1 = FOG OR MIST
DPTR FM NORMAL: -0.1 DPTR FM NORMAL: -0.89 2 = FOG REDUCING VISIBILITY
HIGHEST: 68 ON 11 GRTST 24HR 2.34 ON 28-28 TO 1/4 MILE OR LESS
LOWEST: 20 ON 23 3 = THUNDER
SNOW, ICE PELLETS, HAIL 4 = ICE PELLETS
TOTAL MONTH: M 5 = HAIL
GRTST 24HR M ON M 6 = FREEZING RAIN OR DRIZZLE
GRTST DEPTH: M ON M 7 = DUSTSTORM OR SANDSTORM:
VSBY 1/2 MILE OR LESS
8 = SMOKE OR HAZE
[NO. OF DAYS WITH] [WEATHER - DAYS WITH] 9 = BLOWING SNOW
X = TORNADO
MAX 32 OR BELOW: 0 0.01 INCH OR MORE: 10
MAX 90 OR ABOVE: 0 0.10 INCH OR MORE: 5
MIN 32 OR BELOW: 11 0.50 INCH OR MORE: 1
MIN 0 OR BELOW: 0 1.00 INCH OR MORE: 1
[HDD (BASE 65) ]
TOTAL THIS MO. 619 CLEAR (SCALE 0-3) 4
DPTR FM NORMAL -5 PTCLDY (SCALE 4-7) 14
TOTAL FM JUL 1 3077 CLOUDY (SCALE 8-10) 10
DPTR FM NORMAL -225
[CDD (BASE 65) ]
TOTAL THIS MO. 0
DPTR FM NORMAL 0 [PRESSURE DATA]
TOTAL FM JAN 1 0 HIGHEST SLP 30.65 ON 8
DPTR FM NORMAL 0 LOWEST SLP 29.85 ON 21
[REMARKS]
#FINAL-02-22#