000
CXUS56 KPQR 011544
CLMSPB
CLIMATE REPORT
NATIONAL WEATHER SERVICE PORTLAND OREGON
844 AM PDT SAT APR 01 2023
...................................
...THE SCAPPOOSE OR CLIMATE SUMMARY FOR THE MONTH OF MARCH 2023...
CLIMATE NORMAL PERIOD 1991 TO 2020
CLIMATE RECORD PERIOD 9999 TO 9999
WEATHER OBSERVED NORMAL DEPART LAST YEAR`S
VALUE DATE(S) VALUE FROM VALUE DATE(S)
NORMAL
................................................................
TEMPERATURE (F)
HIGHEST 67 70 03/22
03/27
03/28
LOWEST 27 26 03/10
AVG. MAXIMUM 52.2 56.3 -4.1 57.8
AVG. MINIMUM 34.3 36.9 -2.6 39.1
MEAN 43.2 46.6 -3.4 48.4
DAYS MAX >= 90 0 0.0 0.0 0
DAYS MAX <= 32 0 0.0 0.0 0
DAYS MIN <= 32 10 8.2 1.8 4
DAYS MIN <= 0 0 0.0 0.0 0
PRECIPITATION (INCHES)
RECORD
MAXIMUM 2.08 2022
MINIMUM 0.10 2022
TOTALS 4.39 4.54 -0.15 2.08
DAYS >= .01 22 18.9 3.1 17
DAYS >= .10 14 11.5 2.5 7
DAYS >= .50 2 2.9 -0.9 0
DAYS >= 1.00 0 0.6 -0.6 0
GREATEST
24 HR. TOTAL 0.88 03/12 TO 03/13
DEGREE DAYS
HEATING TOTAL 664 570 94 506
SINCE 7/1 3872 3871 1 MM
COOLING TOTAL 0 0 0 0
SINCE 1/1 0 0 0 MM
................................................................
WIND (MPH)
AVERAGE WIND SPEED 4.0
RESULTANT WIND SPEED/DIRECTION 2/170
HIGHEST WIND SPEED/DIRECTION 25/110 DATE 03/27
HIGHEST GUST SPEED/DIRECTION 35/130 DATE 03/27
SKY COVER
POSSIBLE SUNSHINE (PERCENT) MM
AVERAGE SKY COVER 0.71
AVERAGE RH (PERCENT) 75
WEATHER CONDITIONS. NUMBER OF DAYS WITH
THUNDERSTORM 0 MIXED PRECIP 0
HEAVY RAIN 3 RAIN 7
LIGHT RAIN 22 FREEZING RAIN 0
LT FREEZING RAIN 2 HAIL 0
HEAVY SNOW 0 SNOW 0
LIGHT SNOW 1 SLEET 0
FOG 25 FOG W/VIS <= 1/4 MILE 4
HAZE 1
- INDICATES NEGATIVE NUMBERS.
R INDICATES RECORD WAS SET OR TIED.
MM INDICATES DATA IS MISSING.
T INDICATES TRACE AMOUNT.
$$