000
CXUS55 KPUB 011210
CF6SPD
PRELIMINARY LOCAL CLIMATOLOGICAL DATA (WS FORM: F-6)
STATION: SPRINGFIELD CO
MONTH: JULY
YEAR: 2022
LATITUDE: 37 16 N
LONGITUDE: 102 37 W
TEMPERATURE IN F: :PCPN: SNOW: WIND :SUNSHINE: SKY :PK WND
================================================================================
1 2 3 4 5 6A 6B 7 8 9 10 11 12 13 14 15 16 17 18
12Z AVG MX 2MIN
DY MAX MIN AVG DEP HDD CDD WTR SNW DPTH SPD SPD DIR MIN PSBL S-S WX SPD DR
================================================================================
1 88 62 75 0 0 10 0.28 M M 10.9 28 290 M M M 43 250
2 89 61 75 0 0 10 0.15 M M 6.5 28 180 M M M 36 170
3 96 65 81 6 0 16 0.00 M M 16.4 32 190 M M M 54 190
4 97 67 82 7 0 17 0.00 M M 15.4 28 190 M M M 39 190
5 100 62 81 6 0 16 0.00 M M 8.1 22 170 M M M 32 180
6 93 64 79 4 0 14 0.00 M M 12.0 33 330 M M 0 43 340
7 95 61 78 3 0 13 0.04 M M 8.8 40 20 M M M 54 20
8 89 62 76 1 0 11 0.50 M M 7.9 31 290 M M M 42 290
9 96 65 81 5 0 16 0.00 M M 12.6 22 140 M M M 30 170
10 102 66 84 8 0 19 0.00 M M 14.0 25 340 M M M 42 190
11 96 62 79 3 0 14 0.00 M M 11.1 29 360 M M 0 37 10
12 87 65 76 0 0 11 0.01 M M 10.4 21 160 M M 0 33 140
13 99 60 80 4 0 15 0.00 M M 12.5 26 180 M M 0 43 160
14 103 65 84 8 0 19 0.00 M M 13.0 24 180 M M 0 31 190
15 103 67 85 9 0 20 0.00 M M 9.9 22 190 M M 0 34 190
16 105 74 90 14 0 25 0.00 M M 11.3 33 10 M M 0 47 320
17 98 69 84 8 0 19 0.00 M M 9.8 14 340 M M 0 21 360
18 103 64 84 8 0 19 0.02 M M 14.5 28 180 M M M 36 200
19 106 66 86 10 0 21 0.00 M M 14.6 32 290 M M M 46 270
20 98 66 82 6 0 17 0.40 M M 10.4 35 290 M M 0 48 290
21 95 63 79 3 0 14 0.00 M M 93.0 22 120 M M M 29 140
22 102 66 84 8 0 19 0.00 M M 12.2 29 190 M M M 40 180
23 M M M M M M 0.00 M M M M M M M M M M
24 M M M M M M 0.00 M M M M M M M M M M
25 M M M M M M 0.00 M M M M M M M M M M
26 98 71 85 9 0 20 0.03 M M 10.9 30 180 M M 0 45 240
27 92 66 79 3 0 14 0.31 M M 9.5 28 190 M M 0 35 180
28 83 64 74 -2 0 9 0.47 M M 9.0 26 230 M M 0 35 230
29 75 63 69 -7 0 4 0.44 M M 10.3 21 120 M M 0 28 120
30 88 64 76 0 0 11 0.00 M M 7.4 15 160 M M 0 23 170
31 88 64 76 1 0 11 0.00 M M 6.3 14 120 M M 0 18 280
================================================================================
SM 2664 1814 0 424 2.65 M 388.7 M 0
================================================================================
AV 95.1 64.8 13.9 FASTST M M 0 MAX(MPH)
MISC ----> 40 20 # 54 190
================================================================================
NOTES:
# LAST OF SEVERAL OCCURRENCES
COLUMN 17 PEAK WIND IN M.P.H.
PRELIMINARY LOCAL CLIMATOLOGICAL DATA (WS FORM: F-6) , PAGE 2
STATION: SPRINGFIELD CO
MONTH: JULY
YEAR: 2022
LATITUDE: 37 16 N
LONGITUDE: 102 37 W
[TEMPERATURE DATA] [PRECIPITATION DATA] SYMBOLS USED IN COLUMN 16
AVERAGE MONTHLY: 80.0 TOTAL FOR MONTH: 2.65 1 = FOG OR MIST
DPTR FM NORMAL: 4.5 DPTR FM NORMAL: -0.16 2 = FOG REDUCING VISIBILITY
HIGHEST: 106 ON 19 GRTST 24HR 0.91 ON 28-29 TO 1/4 MILE OR LESS
LOWEST: 60 ON 13 3 = THUNDER
SNOW, ICE PELLETS, HAIL 4 = ICE PELLETS
TOTAL MONTH: M 5 = HAIL
GRTST 24HR M ON M 6 = FREEZING RAIN OR DRIZZLE
GRTST DEPTH: M ON M 7 = DUSTSTORM OR SANDSTORM:
VSBY 1/2 MILE OR LESS
8 = SMOKE OR HAZE
[NO. OF DAYS WITH] [WEATHER - DAYS WITH] 9 = BLOWING SNOW
X = TORNADO
MAX 32 OR BELOW: 0 0.01 INCH OR MORE: 11
MAX 90 OR ABOVE: 20 0.10 INCH OR MORE: 7
MIN 32 OR BELOW: 0 0.50 INCH OR MORE: 1
MIN 0 OR BELOW: 0 1.00 INCH OR MORE: 0
[HDD (BASE 65) ]
TOTAL THIS MO. 0 CLEAR (SCALE 0-3) 15
DPTR FM NORMAL -2 PTCLDY (SCALE 4-7) 0
TOTAL FM JUL 1 0 CLOUDY (SCALE 8-10) 16
DPTR FM NORMAL 0
[CDD (BASE 65) ]
TOTAL THIS MO. 424
DPTR FM NORMAL 95 [PRESSURE DATA]
TOTAL FM JAN 1 849 HIGHEST SLP 30.10 ON 9
DPTR FM NORMAL 262 LOWEST SLP 29.66 ON 5
[REMARKS]
#FINAL-07-22#