000
CXUS52 KTBW 011000
CF6SRQ
PRELIMINARY LOCAL CLIMATOLOGICAL DATA (WS FORM: F-6)
STATION: SARASOTA BRADENTON
MONTH: AUGUST
YEAR: 2021
LATITUDE: 27 23 N
LONGITUDE: 82 33 W
TEMPERATURE IN F: :PCPN: SNOW: WIND :SUNSHINE: SKY :PK WND
================================================================================
1 2 3 4 5 6A 6B 7 8 9 10 11 12 13 14 15 16 17 18
12Z AVG MX 2MIN
DY MAX MIN AVG DEP HDD CDD WTR SNW DPTH SPD SPD DIR MIN PSBL S-S WX SPD DR
================================================================================
1 91 84 88 5 0 23 0.00 0.0 0 8.6 14 240 M M 1 18 230
2 91 81 86 3 0 21 0.69 0.0 0 8.5 18 220 M M 3 1 24 250
3 86 74 80 -3 0 15 0.55 0.0 0 7.6 25 260 M M 4 13 34 260
4 84 76 80 -3 0 15 1.08 0.0 0 11.8 28 260 M M 6 13 42 250
5 86 76 81 -2 0 16 0.37 0.0 0 9.6 30 270 M M 6 1 40 280
6 90 74 82 -1 0 17 0.00 0.0 0 6.9 14 230 M M 0 17 260
7 89 76 83 0 0 18 0.00 0.0 0 5.5 12 280 M M 1 8 16 270
8 91 78 85 1 0 20 0.00 0.0 0 5.4 14 290 M M 0 19 250
9 92 76 84 0 0 19 0.09 0.0 0 6.3 20 130 M M 3 13 24 110
10 94 74 84 0 0 19 1.78 0.0 0 5.3 30 140 M M 2 123 40 140
11 94 77 86 2 0 21 0.85 0.0 0 6.9 18 220 M M 2 13 28 220
12 93 73 83 -1 0 18 1.61 0.0 0 6.8 23 140 M M 3 123 31 60
13 91 76 84 0 0 19 0.17 0.0 0 7.5 23 80 M M 2 13 28 70
14 88 74 81 -3 0 16 0.03 0.0 0 9.9 23 140 M M 1 3 28 140
15 82 74 78 -6 0 13 0.13 0.0 0 9.4 23 110 M M 4 1 29 120
16 90 78 84 0 0 19 0.03 0.0 0 11.5 22 240 M M 1 13 28 240
17 89 77 83 -1 0 18 0.00 0.0 0 6.3 13 190 M M 0 13 16 220
18 96 77 87 3 0 22 0.03 0.0 0 6.4 28 160 M M 1 3 33 170
19 93 78 86 3 0 21 0.00 0.0 0 7.4 14 300 M M 1 17 290
20 92 75 84 1 0 19 0.43 0.0 0 6.8 25 270 M M 3 13 32 270
21 91 77 84 1 0 19 0.00 0.0 0 3.7 13 320 M M 1 3 17 250
22 91 77 84 1 0 19 0.00 0.0 0 4.9 12 110 M M 1 3 16 270
23 90 77 84 1 0 19 0.00 0.0 0 4.2 15 120 M M 1 3 18 130
24 90 78 84 1 0 19 0.00 0.0 0 5.3 16 120 M M 3 3 22 110
25 95 77 86 3 0 21 0.04 0.0 0 8.3 28 90 M M 1 3 35 80
26 91 75 83 0 0 18 0.00 0.0 0 10.6 21 100 M M 4 27 60
27 92 77 85 2 0 20 0.44 0.0 0 9.0 24 80 M M 1 13 30 80
28 92 76 84 1 0 19 0.21 0.0 0 10.7 39 160 M M 1 13 47 170
29 90 74 82 -1 0 17 0.80 0.0 0 8.0 24 130 M M 2 13 31 130
30 89 76 83 0 0 18 0.00 0.0 0 6.1 14 240 M M 2 3 17 250
31 89 76 83 0 0 18 0.00 0.0 M 8.5 14 280 M M 1 17 240
================================================================================
SM 2802 2368 0 576 9.33 0.0 233.7 M 62
================================================================================
AV 90.4 76.4 7.5 FASTST M M 2 MAX(MPH)
MISC ----> 39 160 47 170
================================================================================
NOTES:
# LAST OF SEVERAL OCCURRENCES
COLUMN 17 PEAK WIND IN M.P.H.
PRELIMINARY LOCAL CLIMATOLOGICAL DATA (WS FORM: F-6) , PAGE 2
STATION: SARASOTA BRADENTON
MONTH: AUGUST
YEAR: 2021
LATITUDE: 27 23 N
LONGITUDE: 82 33 W
[TEMPERATURE DATA] [PRECIPITATION DATA] SYMBOLS USED IN COLUMN 16
AVERAGE MONTHLY: 83.4 TOTAL FOR MONTH: 9.33 1 = FOG OR MIST
DPTR FM NORMAL: 0.0 DPTR FM NORMAL: 0.22 2 = FOG REDUCING VISIBILITY
HIGHEST: 96 ON 18 GRTST 24HR 1.97 ON 10-11 TO 1/4 MILE OR LESS
LOWEST: 73 ON 12 3 = THUNDER
SNOW, ICE PELLETS, HAIL 4 = ICE PELLETS
TOTAL MONTH: 0.0 INCH 5 = HAIL
GRTST 24HR 0.0 6 = FREEZING RAIN OR DRIZZLE
GRTST DEPTH: 0 7 = DUSTSTORM OR SANDSTORM:
VSBY 1/2 MILE OR LESS
8 = SMOKE OR HAZE
[NO. OF DAYS WITH] [WEATHER - DAYS WITH] 9 = BLOWING SNOW
X = TORNADO
MAX 32 OR BELOW: 0 0.01 INCH OR MORE: 18
MAX 90 OR ABOVE: 22 0.10 INCH OR MORE: 13
MIN 32 OR BELOW: 0 0.50 INCH OR MORE: 7
MIN 0 OR BELOW: 0 1.00 INCH OR MORE: 3
[HDD (BASE 65) ]
TOTAL THIS MO. 0 CLEAR (SCALE 0-3) 26
DPTR FM NORMAL 0 PTCLDY (SCALE 4-7) 5
TOTAL FM JUL 1 0 CLOUDY (SCALE 8-10) 0
DPTR FM NORMAL 0
[CDD (BASE 65) ]
TOTAL THIS MO. 576
DPTR FM NORMAL 6 [PRESSURE DATA]
TOTAL FM JAN 1 2674 HIGHEST SLP 30.16 ON 10
DPTR FM NORMAL 131 LOWEST SLP 29.86 ON 20
[REMARKS]
#FINAL-08-21#