000
CXUS54 KEWX 231010
CF6SSF
PRELIMINARY LOCAL CLIMATOLOGICAL DATA (WS FORM: F-6)
STATION: SAN ANTONIO STINSON FIELD
MONTH: APRIL
YEAR: 2024
LATITUDE: 29 19 N
LONGITUDE: 98 29 W
TEMPERATURE IN F: :PCPN: SNOW: WIND :SUNSHINE: SKY :PK WND
================================================================================
1 2 3 4 5 6A 6B 7 8 9 10 11 12 13 14 15 16 17 18
12Z AVG MX 2MIN
DY MAX MIN AVG DEP HDD CDD WTR SNW DPTH SPD SPD DIR MIN PSBL S-S WX SPD DR
================================================================================
1 87 68 78 10 0 13 T M M 8.5 26 340 M M 7 138 37 360
2 82 58 70 2 0 5 T M M 9.4 21 360 M M 2 3 31 360
3 83 48 66 -2 0 1 0.00 M M 4.7 16 250 M M 0 21 280
4 87 47 67 -2 0 2 0.00 M M 4.1 15 230 M M 0 22 240
5 87 49 68 -1 0 3 0.00 M M 8.1 24 140 M M 0 35 160
6 81 61 71 2 0 6 T M M 9.3 18 140 M M 8 1 26 150
7 82 64 73 4 0 8 0.00 M M 5.4 17 30 M M 7 25 40
8 78 63 71 1 0 6 0.01 M M 6.1 15 130 M M 9 19 120
9 90 62 76 6 0 11 0.82 M M 9.2 35 360 M M 7 13 48 10
10 76 58 67 -3 0 2 0.01 M M 11.9 25 280 M M 2 3 41 280
11 85 50 68 -2 0 3 0.00 M M 5.3 15 20 M M 0 24 20
12 84 51 68 -2 0 3 M M M 7.7 18 150 M M 0 26 130
13 84 60 72 1 0 7 0.00 M M 10.0 23 130 M M 0 33 140
14 85 65 75 4 0 10 0.00 M M 8.9 18 120 M M 5 35 140
15 89 71 80 9 0 15 T M M 12.5 26 130 M M 6 3 36 130
16 80 72 76 5 0 11 0.04 M M 5.7 15 140 M M 9 18 23 150
17 84 73 79 8 0 14 0.00 M M 7.0 17 130 M M 8 18 25 140
18 90 73 82 10 0 17 0.00 M M 6.2 18 130 M M 8 18 24 120
19 82 72 77 5 0 12 0.00 M M 9.7 18 50 M M 9 28 50
20 78 59 69 -3 0 4 0.57 M M 10.6 22 40 M M 9 13 35 30
21 73 55 64 -8 1 0 0.01 M M 12.8 22 30 M M 5 3 32 30
22 74 56 65 -7 0 0 0.00 M M 7.8 16 160 M M 4 22 160
================================================================================
SM 1821 1335 1 153 1.46 M 180.9 M 105
================================================================================
AV 82.8 60.7 8.2 FASTST M M 5 MAX(MPH)
MISC ----> 35 360 48 10
================================================================================
NOTES:
# LAST OF SEVERAL OCCURRENCES
COLUMN 17 PEAK WIND IN M.P.H.
PRELIMINARY LOCAL CLIMATOLOGICAL DATA (WS FORM: F-6) , PAGE 2
STATION: SAN ANTONIO STINSON FIELD
MONTH: APRIL
YEAR: 2024
LATITUDE: 29 19 N
LONGITUDE: 98 29 W
[TEMPERATURE DATA] [PRECIPITATION DATA] SYMBOLS USED IN COLUMN 16
AVERAGE MONTHLY: 71.7 TOTAL FOR MONTH: 1.46 1 = FOG OR MIST
DPTR FM NORMAL: 1.5 DPTR FM NORMAL: -0.22 2 = FOG REDUCING VISIBILITY
HIGHEST: 90 ON 18, 9 GRTST 24HR 0.83 ON 9-10 TO 1/4 MILE OR LESS
LOWEST: 47 ON 4 3 = THUNDER
SNOW, ICE PELLETS, HAIL 4 = ICE PELLETS
TOTAL MONTH: M 5 = HAIL
GRTST 24HR M ON M 6 = FREEZING RAIN OR DRIZZLE
GRTST DEPTH: M ON M 7 = DUSTSTORM OR SANDSTORM:
VSBY 1/2 MILE OR LESS
8 = SMOKE OR HAZE
[NO. OF DAYS WITH] [WEATHER - DAYS WITH] 9 = BLOWING SNOW
X = TORNADO
MAX 32 OR BELOW: 0 0.01 INCH OR MORE: 6
MAX 90 OR ABOVE: 2 0.10 INCH OR MORE: 2
MIN 32 OR BELOW: 0 0.50 INCH OR MORE: 2
MIN 0 OR BELOW: 0 1.00 INCH OR MORE: 0
[HDD (BASE 65) ]
TOTAL THIS MO. 1 CLEAR (SCALE 0-3) 8
DPTR FM NORMAL -19 PTCLDY (SCALE 4-7) 9
TOTAL FM JUL 1 1037 CLOUDY (SCALE 8-10) 5
DPTR FM NORMAL -198
[CDD (BASE 65) ]
TOTAL THIS MO. 153
DPTR FM NORMAL 15 [PRESSURE DATA]
TOTAL FM JAN 1 313 HIGHEST SLP M ON M
DPTR FM NORMAL 34 LOWEST SLP 29.47 ON 9
[REMARKS]