000
CXUS53 KMPX 052138
CLASTC
CLIMATE REPORT
NATIONAL WEATHER SERVICE TWIN CITIES/CHANHASSEN MN
338 PM CST THU JAN 05 2023
...................................
...THE ST CLOUD MN CLIMATE SUMMARY FOR THE YEAR OF 2022...
CLIMATE NORMAL PERIOD 1991 TO 2020
CLIMATE RECORD PERIOD 1893 TO 2023
WEATHER OBSERVED NORMAL DEPART LAST YEAR`S
VALUE DATE(S) VALUE FROM VALUE
NORMAL
..............................................................
TEMPERATURE (F)
RECORD
HIGH 107 07/13/1936
07/23/1934
07/22/1934
LOW -43 01/09/1977
HIGHEST 101 06/20 58 43
LOWEST -28 01/07 27 -55
MEAN 42.6 42.9 -0.3
DAYS MAX >= 90 7 8.8 -1.8
DAYS MAX <= 32 88 83.5 4.5
DAYS MIN <= 32 172 172.5 -0.5
DAYS MIN <= 0 52 35.7 16.3
PRECIPITATION (INCHES)
RECORD
MAXIMUM 41.01 1897
MINIMUM 14.64 1910
TOTALS 32.43 28.49 3.94
DAYS >= .01 121 110.5 10.5
DAYS >= .10 57 56.9 0.1
DAYS >= .50 22 17.5 4.5
DAYS >= 1.00 7 5.9 1.1
GREATEST
24 HR. TOTAL 3.03 06/24 TO 06/24
STORM TOTAL M
(MM/DD(HH))
SNOWFALL (INCHES)
RECORDS
TOTAL 84.3 2013
TOTALS 57.3 47.9 9.4
SINCE 7/1 27.7 17.2 10.5
DAYS >= TRACE 48 36.0 12.0
DAYS >= 1.0 17 14.8 2.2
GREATEST
SNOW DEPTH 12 12/22
24 HR TOTAL 7.2 12/15 TO 12/15
STORM TOTAL M
(MM/DD(HH))
DEGREE DAYS
HEATING TOTAL 8627 8490 137
SINCE 7/1 3165 3345 -180
COOLING TOTAL 594 468 126
SINCE 1/1 594 468 126
..............................................................
WIND (MPH)
HIGHEST WIND SPEED/DIRECTION 45/190 DATE 05/30
HIGHEST GUST SPEED/DIRECTION 66/190 DATE 05/30
- INDICATES NEGATIVE NUMBERS.
R INDICATES RECORD WAS SET OR TIED.
MM INDICATES DATA IS MISSING.
T INDICATES TRACE AMOUNT.
$$