000
CXUS53 KGRB 051605
CF6SUE
PRELIMINARY LOCAL CLIMATOLOGICAL DATA (WS FORM: F-6)
STATION: STURGEON BAY WI
MONTH: MAY
YEAR: 2022
LATITUDE: 44 55 N
LONGITUDE: 87 25 W
TEMPERATURE IN F: :PCPN: SNOW: WIND :SUNSHINE: SKY :PK WND
================================================================================
1 2 3 4 5 6A 6B 7 8 9 10 11 12 13 14 15 16 17 18
12Z AVG MX 2MIN
DY MAX MIN AVG DEP HDD CDD WTR SNW DPTH SPD SPD DIR MIN PSBL S-S WX SPD DR
================================================================================
1 52 44 48 M 17 0 0.07 M M 12.5 20 120 M M 10 1 30 150
2 51 45 48 M 17 0 0.02 M M 8.7 13 260 M M 10 18 16 270
3 49 37 43 M 22 0 T M M 10.5 16 20 M M 7 1 22 10
4 55 35 45 M 20 0 M M M 7.4 13 360 M M 0 M M
5 60 36 48 M 17 0 M M M 4.3 9 100 M M 0 M M
6 62 43 53 M 12 0 M M M 8.2 16 50 M M 0 18 60
7 59 43 51 M 14 0 M M M 6.7 10 80 M M 0 M M
8 58 43 51 M 14 0 M M M 10.8 21 180 M M 1 29 180
9 69 50 60 M 5 0 M M M 18.7 28 170 M M 4 41 170
10 73 56 65 M 0 0 0.01 M M 13.7 22 170 M M 2 33 170
11 70 57 64 M 1 0 M M M 7.0 14 160 M M 6 12 20 160
12 77 56 67 M 0 2 0.40 M M 14.2 25 180 M M 4 13 33 180
13 76 58 67 M 0 2 M M M 13.8 23 170 M M 1 33 150
14 81 56 69 M 0 4 T M M 7.3 14 150 M M 2 M M
15 72 54 63 M 2 0 M M M 8.3 17 180 M M 2 22 180
16 69 42 56 M 9 0 M M M 7.7 16 270 M M 3 23 290
17 57 40 49 M 16 0 M M M 6.3 12 150 M M 0 M M
18 61 44 53 M 12 0 0.09 M M 7.1 15 180 M M 5 21 180
19 68 50 59 M 6 0 0.49 M M 8.1 14 170 M M 4 1 38 160
20 67 56 62 M 3 0 0.45 M M 9.4 25 160 M M 8 13 35 150
21 57 44 51 M 14 0 0.01 M M 8.6 15 350 M M 2 18 100
22 52 44 48 M 17 0 T M M 5.6 13 340 M M 10 18 300
23 56 40 48 M 17 0 M M M 3.7 12 130 M M 2 8 16 130
24 61 36 49 M 16 0 M M M 4.6 9 110 M M 0 M M
25 54 49 52 M 13 0 1.01 M M 7.5 12 60 M M 10 1 20 70
26 62 51 57 M 8 0 0.07 M M 3.9 10 30 M M 10 12 M M
27 64 49 57 M 8 0 M M M 8.3 17 350 M M 4 22 350
28 59 48 54 M 11 0 T M M 8.9 15 180 M M 4 M M
29 68 52 60 M 5 0 T M M 16.1 24 180 M M 2 36 170
30 75 56 66 M 0 1 M M M 15.4 24 190 M M 0 39 180
31 83 57 70 M 0 5 M M M 14.2 24 210 M M 1 38 220
================================================================================
SM 1977 1471 296 14 2.62 M 287.3 M 114
================================================================================
AV 63.8 47.5 9.3 FASTST M M 4 MAX(MPH)
MISC ----> 28 170 41 170
================================================================================
NOTES:
# LAST OF SEVERAL OCCURRENCES
COLUMN 17 PEAK WIND IN M.P.H.
PRELIMINARY LOCAL CLIMATOLOGICAL DATA (WS FORM: F-6) , PAGE 2
STATION: STURGEON BAY WI
MONTH: MAY
YEAR: 2022
LATITUDE: 44 55 N
LONGITUDE: 87 25 W
[TEMPERATURE DATA] [PRECIPITATION DATA] SYMBOLS USED IN COLUMN 16
AVERAGE MONTHLY: 55.6 TOTAL FOR MONTH: 2.62 1 = FOG OR MIST
DPTR FM NORMAL: 0.0 DPTR FM NORMAL: M 2 = FOG REDUCING VISIBILITY
HIGHEST: 83 ON 31 GRTST 24HR 1.01 ON 25-25 TO 1/4 MILE OR LESS
LOWEST: 35 ON 4 3 = THUNDER
SNOW, ICE PELLETS, HAIL 4 = ICE PELLETS
TOTAL MONTH: M 5 = HAIL
GRTST 24HR M ON M 6 = FREEZING RAIN OR DRIZZLE
GRTST DEPTH: M ON M 7 = DUSTSTORM OR SANDSTORM:
VSBY 1/2 MILE OR LESS
8 = SMOKE OR HAZE
[NO. OF DAYS WITH] [WEATHER - DAYS WITH] 9 = BLOWING SNOW
X = TORNADO
MAX 32 OR BELOW: 0 0.01 INCH OR MORE: 10
MAX 90 OR ABOVE: 0 0.10 INCH OR MORE: 4
MIN 32 OR BELOW: 0 0.50 INCH OR MORE: 1
MIN 0 OR BELOW: 0 1.00 INCH OR MORE: 1
[HDD (BASE 65) ]
TOTAL THIS MO. 296 CLEAR (SCALE 0-3) 16
DPTR FM NORMAL M PTCLDY (SCALE 4-7) 10
TOTAL FM JUL 1 7303 CLOUDY (SCALE 8-10) 5
DPTR FM NORMAL 7065
[CDD (BASE 65) ]
TOTAL THIS MO. 14
DPTR FM NORMAL M [PRESSURE DATA]
TOTAL FM JAN 1 14 HIGHEST SLP M ON M
DPTR FM NORMAL 14 LOWEST SLP M ON M
[REMARKS]
#FINAL-05-22#