000
CXUS53 KLSX 011400
CF6SUS
PRELIMINARY LOCAL CLIMATOLOGICAL DATA (WS FORM: F-6)
STATION: SPIRIT OF ST LOUIS MO
MONTH: APRIL
YEAR: 2023
LATITUDE: 38 39 N
LONGITUDE: 90 38 W
TEMPERATURE IN F: :PCPN: SNOW: WIND :SUNSHINE: SKY :PK WND
================================================================================
1 2 3 4 5 6A 6B 7 8 9 10 11 12 13 14 15 16 17 18
12Z AVG MX 2MIN
DY MAX MIN AVG DEP HDD CDD WTR SNW DPTH SPD SPD DIR MIN PSBL S-S WX SPD DR
================================================================================
1 62 34 48 -3 17 0 0.00 0.0 0 15.8 33 270 M M 3 53 260
2 74 30 52 0 13 0 0.00 0.0 0 5.9 20 150 M M 0 32 150
3 78 49 64 12 1 0 0.00 0.0 0 7.4 20 180 M M 2 30 170
4 85 55 70 18 0 5 0.02 0.0 0 11.5 25 180 M M 1 18 46 180
5 78 39 59 6 6 0 0.51 0.0 0 11.1 22 260 M M 4 13 33 210
6 52 33 43 -10 22 0 0.00 0.0 0 3.3 10 340 M M 0 15 330
7 61 29 45 -9 20 0 0.00 0.0 0 4.2 15 60 M M 0 24 110
8 66 30 48 -6 17 0 0.00 0.0 0 4.6 17 70 M M 0 23 70
9 69 32 51 -3 14 0 0.00 0.0 0 5.6 20 90 M M 0 30 130
10 74 34 54 0 11 0 0.00 0.0 0 3.9 13 120 M M 0 19 140
11 79 44 62 7 3 0 0.00 0.0 0 5.0 15 240 M M 1 21 220
12 81 47 64 9 1 0 0.00 0.0 0 6.4 15 210 M M 0 8 24 250
13 81 43 62 6 3 0 0.00 0.0 0 3.4 14 130 M M 0 20 110
14 81 45 63 7 2 0 0.00 0.0 0 4.8 13 190 M M 1 20 130
15 76 49 63 7 2 0 1.45 0.0 0 7.4 37 250 M M 4 13 55 250
16 49 41 45 -12 20 0 0.12 0.0 0 15.0 33 290 M M 10 1 46 310
17 67 41 54 -3 11 0 0.00 0.0 0 12.6 28 300 M M 0 38 290
18 73 38 56 -1 9 0 0.00 0.0 0 5.3 15 70 M M 1 20 70
19 84 50 67 9 0 2 0.00 0.0 0 8.7 26 210 M M 1 43 220
20 79 48 64 6 1 0 0.16 0.0 0 11.4 23 200 M M 5 13 37 220
21 67 40 54 -4 11 0 0.00 0.0 0 5.6 21 280 M M 1 27 320
22 46 34 40 -19 25 0 0.00 0.0 0 10.3 22 290 M M 6 30 300
23 57 30 44 -15 21 0 0.00 0.0 0 6.0 18 290 M M 4 29 230
24 64 27 46 -13 19 0 0.00 0.0 0 4.3 13 230 M M 0 17 240
25 69 41 55 -5 10 0 0.00 0.0 0 4.8 16 250 M M 4 22 240
26 64 39 52 -8 13 0 0.00 0.0 0 7.0 18 60 M M 0 25 50
27 66 45 56 -4 9 0 0.01 0.0 0 4.2 14 60 M M 6 1 19 80
28 71 49 60 0 5 0 0.00 0.0 0 3.2 10 290 M M 4 18 16 30
29 69 44 57 -4 8 0 0.01 0.0 0 8.5 28 340 M M 3 40 330
30 58 40 49 -12 16 0 0.00 0.0 0 15.2 36 290 M M 6 47 310
================================================================================
SM 2080 1200 310 7 2.28 0.0 222.4 M 67
================================================================================
AV 69.3 40.0 7.4 FASTST M M 2 MAX(MPH)
MISC ----> 37 250 55 250
================================================================================
NOTES:
# LAST OF SEVERAL OCCURRENCES
COLUMN 17 PEAK WIND IN M.P.H.
PRELIMINARY LOCAL CLIMATOLOGICAL DATA (WS FORM: F-6) , PAGE 2
STATION: SPIRIT OF ST LOUIS MO
MONTH: APRIL
YEAR: 2023
LATITUDE: 38 39 N
LONGITUDE: 90 38 W
[TEMPERATURE DATA] [PRECIPITATION DATA] SYMBOLS USED IN COLUMN 16
AVERAGE MONTHLY: 54.7 TOTAL FOR MONTH: 2.28 1 = FOG OR MIST
DPTR FM NORMAL: -1.7 DPTR FM NORMAL: -2.30 2 = FOG REDUCING VISIBILITY
HIGHEST: 85 ON 4 GRTST 24HR 1.55 ON 15-16 TO 1/4 MILE OR LESS
LOWEST: 27 ON 24 3 = THUNDER
SNOW, ICE PELLETS, HAIL 4 = ICE PELLETS
TOTAL MONTH: 0.0 INCH 5 = HAIL
GRTST 24HR 0.0 6 = FREEZING RAIN OR DRIZZLE
GRTST DEPTH: 0 7 = DUSTSTORM OR SANDSTORM:
VSBY 1/2 MILE OR LESS
8 = SMOKE OR HAZE
[NO. OF DAYS WITH] [WEATHER - DAYS WITH] 9 = BLOWING SNOW
X = TORNADO
MAX 32 OR BELOW: 0 0.01 INCH OR MORE: 7
MAX 90 OR ABOVE: 0 0.10 INCH OR MORE: 4
MIN 32 OR BELOW: 6 0.50 INCH OR MORE: 2
MIN 0 OR BELOW: 0 1.00 INCH OR MORE: 1
[HDD (BASE 65) ]
TOTAL THIS MO. 310 CLEAR (SCALE 0-3) 20
DPTR FM NORMAL 22 PTCLDY (SCALE 4-7) 9
TOTAL FM JUL 1 4457 CLOUDY (SCALE 8-10) 1
DPTR FM NORMAL -99
[CDD (BASE 65) ]
TOTAL THIS MO. 7
DPTR FM NORMAL -21 [PRESSURE DATA]
TOTAL FM JAN 1 8 HIGHEST SLP 30.52 ON 7
DPTR FM NORMAL -26 LOWEST SLP 29.46 ON 4
[REMARKS]
#FINAL-04-23#