000
CXUS54 KOUN 010810
CF6SWO
PRELIMINARY LOCAL CLIMATOLOGICAL DATA (WS FORM: F-6)
STATION: STILLWATER
MONTH: OCTOBER
YEAR: 2023
LATITUDE: 36 10 N
LONGITUDE: 97 5 W
TEMPERATURE IN F: :PCPN: SNOW: WIND :SUNSHINE: SKY :PK WND
================================================================================
1 2 3 4 5 6A 6B 7 8 9 10 11 12 13 14 15 16 17 18
12Z AVG MX 2MIN
DY MAX MIN AVG DEP HDD CDD WTR SNW DPTH SPD SPD DIR MIN PSBL S-S WX SPD DR
================================================================================
1 93 65 79 11 0 14 0.00 M M 7.7 18 120 M M 0 26 140
2 93 64 79 11 0 14 0.00 M M 8.9 16 150 M M 0 23 160
3 88 69 79 11 0 14 0.00 M M 11.5 20 150 M M 0 28 150
4 85 64 75 8 0 10 0.36 M M 7.2 25 330 M M 4 13 45 320
5 85 61 73 6 0 8 0.00 M M 6.5 17 360 M M 2 23 10
6 72 47 60 -6 5 0 0.00 M M 8.2 25 30 M M 5 33 360
7 70 39 55 -11 10 0 0.00 0.0 M 3.6 13 10 M M 0 20 330
8 83 39 61 -5 4 0 0.00 0.0 M 5.3 18 240 M M 0 25 210
9 86 47 67 2 0 2 0.00 M M 4.8 14 60 M M 0 19 70
10 88 50 69 4 0 4 0.00 M M 9.2 18 100 M M 0 24 160
11 87 65 76 12 0 11 0.00 M M 17.0 32 160 M M 2 39 180
12 75 66 71 7 0 6 T M M 18.2 31 150 M M 8 40 160
13 72 52 62 -2 3 0 0.00 M M 12.7 24 290 M M 4 78 37 280
14 67 47 57 -6 8 0 0.00 M M 10.6 21 340 M M 3 8 30 300
15 63 43 53 -10 12 0 0.00 M M 10.1 21 360 M M 6 29 330
16 67 37 52 -10 13 0 0.00 M M 6.2 15 300 M M 1 23 340
17 78 32 55 -7 10 0 0.00 M M 6.5 16 170 M M 0 23 170
18 83 47 65 3 0 0 0.00 M M 7.8 13 280 M M 0 20 250
19 84 41 63 2 2 0 0.00 M M 4.3 17 290 M M 0 24 290
20 91 47 69 8 0 4 0.00 M M 2.9 9 220 M M 0 14 230
21 89 53 71 11 0 6 0.00 M M 4.6 10 40 M M 0 15 70
22 91 57 74 14 0 9 0.00 M M 10.5 21 150 M M 0 28 140
23 87 66 77 17 0 12 0.00 M M 14.7 24 160 M M 2 33 180
24 73 66 70 11 0 5 1.47 M M 13.9 25 160 M M 10 1 37 160
25 75 68 72 13 0 7 0.16 M M 12.1 24 110 M M 9 1 33 110
26 86 67 77 19 0 12 0.07 M M 14.0 25 180 M M 5 1 37 200
27 74 51 63 5 2 0 T M M 11.5 20 300 M M 9 29 310
28 51 39 45 -13 20 0 0.05 M M 10.9 17 20 M M 10 18 23 360
29 40 36 38 -19 27 0 0.88 M M 13.1 22 350 M M 10 13 29 340
30 48 26 37 -20 28 0 0.00 M M 7.1 20 20 M M 1 27 360
31 48 24 36 -20 29 0 0.00 M M 8.0 23 360 M M 0 32 350
================================================================================
SM 2372 1575 173 138 2.99 0.0 289.6 M 91
================================================================================
AV 76.5 50.8 9.3 FASTST M M 3 MAX(MPH)
MISC ----> 32 160 45 320
================================================================================
NOTES:
# LAST OF SEVERAL OCCURRENCES
COLUMN 17 PEAK WIND IN M.P.H.
PRELIMINARY LOCAL CLIMATOLOGICAL DATA (WS FORM: F-6) , PAGE 2
STATION: STILLWATER
MONTH: OCTOBER
YEAR: 2023
LATITUDE: 36 10 N
LONGITUDE: 97 5 W
[TEMPERATURE DATA] [PRECIPITATION DATA] SYMBOLS USED IN COLUMN 16
AVERAGE MONTHLY: 63.7 TOTAL FOR MONTH: 2.99 1 = FOG OR MIST
DPTR FM NORMAL: 1.4 DPTR FM NORMAL: 0.05 2 = FOG REDUCING VISIBILITY
HIGHEST: 93 ON 2, 1 GRTST 24HR 1.47 ON 24-24 TO 1/4 MILE OR LESS
LOWEST: 24 ON 31 3 = THUNDER
SNOW, ICE PELLETS, HAIL 4 = ICE PELLETS
TOTAL MONTH: 0.0 INCH 5 = HAIL
GRTST 24HR 0.0 6 = FREEZING RAIN OR DRIZZLE
GRTST DEPTH: M ON M 7 = DUSTSTORM OR SANDSTORM:
VSBY 1/2 MILE OR LESS
8 = SMOKE OR HAZE
[NO. OF DAYS WITH] [WEATHER - DAYS WITH] 9 = BLOWING SNOW
X = TORNADO
MAX 32 OR BELOW: 0 0.01 INCH OR MORE: 6
MAX 90 OR ABOVE: 4 0.10 INCH OR MORE: 4
MIN 32 OR BELOW: 3 0.50 INCH OR MORE: 2
MIN 0 OR BELOW: 0 1.00 INCH OR MORE: 1
[HDD (BASE 65) ]
TOTAL THIS MO. 173 CLEAR (SCALE 0-3) 19
DPTR FM NORMAL 10 PTCLDY (SCALE 4-7) 7
TOTAL FM JUL 1 173 CLOUDY (SCALE 8-10) 5
DPTR FM NORMAL -5
[CDD (BASE 65) ]
TOTAL THIS MO. 138
DPTR FM NORMAL 57 [PRESSURE DATA]
TOTAL FM JAN 1 2328 HIGHEST SLP M ON M
DPTR FM NORMAL 143 LOWEST SLP 29.48 ON 12
[REMARKS]
#FINAL-10-23#