000
CXUS51 KBGM 010729
CLSSYR
CLIMATE REPORT
NATIONAL WEATHER SERVICE BINGHAMTON, NY
229 AM EST FRI DEC 01 2023
...................................
...THE SYRACUSE NY CLIMATE SUMMARY FOR THE SEASON, FROM
9/1/2023 TO 11/30/2023...
CLIMATE NORMAL PERIOD 1991 TO 2020
CLIMATE RECORD PERIOD 1902 TO 2023
WEATHER OBSERVED NORMAL DEPART LAST YEAR`S
VALUE DATE(S) VALUE FROM VALUE DATE(S)
NORMAL
................................................................
TEMPERATURE (F)
RECORD
HIGH 97 09/04/1953
09/03/1953
LOW 11/23/2018
HIGHEST 92 09/06 60 32 86 09/18
LOWEST 24 11/13 42 -18 23 11/20
11/21
11/29
11/21
AVG. MAXIMUM 62.8 60.5 2.3 63.4
AVG. MINIMUM 45.6 42.6 3.0 44.4
MEAN 54.2 51.5 2.7 53.9
DAYS MAX >= 90 2 1.0 1.0 MM
DAYS MAX <= 32 0 1.7 -1.7 MM
DAYS MIN <= 32 15 19.5 -4.5 MM
DAYS MIN <= 0 0 0.0 0.0 MM
PRECIPITATION (INCHES)
RECORD
MAXIMUM 16.60 1977
MINIMUM 4.47 1964
TOTALS 7.21 10.50 -3.29 9.49
DAILY AVG. 0.08 0.12 -0.04 0.11
DAYS >= .01 37 42.1 -5.1 MM
DAYS >= .10 20 22.9 -2.9 MM
DAYS >= .50 4 6.3 -2.3 MM
DAYS >= 1.00 0 1.7 -1.7 MM
GREATEST
24 HR. TOTAL 0.90 0MM07 TO 09/07 2.63
STORM TOTAL 0.90 1.54
(MM/DD(HH)) MM
SNOWFALL (INCHES)
RECORDS
TOTAL 34.2 1995
24 HR TOTAL 18.3 11/21/2016 TO 11/21/2016
SNOW DEPTH 22 11/21/2016
11/22/2016
TOTALS 5.5 10.0 -4.5 3.7
SINCE 7/1 5.5 10.0 -4.5 MM
SNOWDEPTH AVG. 0 0
DAYS >= TRACE 13 6.2 6.8 MM
DAYS >= 1.0 1 2.7 -1.7 MM
GREATEST
SNOW DEPTH 4 11/29 2 11/16
24 HR TOTAL 4.3 11/28 TO 11/28 2.2 11/15 TO 11/16
STORM TOTAL 4.5 0.0
(MM/DD(HH)) MM
DEGREE DAYS
HEATING TOTAL 1092 1292 -200 1080
SINCE 7/1 1095 1312 -217 MM
COOLING TOTAL 131 68 63 90
SINCE 1/1 766 619 147 MM
FREEZE DATES
RECORD
EARLIEST 09/23/1963
LATEST 05/24/1963
EARLIEST 11/02
LATEST 05/18
................................................................
WIND (MPH)
AVERAGE WIND SPEED 6.9
RESULTANT WIND SPEED/DIRECTION 2/240
HIGHEST WIND SPEED/DIRECTION 35/260 DATE 11/28
HIGHEST GUST SPEED/DIRECTION 47/240 DATE 11/28
SKY COVER
POSSIBLE SUNSHINE (PERCENT) MM
AVERAGE SKY COVER 0.73
AVERAGE RH (PERCENT) 66
WEATHER CONDITIONS. NUMBER OF DAYS WITH
THUNDERSTORM 3 MIXED PRECIP 0
HEAVY RAIN 6 RAIN 10
LIGHT RAIN 50 FREEZING RAIN 0
LT FREEZING RAIN 0 HAIL 1
HEAVY SNOW 0 SNOW 2
LIGHT SNOW 11 SLEET 4
FOG 39 FOG W/VIS <= 1/4 MILE 0
HAZE 17
- INDICATES NEGATIVE NUMBERS.
R INDICATES RECORD WAS SET OR TIED.
MM INDICATES DATA IS MISSING.
T INDICATES TRACE AMOUNT.
$$