000
CXUS55 KPUB 011310
CF6TAD
PRELIMINARY LOCAL CLIMATOLOGICAL DATA (WS FORM: F-6)
STATION: TRINIDAD CO
MONTH: NOVEMBER
YEAR: 2020
LATITUDE: 37 16 N
LONGITUDE: 104 20 W
TEMPERATURE IN F: :PCPN: SNOW: WIND :SUNSHINE: SKY :PK WND
================================================================================
1 2 3 4 5 6A 6B 7 8 9 10 11 12 13 14 15 16 17 18
12Z AVG MX 2MIN
DY MAX MIN AVG DEP HDD CDD WTR SNW DPTH SPD SPD DIR MIN PSBL S-S WX SPD DR
================================================================================
1 71 31 51 4 14 0 0.00 0.0 0 8.0 14 260 M M 0 18 260
2 76 39 58 11 7 0 0.00 M M 9.5 18 260 M M 0 23 250
3 77 43 60 14 5 0 0.00 M M 11.4 20 260 M M 0 24 260
4 74 41 58 12 7 0 0.00 M M 10.9 23 340 M M 1 30 340
5 77 39 58 13 7 0 0.00 M M 9.7 20 240 M M 0 8 26 240
6 76 46 61 16 4 0 0.00 M M 11.2 28 240 M M 0 36 240
7 74 50 62 18 3 0 0.00 M M 18.7 45 200 M M 0 64 200
8 62 45 54 10 11 0 0.03 M M 23.4 49 190 M M 2 66 190
9 61 31 46 2 19 0 0.00 M M 16.4 29 260 M M 2 38 230
10 53 25 39 -4 26 0 0.00 M M 10.5 28 300 M M 0 36 290
11 53 15 34 -9 31 0 0.00 M M 8.2 29 240 M M 0 43 240
12 53 21 37 -5 28 0 0.00 M M 7.2 15 50 M M 0 24 40
13 66 29 48 6 17 0 0.00 M M 19.0 32 260 M M 0 44 260
14 58 27 43 2 22 0 0.00 M M 20.5 39 240 M M 1 54 220
15 66 17 42 1 23 0 0.00 M M 8.1 21 290 M M 0 28 270
16 68 33 51 11 14 0 0.00 M M 8.8 22 250 M M 0 28 250
17 72 34 53 13 12 0 0.00 M M 11.5 20 250 M M 0 25 250
18 77 42 60 21 5 0 0.00 M M 11.9 25 250 M M 0 34 260
19 77 42 60 21 5 0 0.00 M M 9.8 28 240 M M 0 38 240
20 57 27 42 4 23 0 0.00 M M 8.8 18 70 M M 0 25 80
21 61 31 46 8 19 0 0.03 0.0 0 6.5 24 350 M M 3 2 36 360
22 51 24 38 0 27 0 0.00 M M 8.0 22 250 M M 2 12 33 240
23 67 40 54 17 11 0 0.00 0.0 0 12.6 31 200 M M 1 43 210
24 52 26 39 2 26 0 0.13 M M 10.7 23 240 M M 6 128 31 250
25 52 22 37 1 28 0 0.00 M M 8.1 21 250 M M 0 26 240
26 47 25 36 0 29 0 0.00 M M 6.0 15 250 M M 0 19 250
27 45 20 33 -2 32 0 0.00 M M 6.3 13 250 M M 1 17 160
28 50 25 38 3 27 0 0.00 M M 8.7 24 250 M M 2 32 250
29 41 20 31 -4 34 0 0.00 M M 10.2 28 350 M M 0 40 360
30 59 21 40 6 25 0 0.00 M M 10.2 18 250 M M 0 23 240
================================================================================
SM 1873 931 541 0 0.19 0.0 330.8 M 21
================================================================================
AV 62.4 31.0 11.0 FASTST M M 1 MAX(MPH)
MISC ----> 49 190 66 190
================================================================================
NOTES:
# LAST OF SEVERAL OCCURRENCES
COLUMN 17 PEAK WIND IN M.P.H.
PRELIMINARY LOCAL CLIMATOLOGICAL DATA (WS FORM: F-6) , PAGE 2
STATION: TRINIDAD CO
MONTH: NOVEMBER
YEAR: 2020
LATITUDE: 37 16 N
LONGITUDE: 104 20 W
[TEMPERATURE DATA] [PRECIPITATION DATA] SYMBOLS USED IN COLUMN 16
AVERAGE MONTHLY: 46.7 TOTAL FOR MONTH: 0.19 1 = FOG OR MIST
DPTR FM NORMAL: 6.1 DPTR FM NORMAL: -0.51 2 = FOG REDUCING VISIBILITY
HIGHEST: 77 ON 19,18 GRTST 24HR 0.13 ON 24-24 TO 1/4 MILE OR LESS
LOWEST: 15 ON 11 3 = THUNDER
SNOW, ICE PELLETS, HAIL 4 = ICE PELLETS
TOTAL MONTH: 0.0 INCH 5 = HAIL
GRTST 24HR 0.0 6 = FREEZING RAIN OR DRIZZLE
GRTST DEPTH: 0 7 = DUSTSTORM OR SANDSTORM:
VSBY 1/2 MILE OR LESS
8 = SMOKE OR HAZE
[NO. OF DAYS WITH] [WEATHER - DAYS WITH] 9 = BLOWING SNOW
X = TORNADO
MAX 32 OR BELOW: 0 0.01 INCH OR MORE: 3
MAX 90 OR ABOVE: 0 0.10 INCH OR MORE: 1
MIN 32 OR BELOW: 18 0.50 INCH OR MORE: 0
MIN 0 OR BELOW: 0 1.00 INCH OR MORE: 0
[HDD (BASE 65) ]
TOTAL THIS MO. 541 CLEAR (SCALE 0-3) 29
DPTR FM NORMAL -191 PTCLDY (SCALE 4-7) 1
TOTAL FM JUL 1 1063 CLOUDY (SCALE 8-10) 0
DPTR FM NORMAL -170
[CDD (BASE 65) ]
TOTAL THIS MO. 0
DPTR FM NORMAL 0 [PRESSURE DATA]
TOTAL FM JAN 1 1156 HIGHEST SLP 30.58 ON 29
DPTR FM NORMAL 437 LOWEST SLP 29.25 ON 8
[REMARKS]
#FINAL-11-20#