000
CXUS54 KEPZ 011130
CF6TCS
PRELIMINARY LOCAL CLIMATOLOGICAL DATA (WS FORM: F-6)
STATION: TRUTH OR CONSEQUENCES
MONTH: JANUARY
YEAR: 2022
LATITUDE: 33 13 N
LONGITUDE: 107 16 W
TEMPERATURE IN F: :PCPN: SNOW: WIND :SUNSHINE: SKY :PK WND
================================================================================
1 2 3 4 5 6A 6B 7 8 9 10 11 12 13 14 15 16 17 18
12Z AVG MX 2MIN
DY MAX MIN AVG DEP HDD CDD WTR SNW DPTH SPD SPD DIR MIN PSBL S-S WX SPD DR
================================================================================
1 47 25 36 -5 29 0 0.05 M M 18.1 33 260 M M 3 1 49 330
2 42 18 30 -11 35 0 0.00 M M 5.8 16 300 M M 0 26 320
3 47 17 32 -9 33 0 0.00 M M 4.6 9 330 M M 0 12 320
4 59 22 41 0 24 0 0.00 M M 4.4 12 190 M M 0 15 190
5 62 33 48 7 17 0 0.00 M M 8.9 17 280 M M 0 23 320
6 63 37 50 9 15 0 0.00 M M 5.6 18 290 M M 0 26 300
7 70 28 49 8 16 0 0.00 M M 5.8 15 190 M M 0 8 23 170
8 66 37 52 11 13 0 0.00 M M 8.1 23 240 M M 0 35 220
9 56 36 46 5 19 0 0.00 M M 10.3 18 40 M M 0 27 10
10 53 25 39 -2 26 0 0.00 M M 5.4 14 170 M M 3 18 180
11 55 29 42 0 23 0 0.00 M M 5.3 12 30 M M 0 16 40
12 59 23 41 -1 24 0 0.00 M M 5.0 12 310 M M 0 17 330
13 63 29 46 4 19 0 0.00 M M 4.3 10 300 M M 0 14 320
14 71 36 54 12 11 0 0.00 M M 8.6 20 20 M M 1 32 340
15 52 34 43 1 22 0 0.00 M M 7.6 20 360 M M 0 29 10
16 57 23 40 -2 25 0 0.00 M M 4.8 13 300 M M 0 8 15 290
17 59 27 43 1 22 0 0.00 M M 5.2 13 190 M M 0 16 180
18 64 36 50 8 15 0 0.00 M M 9.2 21 270 M M 3 28 280
19 58 38 48 5 17 0 T M M 7.2 14 310 M M 4 19 350
20 51 30 41 -2 24 0 0.00 M M 8.2 17 10 M M 3 25 10
21 54 20 37 -6 28 0 0.00 M M 6.0 16 180 M M 0 25 200
22 53 30 42 -1 23 0 0.00 M M 13.0 25 20 M M 3 37 10
23 50 28 39 -4 26 0 T M M 7.5 22 40 M M 5 30 50
24 58 27 43 0 22 0 0.00 M M 6.0 13 260 M M 0 16 110
25 63 29 46 2 19 0 0.00 M M 8.5 21 240 M M 0 28 240
26 52 30 41 -3 24 0 0.00 M M 8.2 20 20 M M 1 28 20
27 54 27 41 -3 24 0 0.00 M M 8.9 32 30 M M 1 8 49 40
28 50 25 38 -6 27 0 0.00 M M 8.1 24 20 M M 0 34 20
29 53 23 38 -6 27 0 0.00 M M 5.3 12 330 M M 0 17 320
30 54 30 42 -2 23 0 0.04 M M 4.7 16 350 M M 5 23 360
31 60 28 44 0 21 0 0.00 M M 4.2 12 200 M M 0 17 180
================================================================================
SM 1755 880 693 0 0.09 M 222.8 M 32
================================================================================
AV 56.6 28.4 7.2 FASTST M M 1 MAX(MPH)
MISC ----> 33 260 # 49 330
================================================================================
NOTES:
# LAST OF SEVERAL OCCURRENCES
COLUMN 17 PEAK WIND IN M.P.H.
PRELIMINARY LOCAL CLIMATOLOGICAL DATA (WS FORM: F-6) , PAGE 2
STATION: TRUTH OR CONSEQUENCES
MONTH: JANUARY
YEAR: 2022
LATITUDE: 33 13 N
LONGITUDE: 107 16 W
[TEMPERATURE DATA] [PRECIPITATION DATA] SYMBOLS USED IN COLUMN 16
AVERAGE MONTHLY: 42.5 TOTAL FOR MONTH: 0.09 1 = FOG OR MIST
DPTR FM NORMAL: 0.2 DPTR FM NORMAL: -0.36 2 = FOG REDUCING VISIBILITY
HIGHEST: 71 ON 14 GRTST 24HR 0.11 ON 31- 1 TO 1/4 MILE OR LESS
LOWEST: 17 ON 3 3 = THUNDER
SNOW, ICE PELLETS, HAIL 4 = ICE PELLETS
TOTAL MONTH: M 5 = HAIL
GRTST 24HR M ON M 6 = FREEZING RAIN OR DRIZZLE
GRTST DEPTH: M ON M 7 = DUSTSTORM OR SANDSTORM:
VSBY 1/2 MILE OR LESS
8 = SMOKE OR HAZE
[NO. OF DAYS WITH] [WEATHER - DAYS WITH] 9 = BLOWING SNOW
X = TORNADO
MAX 32 OR BELOW: 0 0.01 INCH OR MORE: 2
MAX 90 OR ABOVE: 0 0.10 INCH OR MORE: 0
MIN 32 OR BELOW: 23 0.50 INCH OR MORE: 0
MIN 0 OR BELOW: 0 1.00 INCH OR MORE: 0
[HDD (BASE 65) ]
TOTAL THIS MO. 693 CLEAR (SCALE 0-3) 26
DPTR FM NORMAL -11 PTCLDY (SCALE 4-7) 5
TOTAL FM JUL 1 1613 CLOUDY (SCALE 8-10) 0
DPTR FM NORMAL -404
[CDD (BASE 65) ]
TOTAL THIS MO. 0
DPTR FM NORMAL 0 [PRESSURE DATA]
TOTAL FM JAN 1 0 HIGHEST SLP 30.59 ON 10
DPTR FM NORMAL 0 LOWEST SLP 29.51 ON 1
[REMARKS]
#FINAL-01-22#