000
CXUS52 KMFL 011130
CF6TMB
PRELIMINARY LOCAL CLIMATOLOGICAL DATA (WS FORM: F-6)
STATION: KENDALL-TAMIAMI EXEC ARPT
MONTH: JANUARY
YEAR: 2021
LATITUDE: 25 38 N
LONGITUDE: 80 26 W
TEMPERATURE IN F: :PCPN: SNOW: WIND :SUNSHINE: SKY :PK WND
================================================================================
1 2 3 4 5 6A 6B 7 8 9 10 11 12 13 14 15 16 17 18
12Z AVG MX 2MIN
DY MAX MIN AVG DEP HDD CDD WTR SNW DPTH SPD SPD DIR MIN PSBL S-S WX SPD DR
================================================================================
1 82 75 79 14 0 14 T 0.0 0 11.9 23 140 M M 6 8 31 150
2 83 64 74 9 0 9 T 0.0 0 7.8 18 140 M M 5 26 130
3 85 63 74 9 0 9 T 0.0 0 4.8 14 230 M M 1 1 20 210
4 75 58 67 2 0 2 T M M 6.3 14 340 M M 8 12 17 330
5 74 50 62 -3 3 0 T M M 6.9 16 340 M M 0 20 330
6 75 49 62 -3 3 0 T M M 2.0 12 310 M M 0 128 14 320
7 79 54 67 2 0 2 0.00 0.0 M 5.3 15 120 M M 1 21 120
8 77 57 67 2 0 2 T M M 9.1 22 270 M M 4 18 28 290
9 69 51 60 -5 5 0 T M M 8.9 20 340 M M 2 24 340
10 70 47 59 -6 6 0 0.00 M M 5.8 13 330 M M 0 16 350
11 78 56 67 2 0 2 T M M 4.7 16 140 M M 2 21 140
12 79 63 71 6 0 6 T M M 4.4 13 10 M M 2 1 15 360
13 78 62 70 5 0 5 0.13 M M 7.9 20 340 M M 6 1 23 340
14 71 60 66 1 0 1 0.04 M M 6.5 18 360 M M 10 18 23 360
15 78 63 71 6 0 6 T M M 5.5 13 310 M M 4 16 320
16 76 55 66 1 0 1 T M M 11.4 23 280 M M 1 32 270
17 70 52 61 -4 4 0 0.00 M M 4.3 12 280 M M 1 17 270
18 74 56 65 0 0 0 T M M 4.7 14 360 M M 2 19 350
19 76 52 64 -1 1 0 T M M 6.1 17 90 M M 0 21 100
20 77 56 67 2 0 2 T M M 5.6 18 60 M M 1 23 80
21 79 52 66 1 0 1 T M M 2.8 14 120 M M 2 12 20 110
22 81 52 67 2 0 2 T M M 3.9 15 250 M M 3 128 20 230
23 82 54 68 3 0 3 T M M 4.2 10 130 M M 3 12 14 300
24 82 60 71 5 0 6 T M M 3.5 13 110 M M 6 18 16 80
25 80 62 71 5 0 6 T M 0 5.3 18 120 M M 2 12 24 170
26 86 59 73 7 0 8 0.00 0.0 M 4.1 14 140 M M 2 12 21 120
27 87 62 75 9 0 10 0.00 M 0 5.5 16 290 M M 2 12 20 270
28 78 57 68 2 0 3 0.00 M 0 12.3 24 340 M M 4 30 350
29 75 55 65 -1 0 0 0.00 M 0 9.2 18 360 M M 4 23 50
30 76 56 66 0 0 1 0.00 0.0 M 8.4 21 100 M M 3 27 90
31 79 68 74 8 0 9 0.00 0.0 M 7.6 17 130 M M 5 25 130
================================================================================
SM 2411 1780 22 110 0.17 0.0 196.7 M 92
================================================================================
AV 77.8 57.4 6.3 FASTST M M 3 MAX(MPH)
MISC ----> 24 340 32 270
================================================================================
NOTES:
# LAST OF SEVERAL OCCURRENCES
COLUMN 17 PEAK WIND IN M.P.H.
PRELIMINARY LOCAL CLIMATOLOGICAL DATA (WS FORM: F-6) , PAGE 2
STATION: KENDALL-TAMIAMI EXEC ARPT
MONTH: JANUARY
YEAR: 2021
LATITUDE: 25 38 N
LONGITUDE: 80 26 W
[TEMPERATURE DATA] [PRECIPITATION DATA] SYMBOLS USED IN COLUMN 16
AVERAGE MONTHLY: 67.6 TOTAL FOR MONTH: 0.17 1 = FOG OR MIST
DPTR FM NORMAL: 2.4 DPTR FM NORMAL: -1.95 2 = FOG REDUCING VISIBILITY
HIGHEST: 87 ON 27 GRTST 24HR 0.45 ON 13-14 TO 1/4 MILE OR LESS
LOWEST: 47 ON 10 3 = THUNDER
SNOW, ICE PELLETS, HAIL 4 = ICE PELLETS
TOTAL MONTH: 0.0 INCH 5 = HAIL
GRTST 24HR 0.0 6 = FREEZING RAIN OR DRIZZLE
GRTST DEPTH: 0 7 = DUSTSTORM OR SANDSTORM:
VSBY 1/2 MILE OR LESS
8 = SMOKE OR HAZE
[NO. OF DAYS WITH] [WEATHER - DAYS WITH] 9 = BLOWING SNOW
X = TORNADO
MAX 32 OR BELOW: 0 0.01 INCH OR MORE: 2
MAX 90 OR ABOVE: 0 0.10 INCH OR MORE: 1
MIN 32 OR BELOW: 0 0.50 INCH OR MORE: 0
MIN 0 OR BELOW: 0 1.00 INCH OR MORE: 0
[HDD (BASE 65) ]
TOTAL THIS MO. 22 CLEAR (SCALE 0-3) 20
DPTR FM NORMAL -62 PTCLDY (SCALE 4-7) 9
TOTAL FM JUL 1 142 CLOUDY (SCALE 8-10) 2
DPTR FM NORMAL -3
[CDD (BASE 65) ]
TOTAL THIS MO. 110
DPTR FM NORMAL 19 [PRESSURE DATA]
TOTAL FM JAN 1 110 HIGHEST SLP 30.31 ON 19
DPTR FM NORMAL 19 LOWEST SLP 29.86 ON 15
[REMARKS]
#FINAL-01-21#