000
CXUS54 KBMX 011010
CF6TOI
PRELIMINARY LOCAL CLIMATOLOGICAL DATA (WS FORM: F-6)
STATION: TROY
MONTH: JULY
YEAR: 2022
LATITUDE: 31 51 N
LONGITUDE: 86 1 W
TEMPERATURE IN F: :PCPN: SNOW: WIND :SUNSHINE: SKY :PK WND
================================================================================
1 2 3 4 5 6A 6B 7 8 9 10 11 12 13 14 15 16 17 18
12Z AVG MX 2MIN
DY MAX MIN AVG DEP HDD CDD WTR SNW DPTH SPD SPD DIR MIN PSBL S-S WX SPD DR
================================================================================
1 94 73 84 4 0 19 T 0.0 0 2.9 15 210 M M 1 3 21 200
2 91 72 82 2 0 17 0.01 0.0 0 3.5 18 250 M M 1 3 24 240
3 92 73 83 3 0 18 0.08 0.0 0 2.8 14 200 M M 6 1238 16 210
4 96 73 85 5 0 20 T 0.0 0 2.3 15 190 M M 5 128 20 190
5 96 73 85 5 0 20 T 0.0 0 3.1 10 200 M M 2 18 14 200
6 97 73 85 5 0 20 0.00 0.0 0 2.8 12 210 M M 1 18 16 190
7 99 75 87 7 0 22 0.00 0.0 0 3.0 13 220 M M 1 138 16 210
8 100 76 88 8 0 23 0.04 0.0 M 3.7 23 320 M M 2 3 30 330
9 95 74 85 5 0 20 2.11 0.0 0 4.6 21 40 M M 3 3 28 280
10 94 73 84 3 0 19 0.00 0.0 0 4.1 12 330 M M 4 18 14 330
11 95 75 85 4 0 20 0.27 0.0 M 2.9 14 140 M M 3 138 20 120
12 90 73 82 1 0 17 0.44 0.0 M 2.2 17 110 M M 3 128 22 110
13 92 74 83 2 0 18 0.04 0.0 0 3.2 13 200 M M 3 13 16 210
14 87 73 80 -1 0 15 0.32 0.0 0 3.2 13 50 M M 3 13 20 60
15 94 71 83 2 0 18 0.59 0.0 0 2.8 20 50 M M 3 1238 28 80
16 93 71 82 1 0 17 0.00 0.0 0 1.4 9 140 M M 4 12 13 80
17 93 72 83 2 0 18 0.00 0.0 M 1.6 9 120 M M 1 12 80
18 94 72 83 2 0 18 0.03 0.0 0 5.0 15 300 M M 2 38 18 300
19 94 72 83 2 0 18 0.43 0.0 M 5.1 22 200 M M 2 13 28 200
20 95 77 86 5 0 21 0.00 0.0 0 6.0 17 200 M M 1 24 190
21 96 75 86 5 0 21 T 0.0 0 7.3 20 350 M M 5 3 25 350
22 93 73 83 2 0 18 0.00 0.0 0 3.4 17 200 M M 1 25 180
23 95 74 85 4 0 20 0.00 0.0 0 2.4 10 220 M M 1 3 14 220
24 97 73 85 4 0 20 0.51 0.0 0 3.1 16 290 M M 2 13 20 300
25 95 72 84 3 0 19 0.00 0.0 0 2.4 16 180 M M 2 13 19 200
26 95 73 84 3 0 19 0.00 0.0 0 2.2 18 120 M M 1 1 21 120
27 96 73 85 4 0 20 0.00 0.0 0 3.3 17 170 M M 2 1 25 150
28 96 73 85 4 0 20 0.00 0.0 0 3.1 16 210 M M 2 21 230
29 95 75 85 4 0 20 0.18 0.0 0 3.9 14 210 M M 4 123 18 200
30 96 75 86 5 0 21 0.00 0.0 0 4.3 15 220 M M 2 1 20 210
31 96 72 84 3 0 19 T 0.0 M 3.2 12 240 M M 1 1 16 240
================================================================================
SM 2931 2273 0 595 5.05 0.0 104.8 M 74
================================================================================
AV 94.5 73.3 3.4 FASTST M M 2 MAX(MPH)
MISC ----> 23 320 30 330
================================================================================
NOTES:
# LAST OF SEVERAL OCCURRENCES
COLUMN 17 PEAK WIND IN M.P.H.
PRELIMINARY LOCAL CLIMATOLOGICAL DATA (WS FORM: F-6) , PAGE 2
STATION: TROY
MONTH: JULY
YEAR: 2022
LATITUDE: 31 51 N
LONGITUDE: 86 1 W
[TEMPERATURE DATA] [PRECIPITATION DATA] SYMBOLS USED IN COLUMN 16
AVERAGE MONTHLY: 83.9 TOTAL FOR MONTH: 5.05 1 = FOG OR MIST
DPTR FM NORMAL: 3.2 DPTR FM NORMAL: -0.19 2 = FOG REDUCING VISIBILITY
HIGHEST: 100 ON 8 GRTST 24HR 2.15 ON 8- 9 TO 1/4 MILE OR LESS
LOWEST: 71 ON 16,15 3 = THUNDER
SNOW, ICE PELLETS, HAIL 4 = ICE PELLETS
TOTAL MONTH: 0.0 INCH 5 = HAIL
GRTST 24HR 0.0 6 = FREEZING RAIN OR DRIZZLE
GRTST DEPTH: 0 7 = DUSTSTORM OR SANDSTORM:
VSBY 1/2 MILE OR LESS
8 = SMOKE OR HAZE
[NO. OF DAYS WITH] [WEATHER - DAYS WITH] 9 = BLOWING SNOW
X = TORNADO
MAX 32 OR BELOW: 0 0.01 INCH OR MORE: 13
MAX 90 OR ABOVE: 30 0.10 INCH OR MORE: 8
MIN 32 OR BELOW: 0 0.50 INCH OR MORE: 3
MIN 0 OR BELOW: 0 1.00 INCH OR MORE: 1
[HDD (BASE 65) ]
TOTAL THIS MO. 0 CLEAR (SCALE 0-3) 24
DPTR FM NORMAL 0 PTCLDY (SCALE 4-7) 7
TOTAL FM JUL 1 0 CLOUDY (SCALE 8-10) 0
DPTR FM NORMAL 0
[CDD (BASE 65) ]
TOTAL THIS MO. 595
DPTR FM NORMAL 108 [PRESSURE DATA]
TOTAL FM JAN 1 1665 HIGHEST SLP 30.23 ON 31
DPTR FM NORMAL 461 LOWEST SLP 29.85 ON 11
[REMARKS]
#FINAL-07-22#