000
CXUS54 KBMX 011110
CF6TOI
PRELIMINARY LOCAL CLIMATOLOGICAL DATA (WS FORM: F-6)
STATION: TROY
MONTH: NOVEMBER
YEAR: 2021
LATITUDE: 31 51 N
LONGITUDE: 86 1 W
TEMPERATURE IN F: :PCPN: SNOW: WIND :SUNSHINE: SKY :PK WND
================================================================================
1 2 3 4 5 6A 6B 7 8 9 10 11 12 13 14 15 16 17 18
12Z AVG MX 2MIN
DY MAX MIN AVG DEP HDD CDD WTR SNW DPTH SPD SPD DIR MIN PSBL S-S WX SPD DR
================================================================================
1 75 44 60 1 5 0 0.00 0.0 0 1.9 12 20 M M 0 128 15 40
2 77 46 62 3 3 0 0.00 0.0 0 3.7 14 330 M M 1 128 18 330
3 71 48 60 1 5 0 0.00 0.0 0 3.7 10 340 M M 1 16 340
4 64 53 59 1 6 0 0.00 0.0 0 5.6 13 360 M M 7 16 350
5 61 46 54 -4 11 0 0.00 0.0 0 7.6 16 50 M M 3 21 50
6 66 40 53 -5 12 0 0.00 0.0 0 6.7 17 40 M M 0 23 30
7 71 34 53 -4 12 0 0.00 0.0 0 2.4 12 330 M M 0 16 320
8 77 36 57 0 8 0 0.00 0.0 0 1.6 8 10 M M 0 11 20
9 79 38 59 2 6 0 0.00 0.0 0 0.6 8 120 M M 0 1 12 110
10 79 43 61 5 4 0 0.00 0.0 0 1.1 10 220 M M 0 18 13 260
11 79 52 66 10 0 1 0.17 0.0 0 6.4 17 330 M M 7 1 24 200
12 75 46 61 5 4 0 0.00 0.0 0 2.1 12 340 M M 3 128 13 330
13 61 36 49 -7 16 0 0.00 0.0 0 5.7 17 340 M M 0 18 22 330
14 65 32 49 -6 16 0 0.00 0.0 0 1.7 13 330 M M 0 16 340
15 72 37 55 0 10 0 0.00 0.0 0 1.2 9 310 M M 0 14 50
16 76 40 58 3 7 0 0.00 0.0 0 0.5 9 200 M M 0 18 15 200
17 79 42 61 6 4 0 0.00 0.0 0 1.7 10 200 M M 0 18 13 200
18 81 48 65 11 0 0 0.00 0.0 0 4.9 21 340 M M 3 128 26 330
19 68 36 52 -2 13 0 0.00 0.0 0 5.9 14 40 M M 0 18 10
20 69 37 53 -1 12 0 0.00 0.0 0 5.1 13 80 M M 0 17 80
21 77 48 63 9 2 0 0.00 0.0 0 2.9 8 180 M M 1 11 110
22 65 44 55 1 10 0 0.23 0.0 0 8.0 17 350 M M 5 13 23 320
23 61 33 47 -6 18 0 0.00 0.0 0 4.2 12 360 M M 0 17 30
24 65 30 48 -5 17 0 0.00 0.0 0 1.9 15 120 M M 0 20 100
25 73 34 54 1 11 0 T 0.0 0 2.8 12 220 M M 2 17 210
26 62 35 49 -4 16 0 0.07 0.0 0 8.5 20 330 M M 3 18 24 20
27 65 31 48 -4 17 0 0.00 0.0 0 1.4 8 30 M M 0 9 20
28 54 39 47 -5 18 0 0.02 M 0 2.4 7 280 M M 6 18 11 290
29 62 32 47 -5 18 0 0.00 0.0 0 4.4 17 340 M M 1 18 21 340
30 70 31 51 -1 14 0 0.00 0.0 0 1.3 8 270 M M 0 11 270
================================================================================
SM 2099 1191 295 1 0.49 0.0 107.9 M 43
================================================================================
AV 70.0 39.7 3.6 FASTST M M 1 MAX(MPH)
MISC ----> 21 340 26 330
================================================================================
NOTES:
# LAST OF SEVERAL OCCURRENCES
COLUMN 17 PEAK WIND IN M.P.H.
PRELIMINARY LOCAL CLIMATOLOGICAL DATA (WS FORM: F-6) , PAGE 2
STATION: TROY
MONTH: NOVEMBER
YEAR: 2021
LATITUDE: 31 51 N
LONGITUDE: 86 1 W
[TEMPERATURE DATA] [PRECIPITATION DATA] SYMBOLS USED IN COLUMN 16
AVERAGE MONTHLY: 54.8 TOTAL FOR MONTH: 0.49 1 = FOG OR MIST
DPTR FM NORMAL: -0.4 DPTR FM NORMAL: -3.93 2 = FOG REDUCING VISIBILITY
HIGHEST: 81 ON 18 GRTST 24HR 0.23 ON 22-22 TO 1/4 MILE OR LESS
LOWEST: 30 ON 24 3 = THUNDER
SNOW, ICE PELLETS, HAIL 4 = ICE PELLETS
TOTAL MONTH: 0.0 INCH 5 = HAIL
GRTST 24HR 0.0 6 = FREEZING RAIN OR DRIZZLE
GRTST DEPTH: 0 7 = DUSTSTORM OR SANDSTORM:
VSBY 1/2 MILE OR LESS
8 = SMOKE OR HAZE
[NO. OF DAYS WITH] [WEATHER - DAYS WITH] 9 = BLOWING SNOW
X = TORNADO
MAX 32 OR BELOW: 0 0.01 INCH OR MORE: 4
MAX 90 OR ABOVE: 0 0.10 INCH OR MORE: 2
MIN 32 OR BELOW: 5 0.50 INCH OR MORE: 0
MIN 0 OR BELOW: 0 1.00 INCH OR MORE: 0
[HDD (BASE 65) ]
TOTAL THIS MO. 295 CLEAR (SCALE 0-3) 24
DPTR FM NORMAL -14 PTCLDY (SCALE 4-7) 6
TOTAL FM JUL 1 330 CLOUDY (SCALE 8-10) 0
DPTR FM NORMAL -72
[CDD (BASE 65) ]
TOTAL THIS MO. 1
DPTR FM NORMAL -16 [PRESSURE DATA]
TOTAL FM JAN 1 2508 HIGHEST SLP 30.40 ON 20
DPTR FM NORMAL 381 LOWEST SLP 29.93 ON 11
[REMARKS]
#FINAL-11-21#