000
CXUS51 KCLE 010800
CF6TOL
PRELIMINARY LOCAL CLIMATOLOGICAL DATA (WS FORM: F-6)
STATION: TOLEDO OH
MONTH: JUNE
YEAR: 2022
LATITUDE: 41 35 N
LONGITUDE: 83 48 W
TEMPERATURE IN F: :PCPN: SNOW: WIND :SUNSHINE: SKY :PK WND
================================================================================
1 2 3 4 5 6A 6B 7 8 9 10 11 12 13 14 15 16 17 18
12Z AVG MX 2MIN
DY MAX MIN AVG DEP HDD CDD WTR SNW DPTH SPD SPD DIR MIN PSBL S-S WX SPD DR
================================================================================
1 87 68 78 11 0 13 T 0.0 0 9.0 18 320 M M 3 25 290
2 79 59 69 1 0 4 T 0.0 0 5.1 13 300 M M 4 15 300
3 85 50 68 0 0 3 0.00 0.0 0 9.3 24 280 M M 1 31 250
4 77 49 63 -5 2 0 0.00 0.0 0 4.2 17 70 M M 3 21 80
5 85 58 72 3 0 7 T 0.0 0 4.9 18 60 M M 6 23 70
6 87 60 74 5 0 9 0.26 0.0 0 5.9 25 260 M M 5 38 34 250
7 76 59 68 -1 0 3 0.21 0.0 0 8.1 17 310 M M 6 13 23 310
8 75 55 65 -5 0 0 0.92 0.0 0 6.9 21 60 M M 4 1 25 50
9 76 57 67 -3 0 2 0.00 0.0 0 8.4 20 260 M M 6 23 250
10 82 52 67 -3 0 2 0.00 0.0 0 5.3 16 250 M M 4 22 250
11 80 59 70 -1 0 5 0.00 0.0 0 5.8 15 230 M M 3 19 200
12 86 66 76 5 0 11 0.00 0.0 0 6.7 14 240 M M 5 19 240
13 87 67 77 6 0 12 0.96 0.0 0 9.4 33 320 M M 2 13 44 320
14 87 69 78 6 0 13 0.45 0.0 0 5.9 28 340 M M 5 38 40 330
15 98 70 84 12 0 19 0.00 0.0 0 7.1 16 210 M M 0 18 23 220
16 96 77 87 15 0 22 0.07 0.0 0 11.8 23 250 M M 1 28 240
17 86 68 77 5 0 12 0.00 0.0 0 12.0 23 290 M M 0 30 280
18 77 56 67 -5 0 2 0.00 0.0 0 9.3 24 30 M M 0 32 20
19 81 51 66 -7 0 1 0.00 0.0 0 2.8 9 240 M M 0 17 210
20 90 63 77 4 0 12 T 0.0 0 6.0 16 260 M M 1 22 280
21 100 61 81 8 0 16 0.00 0.0 0 8.6 21 240 M M 0 26 230
22 94 74 84 10 0 19 0.00 0.0 0 10.9 18 290 M M 0 24 300
23 86 62 74 0 0 9 0.00 0.0 0 4.8 12 320 M M 0 17 20
24 90 58 74 0 0 9 0.00 0.0 0 2.2 8 230 M M 0 12 200
25 92 60 76 2 0 11 0.00 0.0 0 2.6 14 240 M M 1 17 250
26 87 69 78 4 0 13 0.12 0.0 0 9.2 21 280 M M 5 27 280
27 80 61 71 -3 0 6 0.00 0.0 0 9.2 20 330 M M 1 25 290
28 83 52 68 -7 0 3 0.00 0.0 0 2.4 9 200 M M 0 12 250
29 88 56 72 -3 0 7 0.00 0.0 0 3.5 13 240 M M 2 20 250
30 94 64 79 4 0 14 0.00 0.0 0 7.3 17 240 M M 0 23 240
================================================================================
SM 2571 1830 2 259 2.99 0.0 204.6 M 68
================================================================================
AV 85.7 61.0 6.8 FASTST M M 2 MAX(MPH)
MISC ----> 33 320 44 320
================================================================================
NOTES:
# LAST OF SEVERAL OCCURRENCES
COLUMN 17 PEAK WIND IN M.P.H.
PRELIMINARY LOCAL CLIMATOLOGICAL DATA (WS FORM: F-6) , PAGE 2
STATION: TOLEDO OH
MONTH: JUNE
YEAR: 2022
LATITUDE: 41 35 N
LONGITUDE: 83 48 W
[TEMPERATURE DATA] [PRECIPITATION DATA] SYMBOLS USED IN COLUMN 16
AVERAGE MONTHLY: 73.4 TOTAL FOR MONTH: 2.99 1 = FOG OR MIST
DPTR FM NORMAL: 1.8 DPTR FM NORMAL: -0.46 2 = FOG REDUCING VISIBILITY
HIGHEST: 100 ON 21 GRTST 24HR 1.41 ON 13-14 TO 1/4 MILE OR LESS
LOWEST: 49 ON 4 3 = THUNDER
SNOW, ICE PELLETS, HAIL 4 = ICE PELLETS
TOTAL MONTH: 0.0 INCH 5 = HAIL
GRTST 24HR 0.0 6 = FREEZING RAIN OR DRIZZLE
GRTST DEPTH: 0 7 = DUSTSTORM OR SANDSTORM:
VSBY 1/2 MILE OR LESS
8 = SMOKE OR HAZE
[NO. OF DAYS WITH] [WEATHER - DAYS WITH] 9 = BLOWING SNOW
X = TORNADO
MAX 32 OR BELOW: 0 0.01 INCH OR MORE: 7
MAX 90 OR ABOVE: 8 0.10 INCH OR MORE: 6
MIN 32 OR BELOW: 0 0.50 INCH OR MORE: 2
MIN 0 OR BELOW: 0 1.00 INCH OR MORE: 0
[HDD (BASE 65) ]
TOTAL THIS MO. 2 CLEAR (SCALE 0-3) 17
DPTR FM NORMAL -18 PTCLDY (SCALE 4-7) 13
TOTAL FM JUL 1 5317 CLOUDY (SCALE 8-10) 0
DPTR FM NORMAL -321
[CDD (BASE 65) ]
TOTAL THIS MO. 259
DPTR FM NORMAL 41 [PRESSURE DATA]
TOTAL FM JAN 1 414 HIGHEST SLP 30.31 ON 19
DPTR FM NORMAL 115 LOWEST SLP 29.68 ON 7
[REMARKS]
#FINAL-06-22#