000
CXUS51 KCLE 010800
CF6TOL
PRELIMINARY LOCAL CLIMATOLOGICAL DATA (WS FORM: F-6)
STATION: TOLEDO OH
MONTH: SEPTEMBER
YEAR: 2020
LATITUDE: 41 35 N
LONGITUDE: 83 48 W
TEMPERATURE IN F: :PCPN: SNOW: WIND :SUNSHINE: SKY :PK WND
================================================================================
1 2 3 4 5 6A 6B 7 8 9 10 11 12 13 14 15 16 17 18
12Z AVG MX 2MIN
DY MAX MIN AVG DEP HDD CDD WTR SNW DPTH SPD SPD DIR MIN PSBL S-S WX SPD DR
================================================================================
1 86 62 74 5 0 9 0.01 0.0 0 3.9 12 190 M M 3 1 18 190
2 84 62 73 4 0 8 T 0.0 0 7.9 20 300 M M 5 25 260
3 88 60 74 5 0 9 0.00 0.0 0 8.3 23 250 M M 2 12 28 250
4 78 54 66 -2 0 1 0.00 0.0 0 7.6 20 300 M M 0 26 280
5 85 55 70 2 0 5 0.00 0.0 0 7.8 30 240 M M 4 39 250
6 75 53 64 -4 1 0 0.01 0.0 0 4.8 18 200 M M 2 1 27 210
7 81 70 76 8 0 11 0.08 0.0 0 8.8 24 220 M M 6 13 33 210
8 86 62 74 7 0 9 0.78 0.0 0 7.9 18 360 M M 8 138 23 10
9 76 60 68 1 0 3 0.00 0.0 0 6.8 10 80 M M 9 128 13 340
10 70 62 66 0 0 1 T 0.0 0 7.2 14 40 M M 10 18 16 40
11 70 58 64 -2 1 0 0.00 0.0 0 9.2 20 40 M M 5 24 70
12 82 56 69 3 0 4 0.00 0.0 0 3.5 9 210 M M 1 13 210
13 80 61 71 6 0 6 0.27 0.0 0 8.1 18 270 M M 4 18 23 260
14 71 52 62 -3 3 0 0.00 0.0 0 4.8 12 70 M M 0 14 60
15 73 47 60 -5 5 0 0.00 0.0 0 2.9 10 220 M M 0 15 210
16 78 49 64 0 1 0 0.00 0.0 0 4.2 14 250 M M 0 18 260
17 73 56 65 1 0 0 T 0.0 0 9.4 17 40 M M 7 23 40
18 66 46 56 -7 9 0 0.00 0.0 0 9.4 20 20 M M 1 26 40
19 67 41 54 -9 11 0 0.00 0.0 0 4.7 13 80 M M 0 17 90
20 69 41 55 -7 10 0 0.00 0.0 0 4.9 18 60 M M 0 23 60
21 74 41 58 -4 7 0 0.00 0.0 0 1.8 8 90 M M 0 12 90
22 77 43 60 -2 5 0 0.00 0.0 0 2.1 10 240 M M 0 1 14 250
23 82 50 66 5 0 1 0.00 0.0 0 5.3 16 250 M M 0 19 270
24 81 55 68 7 0 3 0.00 0.0 0 4.5 13 240 M M 0 18 250
25 84 50 67 7 0 2 0.00 0.0 0 2.5 14 70 M M 0 1 17 70
26 82 55 69 9 0 4 0.00 0.0 0 7.4 20 220 M M 0 1 27 210
27 84 63 74 15 0 9 0.00 0.0 0 8.7 17 310 M M 3 27 290
28 67 53 60 1 5 0 0.10 0.0 0 6.3 17 270 M M 7 18 22 250
29 65 47 56 -2 9 0 0.00 0.0 0 6.2 13 260 M M 3 1 16 260
30 67 49 58 0 7 0 0.03 0.0 0 13.5 35 270 M M 4 46 270
================================================================================
SM 2301 1613 74 85 1.28 0.0 190.4 M 84
================================================================================
AV 76.7 53.8 6.3 FASTST M M 3 MAX(MPH)
MISC ----> 35 270 46 270
================================================================================
NOTES:
# LAST OF SEVERAL OCCURRENCES
COLUMN 17 PEAK WIND IN M.P.H.
PRELIMINARY LOCAL CLIMATOLOGICAL DATA (WS FORM: F-6) , PAGE 2
STATION: TOLEDO OH
MONTH: SEPTEMBER
YEAR: 2020
LATITUDE: 41 35 N
LONGITUDE: 83 48 W
[TEMPERATURE DATA] [PRECIPITATION DATA] SYMBOLS USED IN COLUMN 16
AVERAGE MONTHLY: 65.2 TOTAL FOR MONTH: 1.28 1 = FOG OR MIST
DPTR FM NORMAL: 1.1 DPTR FM NORMAL: -1.50 2 = FOG REDUCING VISIBILITY
HIGHEST: 88 ON 3 GRTST 24HR 0.78 ON 7- 8 TO 1/4 MILE OR LESS
LOWEST: 41 ON 21,20 3 = THUNDER
SNOW, ICE PELLETS, HAIL 4 = ICE PELLETS
TOTAL MONTH: 0.0 INCH 5 = HAIL
GRTST 24HR 0.0 6 = FREEZING RAIN OR DRIZZLE
GRTST DEPTH: 0 7 = DUSTSTORM OR SANDSTORM:
VSBY 1/2 MILE OR LESS
8 = SMOKE OR HAZE
[NO. OF DAYS WITH] [WEATHER - DAYS WITH] 9 = BLOWING SNOW
X = TORNADO
MAX 32 OR BELOW: 0 0.01 INCH OR MORE: 7
MAX 90 OR ABOVE: 0 0.10 INCH OR MORE: 3
MIN 32 OR BELOW: 0 0.50 INCH OR MORE: 1
MIN 0 OR BELOW: 0 1.00 INCH OR MORE: 0
[HDD (BASE 65) ]
TOTAL THIS MO. 74 CLEAR (SCALE 0-3) 18
DPTR FM NORMAL -36 PTCLDY (SCALE 4-7) 10
TOTAL FM JUL 1 74 CLOUDY (SCALE 8-10) 2
DPTR FM NORMAL -50
[CDD (BASE 65) ]
TOTAL THIS MO. 85
DPTR FM NORMAL 3 [PRESSURE DATA]
TOTAL FM JAN 1 1110 HIGHEST SLP 30.50 ON 20
DPTR FM NORMAL 326 LOWEST SLP 29.56 ON 30
[REMARKS]
#FINAL-09-20#